|FAILURE| [GIT MASTER] 1e1f6d551be99b66b7d2e0a937a6e8a7aa8f1f1d

dpdklab at iol.unh.edu dpdklab at iol.unh.edu
Fri Mar 8 15:57:26 CET 2024


_Testing issues_

Branch: 21.11-staging

1e1f6d551be99b66b7d2e0a937a6e8a7aa8f1f1d --> testing fail

Test environment and result as below:

+---------------------+----------------+
|     Environment     | dpdk_unit_test |
+=====================+================+
| Windows Server 2019 | PASS           |
+---------------------+----------------+
| CentOS Stream 8     | PASS           |
+---------------------+----------------+
| Debian 12 (arm)     | FAIL           |
+---------------------+----------------+

==== 20 line log output for Debian 12 (arm) (dpdk_unit_test): ====
Installing symlink pointing to librte_baseband_null.so.22 to /usr/local/lib/x86_64-linux-gnu/dpdk/pmds-22.0/librte_baseband_null.so
Installing symlink pointing to librte_baseband_turbo_sw.so.22.0 to /usr/local/lib/x86_64-linux-gnu/dpdk/pmds-22.0/librte_baseband_turbo_sw.so.22
Installing symlink pointing to librte_baseband_turbo_sw.so.22 to /usr/local/lib/x86_64-linux-gnu/dpdk/pmds-22.0/librte_baseband_turbo_sw.so
Running custom install script '/bin/sh /home-local/jenkins-local/jenkins-agent/workspace/Generic-Unit-Test-DPDK/dpdk/config/../buildtools/symlink-drivers-solibs.sh lib/x86_64-linux-gnu dpdk/pmds-22.0'
ninja: no work to do.
ninja: Entering directory `/home-local/jenkins-local/jenkins-agent/workspace/Generic-Unit-Test-DPDK/dpdk/build'
ninja: no work to do.
1/2 DPDK:driver-tests / cryptodev_openssl_autotest      FAIL               1.96s   (exit status 255 or signal 127 SIGinvalid)
>>> DPDK_TEST=cryptodev_openssl_autotest MALLOC_PERTURB_=122 /home-local/jenkins-local/jenkins-agent/workspace/Generic-Unit-Test-DPDK/dpdk/build/app/test/dpdk-test --vdev crypto_openssl

2/2 DPDK:driver-tests / cryptodev_openssl_asym_autotest OK                 0.40s

Ok:                 1
Expected Fail:      0
Fail:               1
Unexpected Pass:    0
Skipped:            0
Timeout:            0

Full log written to /home-local/jenkins-local/jenkins-agent/workspace/Generic-Unit-Test-DPDK/dpdk/build/meson-logs/testlog.txt
==== End log output ====

Windows Server 2019
	Kernel: 10.0
	Compiler: clang 14.0 and gcc 8.1.0 (MinGW)

CentOS Stream 8
	Kernel: 4.18.0-240.10.1.el8_3.x86_64
	Compiler: gcc 8.4.1 20200928

Debian 12 (arm)
	Kernel: Container Host Kernel
	Compiler: gcc 11

To view detailed results, visit:
https://lab.dpdk.org/results/dashboard/tarballs/28395/

UNH-IOL DPDK Community Lab

To manage your email subscriptions, visit: 
https://lab.dpdk.org/results/dashboard/preferences/subscriptions/


More information about the test-report mailing list