|FAILURE| pw138153-138157 [PATCH] [v9,5/5] test: add unit test for p
dpdklab at iol.unh.edu
dpdklab at iol.unh.edu
Mon Mar 11 16:44:53 CET 2024
Test-Label: iol-unit-arm64-testing
Test-Status: FAILURE
http://dpdk.org/patch/138157
_Testing issues_
Submitter: Paul Szczepanek <paul.szczepanek at arm.com>
Date: Monday, March 11 2024 14:47:06
DPDK git baseline: Repo:dpdk
Branch: master
CommitID:a86f381b826660e88794754c41d3aec79ce9b87c
138153-138157 --> testing fail
Test environment and result as below:
+--------------------------+----------------+---------------------------+------------------------------+--------------+
| Environment | dpdk_unit_test | cryptodev_sw_zuc_autotest | cryptodev_sw_snow3g_autotest | lpm_autotest |
+==========================+================+===========================+==============================+==============+
| Debian 11 (Buster) (ARM) | FAIL | SKIPPED | SKIPPED | SKIPPED |
+--------------------------+----------------+---------------------------+------------------------------+--------------+
| Debian 12 (arm) | FAIL | FAIL | FAIL | SKIPPED |
+--------------------------+----------------+---------------------------+------------------------------+--------------+
| CentOS Stream 9 (ARM) | FAIL | SKIPPED | SKIPPED | SKIPPED |
+--------------------------+----------------+---------------------------+------------------------------+--------------+
| Fedora 37 (ARM) | FAIL | SKIPPED | SKIPPED | SKIPPED |
+--------------------------+----------------+---------------------------+------------------------------+--------------+
| Fedora 38 (ARM) | FAIL | SKIPPED | SKIPPED | SKIPPED |
+--------------------------+----------------+---------------------------+------------------------------+--------------+
| Ubuntu 20.04 (ARM) | FAIL | SKIPPED | SKIPPED | SKIPPED |
+--------------------------+----------------+---------------------------+------------------------------+--------------+
| Ubuntu 20.04 ARM SVE | SKIPPED | SKIPPED | SKIPPED | PASS |
+--------------------------+----------------+---------------------------+------------------------------+--------------+
==== 20 line log output for Ubuntu 20.04 (ARM) (dpdk_unit_test): ====
'./librte_vdpa_nfp.so.24' -> 'dpdk/pmds-24.1/librte_vdpa_nfp.so.24'
'./librte_vdpa_nfp.so.24.1' -> 'dpdk/pmds-24.1/librte_vdpa_nfp.so.24.1'
'./librte_vdpa_sfc.so' -> 'dpdk/pmds-24.1/librte_vdpa_sfc.so'
'./librte_vdpa_sfc.so.24' -> 'dpdk/pmds-24.1/librte_vdpa_sfc.so.24'
'./librte_vdpa_sfc.so.24.1' -> 'dpdk/pmds-24.1/librte_vdpa_sfc.so.24.1'
Installing /home-local/jenkins-local/jenkins-agent/workspace/Generic-Unit-Test-DPDK/dpdk/drivers/crypto/scheduler/rte_cryptodev_scheduler.h to /usr/local/include
Installing /home-local/jenkins-local/jenkins-agent/workspace/Generic-Unit-Test-DPDK/dpdk/drivers/crypto/scheduler/rte_cryptodev_scheduler_operations.h to /usr/local/include
Installing /home-local/jenkins-local/jenkins-agent/workspace/Generic-Unit-Test-DPDK/dpdk/drivers/event/cnxk/rte_pmd_cnxk_eventdev.h to /usr/local/include
Installing /home-local/jenkins-local/jenkins-agent/workspace/Generic-Unit-Test-DPDK/dpdk/drivers/baseband/acc/rte_acc_cfg.h to /usr/local/include
Installing /home-local/jenkins-local/jenkins-agent/workspace/Generic-Unit-Test-DPDK/dpdk/drivers/baseband/fpga_5gnr_fec/rte_pmd_fpga_5gnr_fec.h to /usr/local/include
Installing /home-local/jenkins-local/jenkins-agent/workspace/Generic-Unit-Test-DPDK/dpdk/buildtools/dpdk-cmdline-gen.py to /usr/local/bin
Installing /home-local/jenkins-local/jenkins-agent/workspace/Generic-Unit-Test-DPDK/dpdk/usertools/dpdk-devbind.py to /usr/local/bin
Installing /home-local/jenkins-local/jenkins-agent/workspace/Generic-Unit-Test-DPDK/dpdk/usertools/dpdk-pmdinfo.py to /usr/local/bin
Installing /home-local/jenkins-local/jenkins-agent/workspace/Generic-Unit-Test-DPDK/dpdk/usertools/dpdk-telemetry.py to /usr/local/bin
Installing /home-local/jenkins-local/jenkins-agent/workspace/Generic-Unit-Test-DPDK/dpdk/usertools/dpdk-hugepages.py to /usr/local/bin
Installing /home-local/jenkins-local/jenkins-agent/workspace/Generic-Unit-Test-DPDK/dpdk/usertools/dpdk-rss-flows.py to /usr/local/bin
Installing /home-local/jenkins-local/jenkins-agent/workspace/Generic-Unit-Test-DPDK/dpdk/build/rte_build_config.h to /usr/local/include
Installing /home-local/jenkins-local/jenkins-agent/workspace/Generic-Unit-Test-DPDK/dpdk/build/meson-private/libdpdk-libs.pc to /usr/local/lib/aarch64-linux-gnu/pkgconfig
Installing /home-local/jenkins-local/jenkins-agent/workspace/Generic-Unit-Test-DPDK/dpdk/build/meson-private/libdpdk.pc to /usr/local/lib/aarch64-linux-gnu/pkgconfig
Running custom install script '/bin/sh /home-local/jenkins-local/jenkins-agent/workspace/Generic-Unit-Test-DPDK/dpdk/config/../buildtools/symlink-drivers-solibs.sh lib/aarch64-linux-gnu dpdk/pmds-24.1'
==== End log output ====
Debian 11 (Buster) (ARM)
Kernel: Container Host Kernel
Compiler: gcc 10.2.1
Debian 12 (arm)
Kernel: Container Host Kernel
Compiler: gcc 11
CentOS Stream 9 (ARM)
Kernel: Container Host Kernel
Compiler: gcc 11.3.1
Fedora 37 (ARM)
Kernel: Depends on container host
Compiler: gcc 12.3.1
Fedora 38 (ARM)
Kernel: Depends on container host
Compiler: gcc 13.1.1
Ubuntu 20.04 (ARM)
Kernel: Container Host Kernel
Compiler: gcc 9.4.0
Ubuntu 20.04 ARM SVE
Kernel: 5.4.0-80-generic
Compiler: gcc 10.3.0 (Ubuntu 10.3.0-1ubuntu1~20.04)
To view detailed results, visit:
https://lab.dpdk.org/results/dashboard/patchsets/29500/
UNH-IOL DPDK Community Lab
To manage your email subscriptions, visit:
https://lab.dpdk.org/results/dashboard/preferences/subscriptions/
More information about the test-report
mailing list