|WARNING| pw138283 [PATCH] test-pmd: add more packet decode options

dpdklab at iol.unh.edu dpdklab at iol.unh.edu
Wed Mar 13 01:48:19 CET 2024


Test-Label: iol-compile-amd64-testing
Test-Status: WARNING
http://dpdk.org/patch/138283

_Testing issues_

Submitter: Stephen Hemminger <stephen at networkplumber.org>
Date: Tuesday, March 12 2024 22:01:27 
DPDK git baseline: Repo:dpdk
  Branch: master
  CommitID:544d6d79a6ff0964a79a57efb102e87fdbd107d9

138283 --> testing fail

Test environment and result as below:

+---------------------+--------------------+----------------------+
|     Environment     | dpdk_meson_compile | dpdk_mingw64_compile |
+=====================+====================+======================+
| Windows Server 2022 | PASS               | SKIPPED              |
+---------------------+--------------------+----------------------+
| FreeBSD 13.2        | PASS               | SKIPPED              |
+---------------------+--------------------+----------------------+
| Debian Bullseye     | PASS               | SKIPPED              |
+---------------------+--------------------+----------------------+
| Debian 12 (arm)     | PASS               | SKIPPED              |
+---------------------+--------------------+----------------------+
| CentOS Stream 9     | PASS               | SKIPPED              |
+---------------------+--------------------+----------------------+
| CentOS Stream 8     | PASS               | SKIPPED              |
+---------------------+--------------------+----------------------+
| openSUSE Leap 15    | PASS               | SKIPPED              |
+---------------------+--------------------+----------------------+
| Fedora 37           | PASS               | SKIPPED              |
+---------------------+--------------------+----------------------+
| Fedora 38           | PASS               | SKIPPED              |
+---------------------+--------------------+----------------------+
| RHEL8               | PASS               | SKIPPED              |
+---------------------+--------------------+----------------------+
| Ubuntu 22.04        | PASS               | SKIPPED              |
+---------------------+--------------------+----------------------+
| Alpine              | PASS               | SKIPPED              |
+---------------------+--------------------+----------------------+
| Ubuntu 20.04        | PASS               | SKIPPED              |
+---------------------+--------------------+----------------------+
| Windows Server 2019 | SKIPPED            | FAIL                 |
+---------------------+--------------------+----------------------+

==== 20 line log output for Windows Server 2019 (dpdk_mingw64_compile): ====
from ../app/test-pmd/util.c:9:
C:/mingw64/mingw64/x86_64-w64-mingw32/include/ws2tcpip.h:447:63: note: expected 'PVOID' {aka 'void *'} but argument is of type 'const uint8_t *' {aka 'const unsigned char *'}
WINSOCK_API_LINKAGE LPCSTR WSAAPI InetNtopA(INT Family, PVOID pAddr, LPSTR pStringBuf, size_t StringBufSize);
~~~~~~^~~~~
../app/test-pmd/util.c:493:29: error: passing argument 2 of 'inet_ntop' discards 'const' qualifier from pointer target type [-Werror=discarded-qualifiers]
inet_ntop(AF_INET6, ip6_hdr->dst_addr, dbuf, sizeof(dbuf));
~~~~~~~^~~~~~~~~~
In file included from ..\lib\net/rte_ip.h:21,
from ..\lib\net/rte_net.h:12,
from ../app/test-pmd/util.c:9:
C:/mingw64/mingw64/x86_64-w64-mingw32/include/ws2tcpip.h:447:63: note: expected 'PVOID' {aka 'void *'} but argument is of type 'const uint8_t *' {aka 'const unsigned char *'}
WINSOCK_API_LINKAGE LPCSTR WSAAPI InetNtopA(INT Family, PVOID pAddr, LPSTR pStringBuf, size_t StringBufSize);
~~~~~~^~~~~
cc1.exe: all warnings being treated as errors
[333/745] Compiling C object app/dpdk-test.exe.p/test_test_bitmap.c.obj
[334/745] Linking static target lib/librte_cmdline.a
[335/745] Linking target lib/librte_cmdline-24.dll
[336/745] Compiling C object app/dpdk-testpmd.exe.p/test-pmd_cmdline_flow.c.obj
[337/745] Compiling C object app/dpdk-test.exe.p/test_test_cryptodev.c.obj
ninja: build stopped: subcommand failed.
==== End log output ====

Windows Server 2022
	Kernel: OS Build 20348.2031
	Compiler: MSVC VS-Preview

FreeBSD 13.2
	Kernel: 13.2
	Compiler: clang 11.3.0

Debian Bullseye
	Kernel: 5.4.0-122-generic
	Compiler: gcc 10.2.1-6

Debian 12 (arm)
	Kernel: Container Host Kernel
	Compiler: gcc 11

CentOS Stream 9
	Kernel: 4.18.0-240.10.1.el8_3.x86_64
	Compiler: gcc 11.3.1 20220421

CentOS Stream 8
	Kernel: 4.18.0-240.10.1.el8_3.x86_64
	Compiler: gcc 8.4.1 20200928

openSUSE Leap 15
	Kernel: 4.18.0-240.10.1.el8_3.x86_64
	Compiler: gcc 7.5.0

Fedora 37
	Kernel: Depends on container host system
	Compiler: gcc 12.3.1

Fedora 38
	Kernel: Depends on container host
	Compiler: gcc 13.1.1

RHEL8
	Kernel: 4.18.0-240.10.1.el8_3.x86_64
	Compiler: gcc 8.3.1 20191121 (Red Hat 8.3.1-5)

Ubuntu 22.04
	Kernel: 4.18.0-240.10.1.el8_3.x86_64
	Compiler: gcc 11.3.0

Alpine
	Kernel: 5.4.0-73-generic
	Compiler: gcc (Alpine 10.3.1_git20210424) 10.3.1 20210424

Ubuntu 20.04
	Kernel: 5.4.0-153-generic
	Compiler: gcc 9.4.0-1ubuntu1~20.04.1

Windows Server 2019
	Kernel: 10.0
	Compiler: clang 14.0 and gcc 8.1.0 (MinGW)

To view detailed results, visit:
https://lab.dpdk.org/results/dashboard/patchsets/29528/

UNH-IOL DPDK Community Lab

To manage your email subscriptions, visit: 
https://lab.dpdk.org/results/dashboard/preferences/subscriptions/


More information about the test-report mailing list