|FAILURE| [GIT MASTER] 8f34999c2489bcae2182266810009b77c532f17e

dpdklab at iol.unh.edu dpdklab at iol.unh.edu
Sun Mar 17 06:22:53 CET 2024


_Testing issues_

Branch: tags/v21.11

8f34999c2489bcae2182266810009b77c532f17e --> testing fail

Test environment and result as below:

+------------------+----------------+
|   Environment    | dpdk_unit_test |
+==================+================+
| CentOS Stream 9  | FAIL           |
+------------------+----------------+
| CentOS Stream 8  | PASS           |
+------------------+----------------+
| Debian Bullseye  | PASS           |
+------------------+----------------+
| Debian 12 (arm)  | FAIL           |
+------------------+----------------+
| RHEL 7           | PASS           |
+------------------+----------------+
| openSUSE Leap 15 | PASS           |
+------------------+----------------+
| Ubuntu 20.04     | PASS           |
+------------------+----------------+

==== 20 line log output for Debian 12 (arm) (dpdk_unit_test): ====
Installing symlink pointing to librte_baseband_null.so.22 to /usr/local/lib/x86_64-linux-gnu/dpdk/pmds-22.0/librte_baseband_null.so
Installing symlink pointing to librte_baseband_turbo_sw.so.22.0 to /usr/local/lib/x86_64-linux-gnu/dpdk/pmds-22.0/librte_baseband_turbo_sw.so.22
Installing symlink pointing to librte_baseband_turbo_sw.so.22 to /usr/local/lib/x86_64-linux-gnu/dpdk/pmds-22.0/librte_baseband_turbo_sw.so
Running custom install script '/bin/sh /home-local/jenkins-local/jenkins-agent/workspace/Generic-Unit-Test-DPDK/dpdk/config/../buildtools/symlink-drivers-solibs.sh lib/x86_64-linux-gnu dpdk/pmds-22.0'
ninja: no work to do.
ninja: Entering directory `/home-local/jenkins-local/jenkins-agent/workspace/Generic-Unit-Test-DPDK/dpdk/build'
ninja: no work to do.
1/2 DPDK:driver-tests / cryptodev_openssl_autotest      FAIL               0.49s   (exit status 255 or signal 127 SIGinvalid)
>>> MALLOC_PERTURB_=195 DPDK_TEST=cryptodev_openssl_autotest /home-local/jenkins-local/jenkins-agent/workspace/Generic-Unit-Test-DPDK/dpdk/build/app/test/dpdk-test --vdev crypto_openssl

2/2 DPDK:driver-tests / cryptodev_openssl_asym_autotest OK                 0.15s

Ok:                 1
Expected Fail:      0
Fail:               1
Unexpected Pass:    0
Skipped:            0
Timeout:            0

Full log written to /home-local/jenkins-local/jenkins-agent/workspace/Generic-Unit-Test-DPDK/dpdk/build/meson-logs/testlog.txt
==== End log output ====

CentOS Stream 9
	Kernel: 4.18.0-240.10.1.el8_3.x86_64
	Compiler: gcc 11.3.1 20220421

CentOS Stream 8
	Kernel: 4.18.0-240.10.1.el8_3.x86_64
	Compiler: gcc 8.4.1 20200928

Debian Bullseye
	Kernel: 5.4.0-122-generic
	Compiler: gcc 10.2.1-6

Debian 12 (arm)
	Kernel: Container Host Kernel
	Compiler: gcc 11

RHEL 7
	Kernel: 4.18.0-240.10.1.el8_3.x86_64
	Compiler: gcc 4.8.5 20150623 (Red Hat 4.8.5-44)

openSUSE Leap 15
	Kernel: 4.18.0-240.10.1.el8_3.x86_64
	Compiler: gcc 7.5.0

Ubuntu 20.04
	Kernel: 5.4.0-153-generic
	Compiler: gcc 9.4.0-1ubuntu1~20.04.1

To view detailed results, visit:
https://lab.dpdk.org/results/dashboard/tarballs/28516/

UNH-IOL DPDK Community Lab

To manage your email subscriptions, visit: 
https://lab.dpdk.org/results/dashboard/preferences/subscriptions/


More information about the test-report mailing list