|FAILURE| pw138464 [PATCH] net/mlx5: fix sync meter action
dpdklab at iol.unh.edu
dpdklab at iol.unh.edu
Mon Mar 18 21:31:45 CET 2024
Test-Label: iol-unit-amd64-testing
Test-Status: FAILURE
http://dpdk.org/patch/138464
_Testing issues_
Submitter: Gregory Etelson <getelson at nvidia.com>
Date: Monday, March 18 2024 18:10:45
DPDK git baseline: Repo:dpdk
Branch: master
CommitID:478ca87cba284417f4575060ce02d94aa4991307
138464 --> testing fail
Test environment and result as below:
+---------------------+----------------+
| Environment | dpdk_unit_test |
+=====================+================+
| Windows Server 2019 | PASS |
+---------------------+----------------+
| Debian 11 (arm) | FAIL |
+---------------------+----------------+
| CentOS Stream 9 | PASS |
+---------------------+----------------+
| Debian Bullseye | PASS |
+---------------------+----------------+
| CentOS Stream 8 | PASS |
+---------------------+----------------+
| Fedora 37 | PASS |
+---------------------+----------------+
| openSUSE Leap 15 | PASS |
+---------------------+----------------+
| Fedora 38 | PASS |
+---------------------+----------------+
| RHEL8 | PASS |
+---------------------+----------------+
| Ubuntu 20.04 | PASS |
+---------------------+----------------+
| Ubuntu 22.04 | PASS |
+---------------------+----------------+
==== 20 line log output for Debian 11 (arm) (dpdk_unit_test): ====
102/112 DPDK:fast-tests / telemetry_data_autotest OK 0.18s
103/112 DPDK:fast-tests / telemetry_json_autotest OK 0.17s
104/112 DPDK:fast-tests / thash_autotest OK 0.18s
105/112 DPDK:fast-tests / threads_autotest OK 0.34s
106/112 DPDK:fast-tests / ticketlock_autotest OK 0.19s
107/112 DPDK:fast-tests / timer_autotest OK 2.50s
108/112 DPDK:fast-tests / trace_autotest OK 0.18s
109/112 DPDK:fast-tests / trace_autotest_with_traces OK 0.18s
110/112 DPDK:fast-tests / vdev_autotest OK 0.17s
111/112 DPDK:fast-tests / version_autotest OK 0.17s
112/112 DPDK:fast-tests / telemetry_all SKIP 0.01s exit status 77
Ok: 101
Expected Fail: 0
Fail: 1
Unexpected Pass: 0
Skipped: 10
Timeout: 0
Full log written to /home-local/jenkins-local/jenkins-agent/workspace/Generic-Unit-Test-DPDK/dpdk/build/meson-logs/testlog.txt
==== End log output ====
Windows Server 2019
Kernel: 10.0.17763
Compiler: clang 14.0 and gcc 8.1.0 (MinGW)
Debian 11 (arm)
Kernel: Container Host Kernel
Compiler: gcc 10.2.1
CentOS Stream 9
Kernel: 5.4.0-167-generic
Compiler: gcc 11.4.1 20230605
Debian Bullseye
Kernel: 5.4.0-167-generic
Compiler: gcc 10.2.1-6
CentOS Stream 8
Kernel: 5.4.0-167-generic
Compiler: gcc 8.5.0 20210514
Fedora 37
Kernel: Depends on container host system
Compiler: gcc 12.3.1
openSUSE Leap 15
Kernel: 4.18.0-240.10.1.el8_3.x86_64
Compiler: gcc 7.5.0
Fedora 38
Kernel: Depends on container host
Compiler: gcc 13.2.1
RHEL8
Kernel: 4.18.0-240.10.1.el8_3.x86_64
Compiler: gcc 8.3.1 20191121 (Red Hat 8.3.1-5)
Ubuntu 20.04
Kernel: 5.4.0-153-generic
Compiler: gcc 9.4.0-1ubuntu1~20.04.1
Ubuntu 22.04
Kernel: 4.18.0-240.10.1.el8_3.x86_64
Compiler: gcc 11.3.0
To view detailed results, visit:
https://lab.dpdk.org/results/dashboard/patchsets/29585/
UNH-IOL DPDK Community Lab
To manage your email subscriptions, visit:
https://lab.dpdk.org/results/dashboard/preferences/subscriptions/
More information about the test-report
mailing list