|FAILURE| pw138477 [PATCH] graph: fix head move when graph walk in m

dpdklab at iol.unh.edu dpdklab at iol.unh.edu
Tue Mar 19 08:24:58 CET 2024


Test-Label: iol-unit-arm64-testing
Test-Status: FAILURE
http://dpdk.org/patch/138477

_Testing issues_

Submitter: Jingjing Wu <jingjing.wu at intel.com>
Date: Tuesday, March 19 2024 14:14:54 
DPDK git baseline: Repo:dpdk
  Branch: master
  CommitID:80ecef6d1f71fcebc0a51d7cabc51f73ee142ff2

138477 --> testing fail

Test environment and result as below:

+--------------------------+---------------------------+------------------------------+--------------+----------------+
|       Environment        | cryptodev_sw_zuc_autotest | cryptodev_sw_snow3g_autotest | lpm_autotest | dpdk_unit_test |
+==========================+===========================+==============================+==============+================+
| Debian 12 (arm)          | PASS                      | PASS                         | SKIPPED      | SKIPPED        |
+--------------------------+---------------------------+------------------------------+--------------+----------------+
| Ubuntu 20.04 ARM SVE     | SKIPPED                   | SKIPPED                      | PASS         | SKIPPED        |
+--------------------------+---------------------------+------------------------------+--------------+----------------+
| Debian 11 (Buster) (ARM) | SKIPPED                   | SKIPPED                      | SKIPPED      | FAIL           |
+--------------------------+---------------------------+------------------------------+--------------+----------------+
| Fedora 37 (ARM)          | SKIPPED                   | SKIPPED                      | SKIPPED      | FAIL           |
+--------------------------+---------------------------+------------------------------+--------------+----------------+

==== 20 line log output for Fedora 37 (ARM) (dpdk_unit_test): ====
101/111 DPDK:fast-tests / telemetry_data_autotest  OK       0.17 s
102/111 DPDK:fast-tests / telemetry_json_autotest  OK       0.17 s
103/111 DPDK:fast-tests / thash_autotest        OK       0.17 s
104/111 DPDK:fast-tests / threads_autotest      OK       0.37 s
105/111 DPDK:fast-tests / ticketlock_autotest   OK       0.17 s
106/111 DPDK:fast-tests / timer_autotest        OK       2.82 s
107/111 DPDK:fast-tests / trace_autotest        OK       0.17 s
108/111 DPDK:fast-tests / trace_autotest_with_traces  OK       0.17 s
109/111 DPDK:fast-tests / vdev_autotest         OK       0.17 s
110/111 DPDK:fast-tests / version_autotest      OK       0.17 s
111/111 DPDK:fast-tests / telemetry_all         SKIP     0.01 s

Ok:                  103
Expected Fail:         0
Fail:                  0
Unexpected Pass:       0
Skipped:               7
Timeout:               1

Full log written to /home-local/jenkins-local/jenkins-agent/workspace/Generic-Unit-Test-DPDK/dpdk/build/meson-logs/testlog.txt
==== End log output ====

Debian 12 (arm)
	Kernel: Container Host Kernel
	Compiler: gcc 12.2.0

Ubuntu 20.04 ARM SVE
	Kernel: 5.4.0-167-generic
	Compiler: gcc (Ubuntu 10.5.0-1ubuntu1~20.04) 10.5.0

Debian 11 (Buster) (ARM)
	Kernel: Container Host Kernel
	Compiler: gcc 10.2.1

Fedora 37 (ARM)
	Kernel: Depends on container host
	Compiler: gcc 12.3.1

To view detailed results, visit:
https://lab.dpdk.org/results/dashboard/patchsets/29590/

UNH-IOL DPDK Community Lab

To manage your email subscriptions, visit: 
https://lab.dpdk.org/results/dashboard/preferences/subscriptions/


More information about the test-report mailing list