|FAILURE| pw138477 [PATCH] graph: fix head move when graph walk in m
dpdklab at iol.unh.edu
dpdklab at iol.unh.edu
Tue Mar 19 08:32:54 CET 2024
Test-Label: iol-unit-amd64-testing
Test-Status: FAILURE
http://dpdk.org/patch/138477
_Testing issues_
Submitter: Jingjing Wu <jingjing.wu at intel.com>
Date: Tuesday, March 19 2024 14:14:54
DPDK git baseline: Repo:dpdk
Branch: master
CommitID:80ecef6d1f71fcebc0a51d7cabc51f73ee142ff2
138477 --> testing fail
Test environment and result as below:
+---------------------+----------------+
| Environment | dpdk_unit_test |
+=====================+================+
| Debian 11 (arm) | FAIL |
+---------------------+----------------+
| Windows Server 2019 | PASS |
+---------------------+----------------+
| Debian Bullseye | FAIL |
+---------------------+----------------+
| CentOS Stream 8 | FAIL |
+---------------------+----------------+
| Fedora 37 | FAIL |
+---------------------+----------------+
| Windows Server 2022 | PASS |
+---------------------+----------------+
| CentOS Stream 9 | FAIL |
+---------------------+----------------+
==== 20 line log output for CentOS Stream 9 (dpdk_unit_test): ====
101/111 DPDK:fast-tests / telemetry_data_autotest OK 0.22 s
102/111 DPDK:fast-tests / telemetry_json_autotest OK 0.22 s
103/111 DPDK:fast-tests / thash_autotest OK 0.22 s
104/111 DPDK:fast-tests / threads_autotest OK 0.37 s
105/111 DPDK:fast-tests / ticketlock_autotest OK 0.22 s
106/111 DPDK:fast-tests / timer_autotest OK 2.52 s
107/111 DPDK:fast-tests / trace_autotest OK 0.22 s
108/111 DPDK:fast-tests / trace_autotest_with_traces OK 0.22 s
109/111 DPDK:fast-tests / vdev_autotest OK 0.22 s
110/111 DPDK:fast-tests / version_autotest OK 0.22 s
111/111 DPDK:fast-tests / telemetry_all SKIP 0.01 s
Ok: 100
Expected Fail: 0
Fail: 0
Unexpected Pass: 0
Skipped: 10
Timeout: 1
Full log written to /home-local/jenkins-local/jenkins-agent/workspace/Generic-Unit-Test-DPDK/dpdk/build/meson-logs/testlog.txt
==== End log output ====
Debian 11 (arm)
Kernel: Container Host Kernel
Compiler: gcc 10.2.1
Windows Server 2019
Kernel: 10.0.17763
Compiler: clang 14.0 and gcc 8.1.0 (MinGW)
Debian Bullseye
Kernel: 5.4.0-167-generic
Compiler: gcc 10.2.1-6
CentOS Stream 8
Kernel: 5.4.0-167-generic
Compiler: gcc 8.5.0 20210514
Fedora 37
Kernel: Depends on container host system
Compiler: gcc 12.3.1
Windows Server 2022
Kernel: 10.0.20348.2031
Compiler: clang 15.0.7, gcc 8.1.0 (MinGW), and MSVC VS 17.9
CentOS Stream 9
Kernel: 5.4.0-167-generic
Compiler: gcc 11.4.1 20230605
To view detailed results, visit:
https://lab.dpdk.org/results/dashboard/patchsets/29590/
UNH-IOL DPDK Community Lab
To manage your email subscriptions, visit:
https://lab.dpdk.org/results/dashboard/preferences/subscriptions/
More information about the test-report
mailing list