|WARNING| pw138583-138625 [PATCH] [46/46] app/test-bbdev: use rte st
dpdklab at iol.unh.edu
dpdklab at iol.unh.edu
Wed Mar 20 23:49:03 CET 2024
Test-Label: iol-abi-testing
Test-Status: WARNING
http://dpdk.org/patch/138625
_Testing issues_
Submitter: Tyler Retzlaff <roretzla at linux.microsoft.com>
Date: Wednesday, March 20 2024 20:51:32
DPDK git baseline: Repo:dpdk
Branch: master
CommitID:80ecef6d1f71fcebc0a51d7cabc51f73ee142ff2
138583-138625 --> testing fail
Test environment and result as below:
+------------------+----------+
| Environment | abi_test |
+==================+==========+
| Debian Bullseye | FAIL |
+------------------+----------+
| Ubuntu 22.04 | FAIL |
+------------------+----------+
| CentOS Stream 9 | FAIL |
+------------------+----------+
| Fedora 38 | FAIL |
+------------------+----------+
| RHEL8 | FAIL |
+------------------+----------+
| CentOS Stream 8 | FAIL |
+------------------+----------+
| openSUSE Leap 15 | FAIL |
+------------------+----------+
| Debian 11 (arm) | FAIL |
+------------------+----------+
| Fedora 37 | FAIL |
+------------------+----------+
==== 20 line log output for Fedora 37 (abi_test): ====
Variables changes summary: 0 Removed, 0 Changed, 0 Added (1 filtered out) variable
Functions changes summary: 0 Removed, 0 Changed, 0 Added function
Variables changes summary: 0 Removed, 0 Changed, 0 Added (1 filtered out) variable
Functions changes summary: 0 Removed, 0 Changed, 0 Added (1 filtered out) function
Variables changes summary: 0 Removed, 0 Changed, 0 Added variable
Functions changes summary: 0 Removed, 0 Changed, 0 Added (1 filtered out) function
Variables changes summary: 0 Removed, 0 Changed, 0 Added variable
Functions changes summary: 0 Removed, 0 Changed (89 filtered out), 0 Added functions
Variables changes summary: 0 Removed, 0 Changed, 0 Added variable
Functions changes summary: 0 Removed, 0 Changed (39 filtered out), 0 Added (9 filtered out) functions
Variables changes summary: 0 Removed, 0 Changed (2 filtered out), 0 Added (2 filtered out) variables
Functions changes summary: 0 Removed, 0 Changed, 0 Added (2 filtered out) functions
Variables changes summary: 0 Removed, 0 Changed, 0 Added variable
==== End log output ====
Debian Bullseye
Kernel: 5.4.0-167-generic
Compiler: gcc 10.2.1-6
Ubuntu 22.04
Kernel: 5.4.0-167-generic
Compiler: gcc 11.4.0
CentOS Stream 9
Kernel: 5.4.0-167-generic
Compiler: gcc 11.4.1 20230605
Fedora 38
Kernel: Depends on container host
Compiler: clang 16.0.6
RHEL8
Kernel: 5.4.0-167-generic
Compiler: gcc 8.5.0 20210514 (Red Hat 8.5.0-20)
CentOS Stream 8
Kernel: 5.4.0-167-generic
Compiler: gcc 8.5.0 20210514
openSUSE Leap 15
Kernel: 5.4.0-167-generic
Compiler: gcc 7.5.0
Debian 11 (arm)
Kernel: Container Host Kernel
Compiler: gcc 10.2.1
Fedora 37
Kernel: Depends on container host system
Compiler: gcc 12.3.1
To view detailed results, visit:
https://lab.dpdk.org/results/dashboard/patchsets/29609/
UNH-IOL DPDK Community Lab
To manage your email subscriptions, visit:
https://lab.dpdk.org/results/dashboard/preferences/subscriptions/
More information about the test-report
mailing list