|WARNING| pw138649-138651 [PATCH] [v7,4/4] cryptodev: remove rte mar

dpdklab at iol.unh.edu dpdklab at iol.unh.edu
Thu Mar 21 02:08:21 CET 2024


Test-Label: iol-abi-testing
Test-Status: WARNING
http://dpdk.org/patch/138651

_Testing issues_

Submitter: Tyler Retzlaff <roretzla at linux.microsoft.com>
Date: Wednesday, March 20 2024 22:01:38 
DPDK git baseline: Repo:dpdk
  Branch: master
  CommitID:80ecef6d1f71fcebc0a51d7cabc51f73ee142ff2

138649-138651 --> testing fail

Test environment and result as below:

+------------------+----------+
|   Environment    | abi_test |
+==================+==========+
| CentOS Stream 8  | FAIL     |
+------------------+----------+
| Ubuntu 22.04     | FAIL     |
+------------------+----------+
| openSUSE Leap 15 | FAIL     |
+------------------+----------+
| CentOS Stream 9  | FAIL     |
+------------------+----------+
| Debian Bullseye  | FAIL     |
+------------------+----------+
| Fedora 38        | FAIL     |
+------------------+----------+
| Debian 11 (arm)  | FAIL     |
+------------------+----------+
| Fedora 37        | FAIL     |
+------------------+----------+
| RHEL8            | FAIL     |
+------------------+----------+

==== 20 line log output for RHEL8 (abi_test): ====
'RTE_MARKER cacheline1', at offset 512 (in bits) at rte_mbuf_core.h:598:1
no data member change (1 filtered);

Error: ABI issue reported for abidiff --suppr /home-local/jenkins-local/jenkins-agent/workspace/Generic-DPDK-Compile-ABI at 3/dpdk/devtools/libabigail.abignore --no-added-syms --headers-dir1 reference/usr/local/include --headers-dir2 build_install/usr/local/include reference/usr/local/lib64/dpdk/pmds-24.0/librte_net_bond.so.24.0 build_install/usr/local/lib64/dpdk/pmds-24.1/librte_net_bond.so.24.1
ABIDIFF_ABI_CHANGE, this change requires a review (abidiff flagged this as a potential issue).
Functions changes summary: 0 Removed, 0 Changed (1 filtered out), 0 Added function
Variables changes summary: 0 Removed, 0 Changed, 0 Added variable

Functions changes summary: 0 Removed, 0 Changed (29 filtered out), 0 Added functions
Variables changes summary: 0 Removed, 0 Changed, 0 Added variable

Functions changes summary: 0 Removed, 0 Changed (12 filtered out), 0 Added (1 filtered out) functions
Variables changes summary: 0 Removed, 0 Changed, 0 Added variable

Functions changes summary: 0 Removed, 0 Changed (4 filtered out), 0 Added functions
Variables changes summary: 0 Removed, 0 Changed, 0 Added variable

Functions changes summary: 0 Removed, 0 Changed, 0 Added (2 filtered out) functions
Variables changes summary: 0 Removed, 0 Changed, 0 Added variable

==== End log output ====

CentOS Stream 8
	Kernel: 5.4.0-167-generic
	Compiler: gcc 8.5.0 20210514

Ubuntu 22.04
	Kernel: 5.4.0-167-generic
	Compiler: gcc 11.4.0

openSUSE Leap 15
	Kernel: 5.4.0-167-generic
	Compiler: gcc 7.5.0

CentOS Stream 9
	Kernel: 5.4.0-167-generic
	Compiler: gcc 11.4.1 20230605

Debian Bullseye
	Kernel: 5.4.0-167-generic
	Compiler: gcc 10.2.1-6

Fedora 38
	Kernel: Depends on container host
	Compiler: clang 16.0.6

Debian 11 (arm)
	Kernel: Container Host Kernel
	Compiler: gcc 10.2.1

Fedora 37
	Kernel: Depends on container host system
	Compiler: gcc 12.3.1

RHEL8
	Kernel: 5.4.0-167-generic
	Compiler: gcc 8.5.0 20210514 (Red Hat 8.5.0-20)

To view detailed results, visit:
https://lab.dpdk.org/results/dashboard/patchsets/29616/

UNH-IOL DPDK Community Lab

To manage your email subscriptions, visit: 
https://lab.dpdk.org/results/dashboard/preferences/subscriptions/


More information about the test-report mailing list