|FAILURE| pw138754-138762 [PATCH] [v11,9/9] log: colorize log output
dpdklab at iol.unh.edu
dpdklab at iol.unh.edu
Sun Mar 24 04:35:02 CET 2024
Test-Label: iol-compile-amd64-testing
Test-Status: FAILURE
http://dpdk.org/patch/138762
_Testing issues_
Submitter: Stephen Hemminger <stephen at networkplumber.org>
Date: Sunday, March 24 2024 02:33:31
DPDK git baseline: Repo:dpdk
Branch: master
CommitID:0219d467bcb1d19b386b5bae8eecd3514ba13fdb
138754-138762 --> testing fail
Test environment and result as below:
+---------------------+--------------------+----------------------+-------------------+
| Environment | dpdk_meson_compile | dpdk_mingw64_compile | dpdk_msvc_compile |
+=====================+====================+======================+===================+
| Windows Server 2022 | FAIL | PASS | FAIL |
+---------------------+--------------------+----------------------+-------------------+
| Windows Server 2019 | FAIL | PASS | SKIPPED |
+---------------------+--------------------+----------------------+-------------------+
| FreeBSD 13.2 | FAIL | SKIPPED | SKIPPED |
+---------------------+--------------------+----------------------+-------------------+
| CentOS Stream 8 | PASS | SKIPPED | SKIPPED |
+---------------------+--------------------+----------------------+-------------------+
| CentOS Stream 9 | PASS | SKIPPED | SKIPPED |
+---------------------+--------------------+----------------------+-------------------+
| Debian Bullseye | PASS | SKIPPED | SKIPPED |
+---------------------+--------------------+----------------------+-------------------+
| Debian 11 (arm) | PASS | SKIPPED | SKIPPED |
+---------------------+--------------------+----------------------+-------------------+
| Fedora 37 | PASS | SKIPPED | SKIPPED |
+---------------------+--------------------+----------------------+-------------------+
| Ubuntu 20.04 | FAIL | SKIPPED | SKIPPED |
+---------------------+--------------------+----------------------+-------------------+
| Fedora 38 | PASS | SKIPPED | SKIPPED |
+---------------------+--------------------+----------------------+-------------------+
| Ubuntu 22.04 | FAIL | SKIPPED | SKIPPED |
+---------------------+--------------------+----------------------+-------------------+
| openSUSE Leap 15 | PASS | SKIPPED | SKIPPED |
+---------------------+--------------------+----------------------+-------------------+
| RHEL8 | PASS | SKIPPED | SKIPPED |
+---------------------+--------------------+----------------------+-------------------+
==== 20 line log output for Ubuntu 22.04 (dpdk_meson_compile): ====
crypto/uadk: missing dependency, "libwd"
compress/isal: missing dependency, "libisal"
gpu/cuda: missing dependency, "cuda.h"
Build targets in project: 804
Option default_library is: shared [default: static]
Found ninja-1.10.1 at /usr/bin/ninja
ninja: Entering directory `build'
[1/2893] Compiling C object 'lib/76b5a35@@rte_kvargs at sta/kvargs_rte_kvargs.c.o'.
[2/2893] Compiling C object 'lib/76b5a35@@rte_log at sta/log_log.c.o'.
FAILED: lib/76b5a35@@rte_log at sta/log_log.c.o
ccache cc -Ilib/76b5a35@@rte_log at sta -Ilib -I../lib -I. -I../ -Iconfig -I../config -Ilib/eal/include -I../lib/eal/include -Ilib/eal/linux/include -I../lib/eal/linux/include -Ilib/eal/x86/include -I../lib/eal/x86/include -Ilib/log -I../lib/log -fdiagnostics-color=always -pipe -D_FILE_OFFSET_BITS=64 -Wall -Winvalid-pch -Wextra -Werror -std=c11 -O3 -include rte_config.h -Wcast-qual -Wdeprecated -Wformat -Wformat-nonliteral -Wformat-security -Wmissing-declarations -Wmissing-prototypes -Wnested-externs -Wold-style-definition -Wpointer-arith -Wsign-compare -Wstrict-prototypes -Wundef -Wwrite-strings -Wno-address-of-packed-member -Wno-packed-not-aligned -Wno-missing-field-initializers -Wno-zero-length-bounds -D_GNU_SOURCE -fPIC -march=native -mrtm -DALLOW_EXPERIMENTAL_API -DALLOW_INTERNAL_API -Wno-format-truncation -DRTE_LOG_DEFAULT_LOGTYPE=lib.log -MD -MQ 'lib/76b5a35@@rte_log at sta/log_log.c.o' -MF 'lib/76b5a35@@rte_log at sta/log_log.c.o.d' -o 'lib/76b5a35@@rte_log at sta/log_log.c.o' -c ../lib/
log/log.c
../lib/log/log.c: In function 'journal_send_id':
../lib/log/log.c:881:17: error: ignoring return value of 'write' declared with attribute 'warn_unused_result' [-Werror=unused-result]
881 | write(fd, syslog_id, len);
| ^~~~~~~~~~~~~~~~~~~~~~~~~
cc1: all warnings being treated as errors
ninja: build stopped: subcommand failed.
==== End log output ====
Windows Server 2022
Kernel: 10.0.20348.2031
Compiler: clang 15.0.7, gcc 8.1.0 (MinGW), and MSVC VS 17.9
Windows Server 2019
Kernel: 10.0.17763
Compiler: clang 14.0 and gcc 8.1.0 (MinGW)
FreeBSD 13.2
Kernel: 13.2
Compiler: clang 14.0.5
CentOS Stream 8
Kernel: 5.4.0-167-generic
Compiler: gcc 8.5.0 20210514
CentOS Stream 9
Kernel: 5.4.0-167-generic
Compiler: gcc 11.4.1 20230605
Debian Bullseye
Kernel: 5.4.0-167-generic
Compiler: gcc 10.2.1-6
Debian 11 (arm)
Kernel: Container Host Kernel
Compiler: gcc 10.2.1
Fedora 37
Kernel: Depends on container host system
Compiler: gcc 12.3.1
Ubuntu 20.04
Kernel: 5.4.0-167-generic
Compiler: gcc 9.4.0-1ubuntu1~20.04.1
Fedora 38
Kernel: Depends on container host
Compiler: gcc 13.2.1
Ubuntu 22.04
Kernel: 5.4.0-167-generic
Compiler: gcc 11.4.0
openSUSE Leap 15
Kernel: 5.4.0-167-generic
Compiler: gcc 7.5.0
RHEL8
Kernel: 5.4.0-167-generic
Compiler: gcc 8.5.0 20210514 (Red Hat 8.5.0-20)
To view detailed results, visit:
https://lab.dpdk.org/results/dashboard/patchsets/29644/
UNH-IOL DPDK Community Lab
To manage your email subscriptions, visit:
https://lab.dpdk.org/results/dashboard/preferences/subscriptions/
More information about the test-report
mailing list