|FAILURE| pw138771-138784 [PATCH] [v12,14/14] maintainers: add for l
dpdklab at iol.unh.edu
dpdklab at iol.unh.edu
Mon Mar 25 22:44:38 CET 2024
Test-Label: iol-unit-amd64-testing
Test-Status: FAILURE
http://dpdk.org/patch/138784
_Testing issues_
Submitter: Stephen Hemminger <stephen at networkplumber.org>
Date: Monday, March 25 2024 20:47:11
DPDK git baseline: Repo:dpdk
Branch: master
CommitID:0b82b5139fefe6eb5ec1a0b489fd193e8a99ab73
138771-138784 --> testing fail
Test environment and result as below:
+---------------------+----------------+
| Environment | dpdk_unit_test |
+=====================+================+
| Windows Server 2019 | FAIL |
+---------------------+----------------+
| CentOS Stream 9 | FAIL |
+---------------------+----------------+
| CentOS Stream 8 | FAIL |
+---------------------+----------------+
| Windows Server 2022 | FAIL |
+---------------------+----------------+
==== 20 line log output for Windows Server 2022 (dpdk_unit_test): ====
b o o l i s _ t e r m i n a l = i s a t t y ( S T D E R R _ F I L E N O ) ;
^
C : \ P r o g r a m F i l e s ( x 8 6 ) \ W i n d o w s K i t s \ 1 0 \ I n c l u d e \ 1 0 . 0 . 2 2 6 2 1 . 0 \ u c r t \ c o r e c r t _ i o . h : 4 9 2 : 2 4 : n o t e : ' i s a t t y ' h a s b e e n e x p l i c i t l y m a r k e d d e p r e c a t e d h e r e
_ C h e c k _ r e t u r n _ _ C R T _ N O N S T D C _ D E P R E C A T E ( _ i s a t t y )
^
C : \ P r o g r a m F i l e s ( x 8 6 ) \ W i n d o w s K i t s \ 1 0 \ I n c l u d e \ 1 0 . 0 . 2 2 6 2 1 . 0 \ u c r t \ c o r e c r t . h : 4 2 8 : 5 0 : n o t e : e x p a n d e d f r o m m a c r o ' _ C R T _ N O N S T D C _ D E P R E C A T E '
# d e f i n e _ C R T _ N O N S T D C _ D E P R E C A T E ( _ N e w N a m e ) _ C R T _ D E P R E C A T E _ T E X T ( \
^
C : \ P r o g r a m F i l e s \ M i c r o s o f t V i s u a l S t u d i o \ 2 0 2 2 \ C o m m u n i t y \ V C \ T o o l s \ M S V C \ 1 4 . 3 9 . 3 3 5 1 9 \ i n c l u d e \ v c r u n t i m e . h : 3 4 5 : 4 7 : n o t e : e x p a n d e d f r o m m a c r o ' _ C R T _ D E P R E C A T E _ T E X T '
# d e f i n e _ C R T _ D E P R E C A T E _ T E X T ( _ T e x t ) _ _ d e c l s p e c ( d e p r e c a t e d ( _ T e x t ) )
^
3 e r r o r s g e n e r a t e d .
[ 2 2 7 / 5 6 1 ] L i n k i n g s t a t i c t a r g e t l i b / l i b r t e _ a r g p a r s e . a
[ 2 2 8 / 5 6 1 ] C o m p i l i n g C o b j e c t l i b / l i b r t e _ t e l e m e t r y . a . p / t e l e m e t r y _ t e l e m e t r y . c . o b j
[ 2 2 9 / 5 6 1 ] C o m p i l i n g C o b j e c t l i b / l i b r t e _ k v a r g s . a . p / k v a r g s _ r t e _ k v a r g s . c . o b j
[ 2 3 0 / 5 6 1 ] C o m p i l i n g C o b j e c t a p p / d p d k - t e s t . e x e . p / t e s t _ t e s t _ t r a c e _ p e r f . c . o b j
[ 2 3 1 / 5 6 1 ] C o m p i l i n g C o b j e c t a p p / d p d k - t e s t . e x e . p / t e s t _ v i r t u a l _ p m d . c . o b j
n i n j a : b u i l d s t o p p e d : s u b c o m m a n d f a i l e d .
C o u l d n o t r e b u i l d C : \ U s e r s \ b u i l d e r \ j e n k i n s \ w o r k s p a c e \ G e n e r i c - V M - U n i t - T e s t - D P D K \ d p d k \ b u i l d
==== End log output ====
Windows Server 2019
Kernel: 10.0.17763
Compiler: clang 14.0 and gcc 8.1.0 (MinGW)
CentOS Stream 9
Kernel: 5.4.0-167-generic
Compiler: gcc 11.4.1 20230605
CentOS Stream 8
Kernel: 5.4.0-167-generic
Compiler: gcc 8.5.0 20210514
Windows Server 2022
Kernel: 10.0.20348.2031
Compiler: clang 15.0.7, gcc 8.1.0 (MinGW), and MSVC VS 17.9
To view detailed results, visit:
https://lab.dpdk.org/results/dashboard/patchsets/29653/
UNH-IOL DPDK Community Lab
To manage your email subscriptions, visit:
https://lab.dpdk.org/results/dashboard/preferences/subscriptions/
More information about the test-report
mailing list