|FAILURE| pw138771-138784 [PATCH] [v12,14/14] maintainers: add for l
dpdklab at iol.unh.edu
dpdklab at iol.unh.edu
Mon Mar 25 22:47:44 CET 2024
Test-Label: iol-unit-arm64-testing
Test-Status: FAILURE
http://dpdk.org/patch/138784
_Testing issues_
Submitter: Stephen Hemminger <stephen at networkplumber.org>
Date: Monday, March 25 2024 20:47:11
DPDK git baseline: Repo:dpdk
Branch: master
CommitID:0b82b5139fefe6eb5ec1a0b489fd193e8a99ab73
138771-138784 --> testing fail
Test environment and result as below:
+--------------------------+------------------------------+---------------------------+--------------+----------------+
| Environment | cryptodev_sw_snow3g_autotest | cryptodev_sw_zuc_autotest | lpm_autotest | dpdk_unit_test |
+==========================+==============================+===========================+==============+================+
| Debian 12 (arm) | PASS | PASS | SKIPPED | FAIL |
+--------------------------+------------------------------+---------------------------+--------------+----------------+
| Ubuntu 20.04 ARM SVE | SKIPPED | SKIPPED | FAIL | SKIPPED |
+--------------------------+------------------------------+---------------------------+--------------+----------------+
| CentOS Stream 9 (ARM) | SKIPPED | SKIPPED | SKIPPED | FAIL |
+--------------------------+------------------------------+---------------------------+--------------+----------------+
| Fedora 37 (ARM) | SKIPPED | SKIPPED | SKIPPED | FAIL |
+--------------------------+------------------------------+---------------------------+--------------+----------------+
| Debian 11 (Buster) (ARM) | SKIPPED | SKIPPED | SKIPPED | FAIL |
+--------------------------+------------------------------+---------------------------+--------------+----------------+
| Ubuntu 20.04 (ARM) | SKIPPED | SKIPPED | SKIPPED | FAIL |
+--------------------------+------------------------------+---------------------------+--------------+----------------+
==== 20 line log output for Ubuntu 20.04 (ARM) (dpdk_unit_test): ====
[18/3168] Compiling C object 'lib/76b5a35@@rte_eal at sta/eal_common_eal_common_hexdump.c.o'.
[19/3168] Compiling C object 'lib/76b5a35@@rte_eal at sta/eal_common_eal_common_interrupts.c.o'.
[20/3168] Compiling C object 'lib/76b5a35@@rte_eal at sta/eal_common_eal_common_launch.c.o'.
[21/3168] Compiling C object 'lib/76b5a35@@rte_log at sta/log_log.c.o'.
[22/3168] Linking static target lib/librte_log.a.
[23/3168] Compiling C object 'lib/76b5a35@@rte_eal at sta/eal_common_eal_common_lcore.c.o'.
[24/3168] Compiling C object 'lib/76b5a35@@rte_eal at sta/eal_common_eal_common_timer.c.o'.
[25/3168] Compiling C object 'lib/76b5a35@@rte_eal at sta/eal_common_eal_common_thread.c.o'.
[26/3168] Compiling C object 'lib/76b5a35@@rte_eal at sta/eal_common_eal_common_debug.c.o'.
FAILED: lib/76b5a35@@rte_eal at sta/eal_common_eal_common_debug.c.o
ccache cc -Ilib/76b5a35@@rte_eal at sta -Ilib -I../lib -I. -I../ -Iconfig -I../config -Ilib/eal/include -I../lib/eal/include -Ilib/eal/linux/include -I../lib/eal/linux/include -Ilib/eal/arm/include -I../lib/eal/arm/include -Ilib/eal/common -I../lib/eal/common -Ilib/eal -I../lib/eal -Ilib/kvargs -I../lib/kvargs -Ilib/log -I../lib/log -Ilib/telemetry/../metrics -I../lib/telemetry/../metrics -Ilib/telemetry -I../lib/telemetry -fdiagnostics-color=always -pipe -D_FILE_OFFSET_BITS=64 -Wall -Winvalid-pch -Wextra -Werror -std=c11 -O3 -include rte_config.h -Wcast-qual -Wdeprecated -Wformat -Wformat-nonliteral -Wformat-security -Wmissing-declarations -Wmissing-prototypes -Wnested-externs -Wold-style-definition -Wpointer-arith -Wsign-compare -Wstrict-prototypes -Wundef -Wwrite-strings -Wno-address-of-packed-member -Wno-packed-not-aligned -Wno-missing-field-initializers -D_GNU_SOURCE -fPIC -mcpu=thunderx2t99+crc+crypto -DALLOW_EXPERIMENTAL_API -DALLOW_INTERNAL_API -Wno-format-truncation '-DABI_VERS
ION="24.1"' -DRTE_LOG_DEFAULT_LOGTYPE=lib.eal -MD -MQ 'lib/76b5a35@@rte_eal at sta/eal_common_eal_common_debug.c.o' -MF 'lib/76b5a35@@rte_eal at sta/eal_common_eal_common_debug.c.o.d' -o 'lib/76b5a35@@rte_eal at sta/eal_common_eal_common_debug.c.o' -c ../lib/eal/common/eal_common_debug.c
../lib/eal/common/eal_common_debug.c: In function 'rte_exit':
../lib/eal/common/eal_common_debug.c:43:2: error: ignoring return value of 'vasprintf', declared with attribute warn_unused_result [-Werror=unused-result]
43 | vasprintf(&msg, format, ap);
| ^~~~~~~~~~~~~~~~~~~~~~~~~~~
cc1: all warnings being treated as errors
[27/3168] Compiling C object 'lib/76b5a35@@rte_eal at sta/eal_common_eal_common_mcfg.c.o'.
[28/3168] Generating telemetry.sym_chk with a meson_exe.py custom command.
[29/3168] Generating log.sym_chk with a meson_exe.py custom command.
ninja: build stopped: subcommand failed.
==== End log output ====
Debian 12 (arm)
Kernel: Container Host Kernel
Compiler: gcc 12.2.0
Ubuntu 20.04 ARM SVE
Kernel: 5.4.0-167-generic
Compiler: gcc (Ubuntu 10.5.0-1ubuntu1~20.04) 10.5.0
CentOS Stream 9 (ARM)
Kernel: Container Host Kernel
Compiler: gcc 11.4.1
Fedora 37 (ARM)
Kernel: Depends on container host
Compiler: gcc 12.3.1
Debian 11 (Buster) (ARM)
Kernel: Container Host Kernel
Compiler: gcc 10.2.1
Ubuntu 20.04 (ARM)
Kernel: Container Host Kernel
Compiler: gcc 9.4.0
To view detailed results, visit:
https://lab.dpdk.org/results/dashboard/patchsets/29653/
UNH-IOL DPDK Community Lab
To manage your email subscriptions, visit:
https://lab.dpdk.org/results/dashboard/preferences/subscriptions/
More information about the test-report
mailing list