|FAILURE| pw138771-138784 [PATCH] [v12,14/14] maintainers: add for l
dpdklab at iol.unh.edu
dpdklab at iol.unh.edu
Mon Mar 25 22:51:32 CET 2024
Test-Label: iol-unit-amd64-testing
Test-Status: FAILURE
http://dpdk.org/patch/138784
_Testing issues_
Submitter: Stephen Hemminger <stephen at networkplumber.org>
Date: Monday, March 25 2024 20:47:11
DPDK git baseline: Repo:dpdk
Branch: master
CommitID:0b82b5139fefe6eb5ec1a0b489fd193e8a99ab73
138771-138784 --> testing fail
Test environment and result as below:
+---------------------+----------------+
| Environment | dpdk_unit_test |
+=====================+================+
| Windows Server 2019 | FAIL |
+---------------------+----------------+
| CentOS Stream 9 | FAIL |
+---------------------+----------------+
| CentOS Stream 8 | FAIL |
+---------------------+----------------+
| Windows Server 2022 | FAIL |
+---------------------+----------------+
| Debian Bullseye | FAIL |
+---------------------+----------------+
| Debian 11 (arm) | FAIL |
+---------------------+----------------+
| Fedora 37 | FAIL |
+---------------------+----------------+
| Ubuntu 20.04 | FAIL |
+---------------------+----------------+
| Fedora 38 | FAIL |
+---------------------+----------------+
| openSUSE Leap 15 | FAIL |
+---------------------+----------------+
==== 20 line log output for openSUSE Leap 15 (dpdk_unit_test): ====
101/111 DPDK:fast-tests / telemetry_data_autotest OK 0.22 s
102/111 DPDK:fast-tests / telemetry_json_autotest OK 0.22 s
103/111 DPDK:fast-tests / thash_autotest OK 0.22 s
104/111 DPDK:fast-tests / threads_autotest OK 0.37 s
105/111 DPDK:fast-tests / ticketlock_autotest OK 0.22 s
106/111 DPDK:fast-tests / timer_autotest OK 2.52 s
107/111 DPDK:fast-tests / trace_autotest OK 0.22 s
108/111 DPDK:fast-tests / trace_autotest_with_traces OK 0.22 s
109/111 DPDK:fast-tests / vdev_autotest OK 0.22 s
110/111 DPDK:fast-tests / version_autotest OK 0.22 s
111/111 DPDK:fast-tests / telemetry_all SKIP 0.01 s
Ok: 99
Expected Fail: 0
Fail: 1
Unexpected Pass: 0
Skipped: 11
Timeout: 0
Full log written to /home-local/jenkins-local/jenkins-agent/workspace/Generic-Unit-Test-DPDK/dpdk/build/meson-logs/testlog.txt
==== End log output ====
Windows Server 2019
Kernel: 10.0.17763
Compiler: clang 14.0 and gcc 8.1.0 (MinGW)
CentOS Stream 9
Kernel: 5.4.0-167-generic
Compiler: gcc 11.4.1 20230605
CentOS Stream 8
Kernel: 5.4.0-167-generic
Compiler: gcc 8.5.0 20210514
Windows Server 2022
Kernel: 10.0.20348.2031
Compiler: clang 15.0.7, gcc 8.1.0 (MinGW), and MSVC VS 17.9
Debian Bullseye
Kernel: 5.4.0-167-generic
Compiler: gcc 10.2.1-6
Debian 11 (arm)
Kernel: Container Host Kernel
Compiler: gcc 10.2.1
Fedora 37
Kernel: Depends on container host system
Compiler: gcc 12.3.1
Ubuntu 20.04
Kernel: 5.4.0-167-generic
Compiler: gcc 9.4.0-1ubuntu1~20.04.1
Fedora 38
Kernel: Depends on container host
Compiler: gcc 13.2.1
openSUSE Leap 15
Kernel: 5.4.0-167-generic
Compiler: gcc 7.5.0
To view detailed results, visit:
https://lab.dpdk.org/results/dashboard/patchsets/29653/
UNH-IOL DPDK Community Lab
To manage your email subscriptions, visit:
https://lab.dpdk.org/results/dashboard/preferences/subscriptions/
More information about the test-report
mailing list