|FAILURE| pw138812-138826 [PATCH] [v14,15/15] log: colorize log outp

dpdklab at iol.unh.edu dpdklab at iol.unh.edu
Tue Mar 26 19:53:12 CET 2024


Test-Label: iol-unit-arm64-testing
Test-Status: FAILURE
http://dpdk.org/patch/138826

_Testing issues_

Submitter: Stephen Hemminger <stephen at networkplumber.org>
Date: Tuesday, March 26 2024 17:34:35 
DPDK git baseline: Repo:dpdk
  Branch: master
  CommitID:ded4d4765171b88470e59307f10625e942f22fca

138812-138826 --> testing fail

Test environment and result as below:

+--------------------------+------------------------------+----------------+---------------------------+--------------+
|       Environment        | cryptodev_sw_snow3g_autotest | dpdk_unit_test | cryptodev_sw_zuc_autotest | lpm_autotest |
+==========================+==============================+================+===========================+==============+
| Debian 12 (arm)          | PASS                         | FAIL           | PASS                      | SKIPPED      |
+--------------------------+------------------------------+----------------+---------------------------+--------------+
| Debian 11 (Buster) (ARM) | SKIPPED                      | FAIL           | SKIPPED                   | SKIPPED      |
+--------------------------+------------------------------+----------------+---------------------------+--------------+
| CentOS Stream 9 (ARM)    | SKIPPED                      | FAIL           | SKIPPED                   | SKIPPED      |
+--------------------------+------------------------------+----------------+---------------------------+--------------+
| Fedora 37 (ARM)          | SKIPPED                      | FAIL           | SKIPPED                   | SKIPPED      |
+--------------------------+------------------------------+----------------+---------------------------+--------------+
| Fedora 38 (ARM)          | SKIPPED                      | FAIL           | SKIPPED                   | SKIPPED      |
+--------------------------+------------------------------+----------------+---------------------------+--------------+
| Ubuntu 20.04 (ARM)       | SKIPPED                      | FAIL           | SKIPPED                   | SKIPPED      |
+--------------------------+------------------------------+----------------+---------------------------+--------------+
| Fedora 39 (ARM)          | SKIPPED                      | FAIL           | SKIPPED                   | SKIPPED      |
+--------------------------+------------------------------+----------------+---------------------------+--------------+
| Ubuntu 20.04 ARM SVE     | SKIPPED                      | SKIPPED        | SKIPPED                   | PASS         |
+--------------------------+------------------------------+----------------+---------------------------+--------------+

==== 20 line log output for Fedora 39 (ARM) (dpdk_unit_test): ====

Debian 12 (arm)
	Kernel: Container Host Kernel
	Compiler: gcc 12.2.0

Debian 11 (Buster) (ARM)
	Kernel: Container Host Kernel
	Compiler: gcc 10.2.1

CentOS Stream 9 (ARM)
	Kernel: Container Host Kernel
	Compiler: gcc 11.4.1

Fedora 37 (ARM)
	Kernel: Depends on container host
	Compiler: gcc 12.3.1

Fedora 38 (ARM)
	Kernel: Depends on container host
	Compiler: gcc 13.2.1

Ubuntu 20.04 (ARM)
	Kernel: Container Host Kernel
	Compiler: gcc 9.4.0

Fedora 39 (ARM)
	Kernel: Depends on container host
	Compiler: gcc 13.2.1

Ubuntu 20.04 ARM SVE
	Kernel: 5.4.0-167-generic
	Compiler: gcc (Ubuntu 10.5.0-1ubuntu1~20.04) 10.5.0

To view detailed results, visit:
https://lab.dpdk.org/results/dashboard/patchsets/29658/

UNH-IOL DPDK Community Lab

To manage your email subscriptions, visit: 
https://lab.dpdk.org/results/dashboard/preferences/subscriptions/


More information about the test-report mailing list