|FAILURE| pw138812-138826 [PATCH] [v14,15/15] log: colorize log outp

dpdklab at iol.unh.edu dpdklab at iol.unh.edu
Tue Mar 26 20:13:27 CET 2024


Test-Label: iol-unit-arm64-testing
Test-Status: FAILURE
http://dpdk.org/patch/138826

_Testing issues_

Submitter: Stephen Hemminger <stephen at networkplumber.org>
Date: Tuesday, March 26 2024 17:34:35 
DPDK git baseline: Repo:dpdk
  Branch: master
  CommitID:ded4d4765171b88470e59307f10625e942f22fca

138812-138826 --> testing fail

Test environment and result as below:

+--------------------------+------------------------------+----------------+---------------------------+--------------+
|       Environment        | cryptodev_sw_snow3g_autotest | dpdk_unit_test | cryptodev_sw_zuc_autotest | lpm_autotest |
+==========================+==============================+================+===========================+==============+
| Debian 12 (arm)          | PASS                         | FAIL           | PASS                      | SKIPPED      |
+--------------------------+------------------------------+----------------+---------------------------+--------------+
| Debian 11 (Buster) (ARM) | SKIPPED                      | FAIL           | SKIPPED                   | SKIPPED      |
+--------------------------+------------------------------+----------------+---------------------------+--------------+
| CentOS Stream 9 (ARM)    | SKIPPED                      | FAIL           | SKIPPED                   | SKIPPED      |
+--------------------------+------------------------------+----------------+---------------------------+--------------+
| Fedora 37 (ARM)          | SKIPPED                      | FAIL           | SKIPPED                   | SKIPPED      |
+--------------------------+------------------------------+----------------+---------------------------+--------------+
| Fedora 38 (ARM)          | SKIPPED                      | FAIL           | SKIPPED                   | SKIPPED      |
+--------------------------+------------------------------+----------------+---------------------------+--------------+
| Ubuntu 20.04 (ARM)       | SKIPPED                      | FAIL           | SKIPPED                   | SKIPPED      |
+--------------------------+------------------------------+----------------+---------------------------+--------------+
| Fedora 39 (ARM)          | SKIPPED                      | FAIL           | SKIPPED                   | SKIPPED      |
+--------------------------+------------------------------+----------------+---------------------------+--------------+
| Fedora 39 (ARM Clang)    | SKIPPED                      | FAIL           | SKIPPED                   | SKIPPED      |
+--------------------------+------------------------------+----------------+---------------------------+--------------+
| Fedora 38 (ARM Clang)    | SKIPPED                      | FAIL           | SKIPPED                   | SKIPPED      |
+--------------------------+------------------------------+----------------+---------------------------+--------------+
| Ubuntu 20.04 ARM SVE     | SKIPPED                      | SKIPPED        | SKIPPED                   | PASS         |
+--------------------------+------------------------------+----------------+---------------------------+--------------+

==== 20 line log output for Fedora 38 (ARM Clang) (dpdk_unit_test): ====
101/111 DPDK:fast-tests / telemetry_data_autotest  OK       0.28 s
102/111 DPDK:fast-tests / telemetry_json_autotest  OK       0.28 s
103/111 DPDK:fast-tests / thash_autotest        OK       0.28 s
104/111 DPDK:fast-tests / threads_autotest      OK       0.48 s
105/111 DPDK:fast-tests / ticketlock_autotest   OK       0.34 s
106/111 DPDK:fast-tests / timer_autotest        OK       3.45 s
107/111 DPDK:fast-tests / trace_autotest        OK       0.34 s
108/111 DPDK:fast-tests / trace_autotest_with_traces  OK       0.28 s
109/111 DPDK:fast-tests / vdev_autotest         OK       0.29 s
110/111 DPDK:fast-tests / version_autotest      OK       0.29 s
111/111 DPDK:fast-tests / telemetry_all         SKIP     0.02 s

Ok:                  103
Expected Fail:         0
Fail:                  1
Unexpected Pass:       0
Skipped:               7
Timeout:               0

Full log written to /home-local/jenkins-local/jenkins-agent/workspace/Generic-Unit-Test-DPDK/dpdk/build/meson-logs/testlog.txt
==== End log output ====

Debian 12 (arm)
	Kernel: Container Host Kernel
	Compiler: gcc 12.2.0

Debian 11 (Buster) (ARM)
	Kernel: Container Host Kernel
	Compiler: gcc 10.2.1

CentOS Stream 9 (ARM)
	Kernel: Container Host Kernel
	Compiler: gcc 11.4.1

Fedora 37 (ARM)
	Kernel: Depends on container host
	Compiler: gcc 12.3.1

Fedora 38 (ARM)
	Kernel: Depends on container host
	Compiler: gcc 13.2.1

Ubuntu 20.04 (ARM)
	Kernel: Container Host Kernel
	Compiler: gcc 9.4.0

Fedora 39 (ARM)
	Kernel: Depends on container host
	Compiler: gcc 13.2.1

Fedora 39 (ARM Clang)
	Kernel: Depends on container host
	Compiler: clang 17.0.6

Fedora 38 (ARM Clang)
	Kernel: Depends on container host
	Compiler: clang 16.0.6

Ubuntu 20.04 ARM SVE
	Kernel: 5.4.0-167-generic
	Compiler: gcc (Ubuntu 10.5.0-1ubuntu1~20.04) 10.5.0

To view detailed results, visit:
https://lab.dpdk.org/results/dashboard/patchsets/29658/

UNH-IOL DPDK Community Lab

To manage your email subscriptions, visit: 
https://lab.dpdk.org/results/dashboard/preferences/subscriptions/


More information about the test-report mailing list