|FAILURE| pw138833-138847 [PATCH] [v15,15/15] log: colorize log outp
dpdklab at iol.unh.edu
dpdklab at iol.unh.edu
Wed Mar 27 02:25:18 CET 2024
Test-Label: iol-unit-amd64-testing
Test-Status: FAILURE
http://dpdk.org/patch/138847
_Testing issues_
Submitter: Stephen Hemminger <stephen at networkplumber.org>
Date: Wednesday, March 27 2024 00:27:14
DPDK git baseline: Repo:dpdk
Branch: master
CommitID:ded4d4765171b88470e59307f10625e942f22fca
138833-138847 --> testing fail
Test environment and result as below:
+---------------------+----------------+
| Environment | dpdk_unit_test |
+=====================+================+
| Windows Server 2019 | FAIL |
+---------------------+----------------+
| CentOS Stream 8 | PASS |
+---------------------+----------------+
| Windows Server 2022 | FAIL |
+---------------------+----------------+
| Debian Bullseye | PASS |
+---------------------+----------------+
| CentOS Stream 9 | PASS |
+---------------------+----------------+
==== 20 line log output for Windows Server 2022 (dpdk_unit_test): ====
[ 2 9 / 5 6 1 ] C o m p i l i n g C o b j e c t l i b / l i b r t e _ i p _ f r a g . a . p / i p _ f r a g _ r t e _ i p v 6 _ r e a s s e m b l y . c . o b j
[ 3 0 / 5 6 1 ] C o m p i l i n g C o b j e c t l i b / l i b r t e _ l p m . a . p / l p m _ r t e _ l p m 6 . c . o b j
[ 3 1 / 5 6 1 ] C o m p i l i n g C o b j e c t l i b / l i b r t e _ i p _ f r a g . a . p / i p _ f r a g _ r t e _ i p v 4 _ r e a s s e m b l y . c . o b j
[ 3 2 / 5 6 1 ] L i n k i n g s t a t i c t a r g e t l i b / l i b r t e _ l p m . a
[ 3 3 / 5 6 1 ] C o m p i l i n g C o b j e c t l i b / l i b r t e _ p c a p n g . a . p / p c a p n g _ r t e _ p c a p n g . c . o b j
F A I L E D : l i b / l i b r t e _ p c a p n g . a . p / p c a p n g _ r t e _ p c a p n g . c . o b j
" c l a n g " " - I l i b \ l i b r t e _ p c a p n g . a . p " " - I l i b " " - I . . \ l i b " " - I l i b \ p c a p n g " " - I . . \ l i b \ p c a p n g " " - I . " " - I . . " " - I c o n f i g " " - I . . \ c o n f i g " " - I l i b \ e a l \ i n c l u d e " " - I . . \ l i b \ e a l \ i n c l u d e " " - I l i b \ e a l \ w i n d o w s \ i n c l u d e " " - I . . \ l i b \ e a l \ w i n d o w s \ i n c l u d e " " - I l i b \ e a l \ x 8 6 \ i n c l u d e " " - I . . \ l i b \ e a l \ x 8 6 \ i n c l u d e " " - I l i b \ e a l \ c o m m o n " " - I . . \ l i b \ e a l \ c o m m o n " " - I l i b \ e a l " " - I . . \ l i b \ e a l " " - I l i b \ l o g " " - I . . \ l i b \ l o g " " - I l i b \ k v a r g s " " - I . . \ l i b \ k v a r g s " " - I l i b \ e t h d e v " " - I . . \ l i b \ e t h d e v " " - I l i b \ n e t " " - I . . \ l i b \ n e t " " - I l i b \ m b u f " " - I . . \ l i b \ m b u f " " - I l i
b \ m e m p o o l " " - I . . \ l i b \ m e m p o o l " " - I l i b \ r i n g " " - I . . \ l i b \ r i n g " " - I l i b \ m e t r i c s " " - I . . \ l i b \ m e t r i c s " " - I l i b \ t e l e m e t r y " " - I . . \ l i b \ t e l e m e t r y " " - I l i b \ m e t e r " " - I . . \ l i b \ m e t e r " " - X c l a n g " " - f c o l o r - d i a g n o s t i c s " " - p i p e " " - D _ F I L E _ O F F S E T _ B I T S = 6 4 " " - W a l l " " - W i n v a l i d - p c h " " - W e x t r a " " - W e r r o r " " - s t d = c 1 1 " " - O 3 " " - i n c l u d e " " r t e _ c o n f i g . h " " - W c a s t - q u a l " " - W d e p r e c a t e d " " - W f o r m a t " " - W f o r m a t - n o n l i t e r a l " " - W f o r m a t - s e c u r i t y " " - W m i s s i n g - d e c l a r a t i o n s " " - W m i s s i n g - p r o t o t y p e s " " - W n e s t e d - e x t e r n s " " - W o l d - s t y l e - d e f i n i t i o n " " - W p o i n t
e r - a r i t h " " - W s i g n - c o m p a r e " " - W s t r i c t - p r o t o t y p e s " " - W u n d e f " " - W w r i t e - s t r i n g s " " - W n o - a d d r e s s - o f - p a c k e d - m e m b e r " " - W n o - m i s s i n g - f i e l d - i n i t i a l i z e r s " " - D _ G N U _ S O U R C E " " - D _ W I N 3 2 _ W I N N T = 0 x 0 A 0 0 " " - D _ C R T _ S E C U R E _ N O _ W A R N I N G S " " - m a r c h = n a t i v e " " - m r t m " " - D A L L O W _ E X P E R I M E N T A L _ A P I " " - D A L L O W _ I N T E R N A L _ A P I " " - D R T E _ L O G _ D E F A U L T _ L O G T Y P E = l i b . p c a p n g " " - D R T E _ A N N O T A T E _ L O C K S " " - W t h r e a d - s a f e t y " - M D - M Q l i b / l i b r t e _ p c a p n g . a . p / p c a p n g _ r t e _ p c a p n g . c . o b j - M F " l i b \ l i b r t e _ p c a p n g . a . p \ p c a p n g _ r t e _ p c a p n g . c . o b j . d " - o l i b / l i b r t e _ p c a p n g . a . p / p
c a p n g _ r t e _ p c a p n g . c . o b j " - c " . . / l i b / p c a p n g / r t e _ p c a p n g . c
I n f i l e i n c l u d e d f r o m . . / l i b / p c a p n g / r t e _ p c a p n g . c : 2 6 :
. . \ l i b \ e a l \ w i n d o w s \ i n c l u d e \ r t e _ o s _ s h i m . h : 1 4 3 : 2 8 : e r r o r : f o r m a t s t r i n g i s n o t a s t r i n g l i t e r a l [ - W e r r o r , - W f o r m a t - n o n l i t e r a l ]
r e t = v s n p r i n t f ( s t r , l e n , f m t , a p ) ;
^ ~ ~
1 e r r o r g e n e r a t e d .
[ 3 4 / 5 6 1 ] C o m p i l i n g C o b j e c t l i b / l i b r t e _ l a t e n c y s t a t s . a . p / l a t e n c y s t a t s _ r t e _ l a t e n c y s t a t s . c . o b j
[ 3 5 / 5 6 1 ] L i n k i n g s t a t i c t a r g e t l i b / l i b r t e _ i p _ f r a g . a
[ 3 6 / 5 6 1 ] C o m p i l i n g C o b j e c t d r i v e r s / l i b t m p _ r t e _ c o m m o n _ i a v f . a . p / c o m m o n _ i a v f _ i a v f _ i m p l . c . o b j
[ 3 7 / 5 6 1 ] C o m p i l i n g C o b j e c t d r i v e r s / l i b t m p _ r t e _ c o m m o n _ i a v f . a . p / c o m m o n _ i a v f _ i a v f _ a d m i n q . c . o b j
[ 3 8 / 5 6 1 ] C o m p i l i n g C o b j e c t d r i v e r s / l i b t m p _ r t e _ c o m m o n _ i a v f . a . p / c o m m o n _ i a v f _ i a v f _ c o m m o n . c . o b j
n i n j a : b u i l d s t o p p e d : s u b c o m m a n d f a i l e d .
C o u l d n o t r e b u i l d C : \ U s e r s \ b u i l d e r \ j e n k i n s \ w o r k s p a c e \ G e n e r i c - V M - U n i t - T e s t - D P D K \ d p d k \ b u i l d
==== End log output ====
Windows Server 2019
Kernel: 10.0.17763
Compiler: clang 14.0 and gcc 8.1.0 (MinGW)
CentOS Stream 8
Kernel: 5.4.0-167-generic
Compiler: gcc 8.5.0 20210514
Windows Server 2022
Kernel: 10.0.20348.2031
Compiler: clang 15.0.7, gcc 8.1.0 (MinGW), and MSVC VS 17.9
Debian Bullseye
Kernel: 5.4.0-167-generic
Compiler: gcc 10.2.1-6
CentOS Stream 9
Kernel: 5.4.0-167-generic
Compiler: gcc 11.4.1 20230605
To view detailed results, visit:
https://lab.dpdk.org/results/dashboard/patchsets/29660/
UNH-IOL DPDK Community Lab
To manage your email subscriptions, visit:
https://lab.dpdk.org/results/dashboard/preferences/subscriptions/
More information about the test-report
mailing list