|WARNING| pw138855 [PATCH] igc/ixgbe: add get/set link settings inte

dpdklab at iol.unh.edu dpdklab at iol.unh.edu
Wed Mar 27 13:55:36 CET 2024


Test-Label: iol-abi-testing
Test-Status: WARNING
http://dpdk.org/patch/138855

_Testing issues_

Submitter: Marek Pazdan <mpazdan at arista.com>
Date: Tuesday, March 26 2024 23:59:07 
DPDK git baseline: Repo:dpdk
  Branch: master
  CommitID:ded4d4765171b88470e59307f10625e942f22fca

138855 --> testing fail

Test environment and result as below:

+-----------------+----------+
|   Environment   | abi_test |
+=================+==========+
| Debian Bullseye | FAIL     |
+-----------------+----------+
| Fedora 39       | FAIL     |
+-----------------+----------+
| Fedora 38       | FAIL     |
+-----------------+----------+

==== 20 line log output for Fedora 38 (abi_test): ====
Variables changes summary: 0 Removed, 0 Changed (2 filtered out), 0 Added (2 filtered out) variables

1 function with some indirect sub-type change:

[C] 'function int rte_eth_link_get(uint16_t, rte_eth_link*)' at rte_ethdev.c:2972:1 has some indirect sub-type changes:
parameter 2 of type 'rte_eth_link*' has sub-type changes:
in pointed to type 'struct rte_eth_link' at rte_ethdev.h:336:1:
type size hasn't changed
2 data member changes:
'uint16_t link_autoneg' offset changed from 33 to 34 (in bits) (by +1 bits)
'uint16_t link_status' offset changed from 34 to 35 (in bits) (by +1 bits)

Error: ABI issue reported for abidiff --suppr /home-local/jenkins-local/jenkins-agent/workspace/Generic-DPDK-Compile-ABI/dpdk/devtools/libabigail.abignore --no-added-syms --headers-dir1 reference/usr/local/include --headers-dir2 build_install/usr/local/include reference/usr/local/lib64/librte_ethdev.so.24.0 build_install/usr/local/lib64/librte_ethdev.so.24.1
ABIDIFF_ABI_CHANGE, this change requires a review (abidiff flagged this as a potential issue).
Functions changes summary: 0 Removed, 0 Changed, 0 Added (1 filtered out) function
Variables changes summary: 0 Removed, 0 Changed, 0 Added variable

Functions changes summary: 0 Removed, 0 Changed, 0 Added (2 filtered out) functions
Variables changes summary: 0 Removed, 0 Changed, 0 Added variable

==== End log output ====

Debian Bullseye
	Kernel: 5.4.0-167-generic
	Compiler: gcc 10.2.1-6

Fedora 39
	Kernel: Depends on container host
	Compiler: clang 17.0.6

Fedora 38
	Kernel: Depends on container host
	Compiler: clang 16.0.6

To view detailed results, visit:
https://lab.dpdk.org/results/dashboard/patchsets/29665/

UNH-IOL DPDK Community Lab

To manage your email subscriptions, visit: 
https://lab.dpdk.org/results/dashboard/preferences/subscriptions/


More information about the test-report mailing list