|FAILURE| pw152719-152722 [PATCH] [v4,4/4] net/macb: add necessary d

dpdklab at iol.unh.edu dpdklab at iol.unh.edu
Wed Apr 2 10:37:12 CEST 2025


Test-Label: iol-compile-arm64-testing
Test-Status: FAILURE
http://dpdk.org/patch/152722

_Testing issues_

Submitter: liwencheng <liwencheng at phytium.com.cn>
Date: Wednesday, April 02 2025 06:59:31 
DPDK git baseline: Repo:dpdk
  Branch: master
  CommitID:edd3f4b1265e6da707c46ca9b6c39d332647baea

152719-152722 --> testing issues

Upstream job id: Generic-DPDK-Compile-Meson#376655

Test environment and result as below:

+----------------------------------------+--------------------+
|              Environment               | dpdk_meson_compile |
+========================================+====================+
| RHEL9 (ARM)                            | PASS               |
+----------------------------------------+--------------------+
| Ubuntu 20.04 ARM GCC Cross Compile     | PEND               |
+----------------------------------------+--------------------+
| Fedora 41 (ARM Clang)                  | FAIL               |
+----------------------------------------+--------------------+
| Ubuntu 24.04 (ARM)                     | PASS               |
+----------------------------------------+--------------------+
| Debian 12 with MUSDK                   | PASS               |
+----------------------------------------+--------------------+
| Ubuntu 20.04 ARM Clang Cross Compile   | PEND               |
+----------------------------------------+--------------------+
| Fedora 40 (ARM)                        | PASS               |
+----------------------------------------+--------------------+
| CentOS Stream 9 (ARM)                  | PASS               |
+----------------------------------------+--------------------+
| Ubuntu 22.04 (ARM)                     | PASS               |
+----------------------------------------+--------------------+
| Debian 12 (arm)                        | PASS               |
+----------------------------------------+--------------------+
| Ubuntu 20.04 aarch32 GCC Cross Compile | PEND               |
+----------------------------------------+--------------------+

==== 20 line log output for Fedora 41 (ARM Clang) (dpdk_meson_compile): ====
[1926/3430] Compiling C object drivers/net/macb/base/libmacb_base.a.p/macb_uio.c.o
[1927/3430] Compiling C object drivers/net/macb/base/libmacb_base.a.p/generic_phy.c.o
[1928/3430] Compiling C object drivers/net/macb/base/libmacb_base.a.p/motorcomm.c.o
[1929/3430] Linking static target drivers/net/macb/base/libmacb_base.a
[1930/3430] Compiling C object drivers/libtmp_rte_net_macb.a.p/net_macb_macb_ethdev.c.o
[1931/3430] Compiling C object drivers/libtmp_rte_net_macb.a.p/net_macb_macb_rxtx.c.o
[1932/3430] Compiling C object drivers/libtmp_rte_net_macb.a.p/net_macb_macb_rxtx_vec_neon.c.o
FAILED: drivers/libtmp_rte_net_macb.a.p/net_macb_macb_rxtx_vec_neon.c.o
clang -Idrivers/libtmp_rte_net_macb.a.p -Idrivers -I../drivers -Idrivers/net/macb -I../drivers/net/macb -Idrivers/net/macb/base -I../drivers/net/macb/base -Ilib/ethdev -I../lib/ethdev -I. -I.. -Iconfig -I../config -Ilib/eal/include -I../lib/eal/include -Ilib/eal/linux/include -I../lib/eal/linux/include -Ilib/eal/arm/include -I../lib/eal/arm/include -I../kernel/linux -Ilib/eal/common -I../lib/eal/common -Ilib/eal -I../lib/eal -Ilib/kvargs -I../lib/kvargs -Ilib/log -I../lib/log -Ilib/metrics -I../lib/metrics -Ilib/telemetry -I../lib/telemetry -Ilib/net -I../lib/net -Ilib/mbuf -I../lib/mbuf -Ilib/mempool -I../lib/mempool -Ilib/ring -I../lib/ring -Ilib/meter -I../lib/meter -Idrivers/bus/pci -I../drivers/bus/pci -I../drivers/bus/pci/linux -Ilib/pci -I../lib/pci -Idrivers/bus/vdev -I../drivers/bus/vdev -Xclang -fcolor-diagnostics -pipe -D_FILE_OFFSET_BITS=64 -Wall -Winvalid-pch -Wextra -Werror -std=c11 -O3 -include rte_config.h -Wvla -Wcast-qual -Wdeprecated -Wformat -Wformat-nonliteral -W
 format-security -Wmissing-declarations -Wmissing-prototypes -Wnested-externs -Wold-style-definition -Wpointer-arith -Wsign-compare -Wstrict-prototypes -Wundef -Wwrite-strings -Wno-missing-field-initializers -D_GNU_SOURCE -fPIC -march=armv8.1-a+crc+crypto -DALLOW_EXPERIMENTAL_API -DALLOW_INTERNAL_API -Wno-format-truncation -Wno-address-of-packed-member -DRTE_LOG_DEFAULT_LOGTYPE=pmd.net.macb -DRTE_ANNOTATE_LOCKS -Wthread-safety -MD -MQ drivers/libtmp_rte_net_macb.a.p/net_macb_macb_rxtx_vec_neon.c.o -MF drivers/libtmp_rte_net_macb.a.p/net_macb_macb_rxtx_vec_neon.c.o.d -o drivers/libtmp_rte_net_macb.a.p/net_macb_macb_rxtx_vec_neon.c.o -c ../drivers/net/macb/macb_rxtx_vec_neon.c
../drivers/net/macb/macb_rxtx_vec_neon.c:60:50: error: variable 'mbuf_initializer' is uninitialized when used here [-Werror,-Wuninitialized]
60 |                 vset_lane_u64(*(uint64_t *)(&mbuf.rearm_data), mbuf_initializer, 0);
|                                                                ^~~~~~~~~~~~~~~~
/usr/bin/../lib/clang/19/include/arm_neon.h:27414:21: note: expanded from macro 'vset_lane_u64'
27414 |   uint64x1_t __s1 = __p1; \
|                     ^~~~
../drivers/net/macb/macb_rxtx_vec_neon.c:49:2: note: variable 'mbuf_initializer' is declared here
49 |         uint64x1_t mbuf_initializer;
|         ^
1 error generated.
ninja: build stopped: subcommand failed.
==== End log output ====

RHEL9 (ARM)
	Kernel: Depends on container host
	Compiler: gcc 11.5.0 20240719 (Red Hat 11.5.0-2)

Ubuntu 20.04 ARM GCC Cross Compile
	Kernel: Depends on container host
	Compiler: aarch64-linux-gnu-gcc (Ubuntu 9.4.0-1ubuntu1~20.04.2) 9.4.0

Fedora 41 (ARM Clang)
	Kernel: Depends on container host
	Compiler: clang 19.1.5 (Fedora 19.1.5-1.fc41)

Ubuntu 24.04 (ARM)
	Kernel: Depends on container host
	Compiler: gcc (Ubuntu 13.3.0-6ubuntu2~24.04) 13.3.0

Debian 12 with MUSDK
	Kernel: Depends on container host
	Compiler: gcc (Debian 12.2.0-14) 12.2.0

Ubuntu 20.04 ARM Clang Cross Compile
	Kernel: Depends on container host
	Compiler: clang 10.0.0-4ubuntu1

Fedora 40 (ARM)
	Kernel: Depends on container host
	Compiler: gcc 14.2.1 20240912 (Red Hat 14.2.1-3)

CentOS Stream 9 (ARM)
	Kernel: Depends on container host
	Compiler: gcc 11.5.0 20240719 (Red Hat 11.5.0-2)

Ubuntu 22.04 (ARM)
	Kernel: Depends on container host
	Compiler: gcc (Ubuntu 11.4.0-1ubuntu1~22.04) 11.4.0

Debian 12 (arm)
	Kernel: Depends on container host
	Compiler: gcc (Debian 12.2.0-14) 12.2.0

Ubuntu 20.04 aarch32 GCC Cross Compile
	Kernel: Depends on container host
	Compiler: gcc 9.4.0

To view detailed results, visit:
https://lab.dpdk.org/results/dashboard/patchsets/32927/

UNH-IOL DPDK Community Lab

To manage your email subscriptions, visit: 
https://lab.dpdk.org/results/dashboard/preferences/subscriptions/


More information about the test-report mailing list