|FAILURE| [GIT MASTER] b40c403777e93242a377c07ff51964480d40b51d

dpdklab at iol.unh.edu dpdklab at iol.unh.edu
Thu Apr 3 09:05:19 CEST 2025


_Testing issues_

Branch: dpdk-next-net

b40c403777e93242a377c07ff51964480d40b51d --> testing issues

Upstream job id: Generic-VM-DPDK-Compile-Meson#34300

Test environment and result as below:

+---------------------+-------------------+--------------------+
|     Environment     | dpdk_msvc_compile | dpdk_meson_compile |
+=====================+===================+====================+
| Windows Server 2022 | PASS              | SKIPPED            |
+---------------------+-------------------+--------------------+
| FreeBSD 13.5        | SKIPPED           | PASS               |
+---------------------+-------------------+--------------------+
| Ubuntu 20.04        | SKIPPED           | FAIL               |
+---------------------+-------------------+--------------------+
| FreeBSD 14.2        | SKIPPED           | PASS               |
+---------------------+-------------------+--------------------+

==== 20 line log output for Ubuntu 20.04 (dpdk_meson_compile): ====
The Meson build system
Version: 0.53.2
Source dir: /home/jenkins-local/jenkins-agent/workspace/Generic-VM-DPDK-Compile-Meson/dpdk
Build dir: /home/jenkins-local/jenkins-agent/workspace/Generic-VM-DPDK-Compile-Meson/dpdk/build
Build type: native build

meson.build:4:0: ERROR: Meson version is 0.53.2 but project requires >= 0.57

A full log can be found at /home/jenkins-local/jenkins-agent/workspace/Generic-VM-DPDK-Compile-Meson/dpdk/build/meson-logs/meson-log.txt
==== End log output ====

Windows Server 2022
	Kernel: 10.0.20348.2031
	Compiler: clang 15.0.7, gcc 14.1.0 (MinGW), and MSVC VS 19.39.33521

FreeBSD 13.5
	Kernel: 13.5-RELEASE
	Compiler: clang 19.1.7

Ubuntu 20.04
	Kernel: 4.19.325-0419325-generic
	Compiler: gcc (Ubuntu 9.4.0-1ubuntu1~20.04.2) 9.4.0

FreeBSD 14.2
	Kernel: 14.2-RELEASE
	Compiler: clang 18.1.6

To view detailed results, visit:
https://lab.dpdk.org/results/dashboard/tarballs/33142/

UNH-IOL DPDK Community Lab

To manage your email subscriptions, visit: 
https://lab.dpdk.org/results/dashboard/preferences/subscriptions/


More information about the test-report mailing list