|WARNING| pw152750-152753 [PATCH] [RFC,4/4] net/cnxk: report link ty

dpdklab at iol.unh.edu dpdklab at iol.unh.edu
Thu Apr 3 12:50:17 CEST 2025


Test-Label: iol-abi-testing
Test-Status: WARNING
http://dpdk.org/patch/152753

_Testing issues_

Submitter: Nithin Dabilpuram <ndabilpuram at marvell.com>
Date: Thursday, April 03 2025 07:08:37 
DPDK git baseline: Repo:dpdk
  Branch: master
  CommitID:b40c403777e93242a377c07ff51964480d40b51d

152750-152753 --> testing issues

Upstream job id: Generic-DPDK-Compile-ABI#122214

Test environment and result as below:

+-------------------+----------+
|    Environment    | abi_test |
+===================+==========+
| CentOS Stream 10  | FAIL     |
+-------------------+----------+
| CentOS Stream 9   | FAIL     |
+-------------------+----------+
| Debian 12         | FAIL     |
+-------------------+----------+
| Fedora 40         | FAIL     |
+-------------------+----------+
| Fedora 40 (Clang) | FAIL     |
+-------------------+----------+
| Fedora 41 (Clang) | FAIL     |
+-------------------+----------+
| Fedora 41         | FAIL     |
+-------------------+----------+
| openSUSE Leap 15  | FAIL     |
+-------------------+----------+
| RHEL9             | FAIL     |
+-------------------+----------+
| RHEL8             | FAIL     |
+-------------------+----------+
| Ubuntu 22.04      | FAIL     |
+-------------------+----------+
| Ubuntu 24.04      | FAIL     |
+-------------------+----------+

==== 20 line log output for Ubuntu 24.04 (abi_test): ====
Functions changes summary: 0 Removed, 0 Changed (295 filtered out), 0 Added (9 filtered out) functions
Variables changes summary: 0 Removed, 0 Changed, 0 Added variable

Functions changes summary: 0 Removed, 1 Changed (17 filtered out), 0 Added (3 filtered out) functions
Variables changes summary: 0 Removed, 0 Changed (2 filtered out), 0 Added variables

1 function with some indirect sub-type change:

[C] 'function int rte_eth_link_get(uint16_t, rte_eth_link*)' at rte_ethdev.c:3065:1 has some indirect sub-type changes:
parameter 2 of type 'rte_eth_link*' has sub-type changes:
in pointed to type 'struct rte_eth_link' at rte_ethdev.h:348:1:
type size hasn't changed
1 data member change:
anonymous data member at offset 0 (in bits) changed from:
union {uint64_t val64; struct {uint32_t link_speed; uint16_t link_duplex; uint16_t link_autoneg; uint16_t link_status;};}
to:
union {uint64_t val64; struct {uint32_t link_speed; uint16_t link_duplex; uint16_t link_autoneg; uint16_t link_status; uint16_t link_type;};}

Error: ABI issue reported for abidiff --suppr /home-local/jenkins-local/jenkins-agent/workspace/Generic-DPDK-Compile-ABI at 3/dpdk/devtools/libabigail.abignore --no-added-syms --headers-dir1 reference/usr/local/include --headers-dir2 build_install/usr/local/include reference/usr/local/lib/x86_64-linux-gnu/librte_ethdev.so.25.0 build_install/usr/local/lib/x86_64-linux-gnu/librte_ethdev.so.25.2
ABIDIFF_ABI_CHANGE, this change requires a review (abidiff flagged this as a potential issue).
==== End log output ====

CentOS Stream 10
	Kernel: Depends on container host
	Compiler: gcc 14.2.1 20241104 (Red Hat 14.2.1-6)

CentOS Stream 9
	Kernel: Depends on container host
	Compiler: gcc 11.5.0 20240719 (Red Hat 11.5.0-2)

Debian 12
	Kernel: Depends on container host
	Compiler: gcc (Debian 12.2.0-14) 12.2.0

Fedora 40
	Kernel: Depends on container host
	Compiler: gcc 14.2.1 20240912 (Red Hat 14.2.1-3)

Fedora 40 (Clang)
	Kernel: Depends on container host
	Compiler: clang 18.1.8 (Fedora 18.1.8-1.fc40)

Fedora 41 (Clang)
	Kernel: Depends on container host
	Compiler: clang 19.1.5 (Fedora 19.1.5-1.fc41)

Fedora 41
	Kernel: Depends on container host
	Compiler: gcc 14.2.1 20240912 (Red Hat 14.2.1-3)

openSUSE Leap 15
	Kernel: Depends on container host
	Compiler: gcc (SUSE Linux) 7.5.0

RHEL9
	Kernel: Depends on container host
	Compiler: gcc 11.5.0 20240719 (Red Hat 11.5.0-2)

RHEL8
	Kernel: Depends on container host
	Compiler: gcc 8.5.0 20210514 (Red Hat 8.5.0-22)

Ubuntu 22.04
	Kernel: Depends on container host
	Compiler: gcc (Ubuntu 11.4.0-1ubuntu1~22.04) 11.4.0

Ubuntu 24.04
	Kernel: Depends on container host
	Compiler: gcc (Ubuntu 13.3.0-6ubuntu2~24.04) 13.3.0

To view detailed results, visit:
https://lab.dpdk.org/results/dashboard/patchsets/32939/

UNH-IOL DPDK Community Lab

To manage your email subscriptions, visit: 
https://lab.dpdk.org/results/dashboard/preferences/subscriptions/


More information about the test-report mailing list