|WARNING| pw152790 [PATCH] [v3] event/dlb2: consolidate AVX512 and S

dpdklab at iol.unh.edu dpdklab at iol.unh.edu
Mon Apr 7 17:22:40 CEST 2025


Test-Label: iol-abi-testing
Test-Status: WARNING
http://dpdk.org/patch/152790

_Testing issues_

Submitter: Tirthendu Sarkar <tirthendu.sarkar at intel.com>
Date: Monday, April 07 2025 09:19:25 
DPDK git baseline: Repo:dpdk
  Branch: master
  CommitID:e30e194c4d06cf9b0e93f9f0f2a289bef96abc1a

152790 --> testing issues

Upstream job id: Generic-DPDK-Compile-ABI#122533

Test environment and result as below:

+-------------------+----------+
|    Environment    | abi_test |
+===================+==========+
| CentOS Stream 9   | PASS     |
+-------------------+----------+
| CentOS Stream 10  | PASS     |
+-------------------+----------+
| Debian 12         | PASS     |
+-------------------+----------+
| Fedora 40 (Clang) | PASS     |
+-------------------+----------+
| Fedora 40         | PASS     |
+-------------------+----------+
| Fedora 41 (Clang) | PASS     |
+-------------------+----------+
| Fedora 41         | PASS     |
+-------------------+----------+
| openSUSE Leap 15  | FAIL     |
+-------------------+----------+
| RHEL8             | FAIL     |
+-------------------+----------+
| Ubuntu 22.04      | PASS     |
+-------------------+----------+
| RHEL9             | PASS     |
+-------------------+----------+
| Ubuntu 24.04      | PASS     |
+-------------------+----------+

==== 20 line log output for RHEL8 (abi_test): ====
../drivers/event/dlb2/dlb2_avx512.c: In function 'dlb2_build_qes_avx512':
../drivers/event/dlb2/dlb2_avx512.c:18:25: warning: implicit declaration of function '_mm512_set_epi8'; did you mean '_mm512_set1_epi8'? [-Wimplicit-function-declaration]
__m512i shuffle_mask = _mm512_set_epi8(
^~~~~~~~~~~~~~~
_mm512_set1_epi8
../drivers/event/dlb2/dlb2_avx512.c:18:25: warning: nested extern declaration of '_mm512_set_epi8' [-Wnested-externs]
../drivers/event/dlb2/dlb2_avx512.c:18:25: error: incompatible types when initializing type '__m512i' {aka '__vector(8) long long int'} using type 'int'
../drivers/event/dlb2/dlb2_avx512.c:24:22: warning: implicit declaration of function '_mm512_set_epi16'; did you mean '_mm512_set1_epi16'? [-Wimplicit-function-declaration]
__m512i sched_cmd = _mm512_set_epi16(cmd_weight[3], 0, sched_word[3], 0, 0, 0, 0, 0,
^~~~~~~~~~~~~~~~
_mm512_set1_epi16
../drivers/event/dlb2/dlb2_avx512.c:24:22: warning: nested extern declaration of '_mm512_set_epi16' [-Wnested-externs]
../drivers/event/dlb2/dlb2_avx512.c:24:22: error: incompatible types when initializing type '__m512i' {aka '__vector(8) long long int'} using type 'int'
../drivers/event/dlb2/dlb2_avx512.c:28:16: warning: implicit declaration of function '_mm512_loadu_epi8'; did you mean '_mm512_add_epi8'? [-Wimplicit-function-declaration]
__m512i tmp = _mm512_loadu_epi8((const __m512i *)ev);
^~~~~~~~~~~~~~~~~
_mm512_add_epi8
../drivers/event/dlb2/dlb2_avx512.c:28:16: warning: nested extern declaration of '_mm512_loadu_epi8' [-Wnested-externs]
../drivers/event/dlb2/dlb2_avx512.c:28:16: error: incompatible types when initializing type '__m512i' {aka '__vector(8) long long int'} using type 'int'
ninja: build stopped: subcommand failed.
==== End log output ====

CentOS Stream 9
	Kernel: Depends on container host
	Compiler: gcc 11.5.0 20240719 (Red Hat 11.5.0-2)

CentOS Stream 10
	Kernel: Depends on container host
	Compiler: gcc 14.2.1 20241104 (Red Hat 14.2.1-6)

Debian 12
	Kernel: Depends on container host
	Compiler: gcc (Debian 12.2.0-14) 12.2.0

Fedora 40 (Clang)
	Kernel: Depends on container host
	Compiler: clang 18.1.8 (Fedora 18.1.8-1.fc40)

Fedora 40
	Kernel: Depends on container host
	Compiler: gcc 14.2.1 20240912 (Red Hat 14.2.1-3)

Fedora 41 (Clang)
	Kernel: Depends on container host
	Compiler: clang 19.1.5 (Fedora 19.1.5-1.fc41)

Fedora 41
	Kernel: Depends on container host
	Compiler: gcc 14.2.1 20240912 (Red Hat 14.2.1-3)

openSUSE Leap 15
	Kernel: Depends on container host
	Compiler: gcc (SUSE Linux) 7.5.0

RHEL8
	Kernel: Depends on container host
	Compiler: gcc 8.5.0 20210514 (Red Hat 8.5.0-22)

Ubuntu 22.04
	Kernel: Depends on container host
	Compiler: gcc (Ubuntu 11.4.0-1ubuntu1~22.04) 11.4.0

RHEL9
	Kernel: Depends on container host
	Compiler: gcc 11.5.0 20240719 (Red Hat 11.5.0-2)

Ubuntu 24.04
	Kernel: Depends on container host
	Compiler: gcc (Ubuntu 13.3.0-6ubuntu2~24.04) 13.3.0

To view detailed results, visit:
https://lab.dpdk.org/results/dashboard/patchsets/32953/

UNH-IOL DPDK Community Lab

To manage your email subscriptions, visit: 
https://lab.dpdk.org/results/dashboard/preferences/subscriptions/


More information about the test-report mailing list