|FAILURE| pw152891-152903 [PATCH] [RFC,13/13] app/dumpcap: use port

dpdklab at iol.unh.edu dpdklab at iol.unh.edu
Sat Apr 12 05:24:08 CEST 2025


Test-Label: iol-compile-amd64-testing
Test-Status: FAILURE
http://dpdk.org/patch/152903

_Testing issues_

Submitter: Stephen Hemminger <stephen at networkplumber.org>
Date: Friday, April 11 2025 23:44:50 
DPDK git baseline: Repo:dpdk
  Branch: master
  CommitID:ca1690ebd224f148268285b15b97441ccdbdd07e

152891-152903 --> testing issues

Upstream job id: Generic-DPDK-Compile-Meson#379528

Test environment and result as below:

+-----------------------------------+--------------------+-------------------+------------------+-------------------------+-------------------+----------------------+
|            Environment            | dpdk_meson_compile | dpdk_compile_spdk | dpdk_compile_ovs | dpdk_llvm_clang_compile | dpdk_msvc_compile | dpdk_mingw64_compile |
+===================================+====================+===================+==================+=========================+===================+======================+
| CentOS Stream 9                   | PASS               | PASS              | SKIPPED          | SKIPPED                 | SKIPPED           | SKIPPED              |
+-----------------------------------+--------------------+-------------------+------------------+-------------------------+-------------------+----------------------+
| Debian 12                         | PASS               | PASS              | SKIPPED          | SKIPPED                 | SKIPPED           | SKIPPED              |
+-----------------------------------+--------------------+-------------------+------------------+-------------------------+-------------------+----------------------+
| CentOS Stream 10                  | PASS               | SKIPPED           | SKIPPED          | SKIPPED                 | SKIPPED           | SKIPPED              |
+-----------------------------------+--------------------+-------------------+------------------+-------------------------+-------------------+----------------------+
| Fedora 40 (Clang)                 | FAIL               | WARN              | SKIPPED          | SKIPPED                 | SKIPPED           | SKIPPED              |
+-----------------------------------+--------------------+-------------------+------------------+-------------------------+-------------------+----------------------+
| Fedora 41 (Clang)                 | FAIL               | WARN              | WARN             | SKIPPED                 | SKIPPED           | SKIPPED              |
+-----------------------------------+--------------------+-------------------+------------------+-------------------------+-------------------+----------------------+
| Fedora 41                         | PASS               | PASS              | PASS             | SKIPPED                 | SKIPPED           | SKIPPED              |
+-----------------------------------+--------------------+-------------------+------------------+-------------------------+-------------------+----------------------+
| Ubuntu 20.04                      | FAIL               | SKIPPED           | SKIPPED          | SKIPPED                 | SKIPPED           | SKIPPED              |
+-----------------------------------+--------------------+-------------------+------------------+-------------------------+-------------------+----------------------+
| RHEL8                             | FAIL               | SKIPPED           | SKIPPED          | SKIPPED                 | SKIPPED           | SKIPPED              |
+-----------------------------------+--------------------+-------------------+------------------+-------------------------+-------------------+----------------------+
| Ubuntu 22.04                      | PASS               | PASS              | SKIPPED          | SKIPPED                 | SKIPPED           | SKIPPED              |
+-----------------------------------+--------------------+-------------------+------------------+-------------------------+-------------------+----------------------+
| RHEL9                             | PASS               | SKIPPED           | SKIPPED          | SKIPPED                 | SKIPPED           | SKIPPED              |
+-----------------------------------+--------------------+-------------------+------------------+-------------------------+-------------------+----------------------+
| Ubuntu 24.04                      | PASS               | PASS              | PASS             | SKIPPED                 | SKIPPED           | SKIPPED              |
+-----------------------------------+--------------------+-------------------+------------------+-------------------------+-------------------+----------------------+
| Alpine                            | PASS               | SKIPPED           | SKIPPED          | SKIPPED                 | SKIPPED           | SKIPPED              |
+-----------------------------------+--------------------+-------------------+------------------+-------------------------+-------------------+----------------------+
| FreeBSD 13.5                      | FAIL               | SKIPPED           | SKIPPED          | SKIPPED                 | SKIPPED           | SKIPPED              |
+-----------------------------------+--------------------+-------------------+------------------+-------------------------+-------------------+----------------------+
| Ubuntu 24.04 32 Bit Cross Compile | PASS               | SKIPPED           | SKIPPED          | SKIPPED                 | SKIPPED           | SKIPPED              |
+-----------------------------------+--------------------+-------------------+------------------+-------------------------+-------------------+----------------------+
| FreeBSD 14.2                      | FAIL               | SKIPPED           | SKIPPED          | SKIPPED                 | SKIPPED           | SKIPPED              |
+-----------------------------------+--------------------+-------------------+------------------+-------------------------+-------------------+----------------------+
| openSUSE Leap 15                  | FAIL               | SKIPPED           | SKIPPED          | SKIPPED                 | SKIPPED           | SKIPPED              |
+-----------------------------------+--------------------+-------------------+------------------+-------------------------+-------------------+----------------------+
| Fedora 40                         | PASS               | PASS              | SKIPPED          | SKIPPED                 | SKIPPED           | SKIPPED              |
+-----------------------------------+--------------------+-------------------+------------------+-------------------------+-------------------+----------------------+
| Windows Server 2022               | SKIPPED            | SKIPPED           | SKIPPED          | FAIL                    | FAIL              | PASS                 |
+-----------------------------------+--------------------+-------------------+------------------+-------------------------+-------------------+----------------------+

==== 20 line log output for Windows Server 2022 (dpdk_msvc_compile): ====
 [ 1 9 8 / 3 6 1 ]   C o m p i l i n g   C   o b j e c t   l i b / l i b r t e _ e t h d e v . a . p / e t h d e v _ s f f _ 8 6 3 6 . c . o b j 
 
 [ 1 9 9 / 3 6 1 ]   C o m p i l i n g   C   o b j e c t   l i b / l i b r t e _ e t h d e v . a . p / e t h d e v _ r t e _ e t h d e v _ c m a n . c . o b j 
 
 [ 2 0 0 / 3 6 1 ]   C o m p i l i n g   C   o b j e c t   l i b / l i b r t e _ e t h d e v . a . p / e t h d e v _ r t e _ e t h d e v . c . o b j 
 
 F A I L E D :   l i b / l i b r t e _ e t h d e v . a . p / e t h d e v _ r t e _ e t h d e v . c . o b j   
 
 " c l "   " - I l i b \ l i b r t e _ e t h d e v . a . p "   " - I l i b "   " - I . . \ l i b "   " - I l i b \ e t h d e v "   " - I . . \ l i b \ e t h d e v "   " - I l i b \ e a l \ c o m m o n "   " - I . . \ l i b \ e a l \ c o m m o n "   " - I . "   " - I . . "   " - I c o n f i g "   " - I . . \ c o n f i g "   " - I l i b \ e a l \ i n c l u d e "   " - I . . \ l i b \ e a l \ i n c l u d e "   " - I l i b \ e a l \ w i n d o w s \ i n c l u d e "   " - I . . \ l i b \ e a l \ w i n d o w s \ i n c l u d e "   " - I l i b \ e a l \ x 8 6 \ i n c l u d e "   " - I . . \ l i b \ e a l \ x 8 6 \ i n c l u d e "   " - I l i b \ e a l "   " - I . . \ l i b \ e a l "   " - I l i b \ l o g "   " - I . . \ l i b \ l o g "   " - I l i b \ k v a r g s "   " - I . . \ l i b \ k v a r g s "   " - I l i b \ n e t "   " - I . . \ l i b \ n e t "   " - I l i b \ m b u f "   " - I . . \ l i b \ m b u f "   " - I l i b \ m e m p o o l "   " - I . . \ l i b \ m e m p o o l "   " - I l i b
  \ r i n g "   " - I . . \ l i b \ r i n g "   " - I l i b \ m e t r i c s "   " - I . . \ l i b \ m e t r i c s "   " - I l i b \ t e l e m e t r y "   " - I . . \ l i b \ t e l e m e t r y "   " - I l i b \ m e t e r "   " - I . . \ l i b \ m e t e r "   " - I C : \ P r o g r a m   F i l e s \ M e l l a n o x \ M L N X _ W i n O F 2 _ D e v X _ S D K \ i n c "   " / M D "   " / n o l o g o "   " / s h o w I n c l u d e s "   " / W 3 "   " / W X "   " / s t d : c 1 1 "   " / O 2 "   " / G w "   " / w d 4 2 4 4 "   " / w d 4 2 6 7 "   " / w d 4 1 4 6 "   " / e x p e r i m e n t a l : c 1 1 a t o m i c s "   " / d 1 e x p e r i m e n t a l : t y p e o f "   " / e x p e r i m e n t a l : s t a t e m e n t E x p r e s s i o n s "   " / F I "   " r t e _ c o n f i g . h "   " - D _ G N U _ S O U R C E "   " - D _ W I N 3 2 _ W I N N T = 0 x 0 A 0 0 "   " - D A L L O W _ E X P E R I M E N T A L _ A P I "   " - D A L L O W _ I N T E R N A L _ A P I "   " - D R T E _ L O G _ D E F A U L T 
 _ L O G T Y P E = l i b . e t h d e v "   " / F d l i b \ l i b r t e _ e t h d e v . a . p \ e t h d e v _ r t e _ e t h d e v . c . p d b "   / F o l i b / l i b r t e _ e t h d e v . a . p / e t h d e v _ r t e _ e t h d e v . c . o b j   " / c "   . . / l i b / e t h d e v / r t e _ e t h d e v . c 
 
 . . / l i b / e t h d e v / r t e _ e t h d e v . c ( 7 1 2 5 ) :   e r r o r   C 7 7 0 7 :   c a l l   t o   ' _ _ c 1 1 _ a t o m i c _ s t o r e ' :   a r g u m e n t   t y p e   ' r t e _ e t h _ m i r r o r   * * '   m u s t   b e   a   p o i n t e r   t o   a n   a t o m i c   t y p e 
 
 . . / l i b / e t h d e v / r t e _ e t h d e v . c ( 7 1 2 7 ) :   e r r o r   C 7 7 0 7 :   c a l l   t o   ' _ _ c 1 1 _ a t o m i c _ s t o r e ' :   a r g u m e n t   t y p e   ' r t e _ e t h _ m i r r o r   * * '   m u s t   b e   a   p o i n t e r   t o   a n   a t o m i c   t y p e 
 
 . . / l i b / e t h d e v / r t e _ e t h d e v . c ( 7 1 5 0 ) :   e r r o r   C 7 7 0 7 :   c a l l   t o   ' _ _ c 1 1 _ a t o m i c _ e x c h a n g e ' :   a r g u m e n t   t y p e   ' r t e _ e t h _ m i r r o r   * * '   m u s t   b e   a   p o i n t e r   t o   a n   a t o m i c   t y p e 
 
 . . / l i b / e t h d e v / r t e _ e t h d e v . c ( 7 1 5 2 ) :   e r r o r   C 7 7 0 7 :   c a l l   t o   ' _ _ c 1 1 _ a t o m i c _ e x c h a n g e ' :   a r g u m e n t   t y p e   ' r t e _ e t h _ m i r r o r   * * '   m u s t   b e   a   p o i n t e r   t o   a n   a t o m i c   t y p e 
 
 [ 2 0 1 / 3 6 1 ]   C o m p i l i n g   C   o b j e c t   l i b / l i b r t e _ e t h d e v . a . p / e t h d e v _ r t e _ m t r . c . o b j 
 
 [ 2 0 2 / 3 6 1 ]   C o m p i l i n g   C   o b j e c t   l i b / l i b r t e _ n e t . a . p / n e t _ r t e _ a r p . c . o b j 
 
 [ 2 0 3 / 3 6 1 ]   C o m p i l i n g   C   o b j e c t   l i b / l i b r t e _ e t h d e v . a . p / e t h d e v _ e t h d e v _ p r o f i l e . c . o b j 
 
 [ 2 0 4 / 3 6 1 ]   C o m p i l i n g   C   o b j e c t   l i b / l i b r t e _ e t h d e v . a . p / e t h d e v _ e t h d e v _ p r i v a t e . c . o b j 
 
 [ 2 0 5 / 3 6 1 ]   C o m p i l i n g   C   o b j e c t   l i b / l i b r t e _ m b u f . a . p / m b u f _ r t e _ m b u f . c . o b j 
 
 [ 2 0 6 / 3 6 1 ]   C o m p i l i n g   C   o b j e c t   l i b / l i b r t e _ e t h d e v . a . p / e t h d e v _ e t h d e v _ t r a c e _ p o i n t s . c . o b j 
 
 [ 2 0 7 / 3 6 1 ]   C o m p i l i n g   C   o b j e c t   l i b / l i b r t e _ e t h d e v . a . p / e t h d e v _ r t e _ e t h d e v _ t e l e m e t r y . c . o b j 
 
 [ 2 0 8 / 3 6 1 ]   C o m p i l i n g   C   o b j e c t   l i b / l i b r t e _ e t h d e v . a . p / e t h d e v _ r t e _ c l a s s _ e t h . c . o b j 
 
 [ 2 0 9 / 3 6 1 ]   C o m p i l i n g   C   o b j e c t   l i b / l i b r t e _ e t h d e v . a . p / e t h d e v _ r t e _ f l o w . c . o b j 
 
 n i n j a :   b u i l d   s t o p p e d :   s u b c o m m a n d   f a i l e d . 
 
 
==== End log output ====

CentOS Stream 9
	Kernel: Depends on container host
	Compiler: gcc 11.5.0 20240719 (Red Hat 11.5.0-2)

Debian 12
	Kernel: Depends on container host
	Compiler: gcc (Debian 12.2.0-14) 12.2.0

CentOS Stream 10
	Kernel: Depends on container host
	Compiler: gcc 14.2.1 20241104 (Red Hat 14.2.1-6)

Fedora 40 (Clang)
	Kernel: Depends on container host
	Compiler: clang 18.1.8 (Fedora 18.1.8-1.fc40)

Fedora 41 (Clang)
	Kernel: Depends on container host
	Compiler: clang 19.1.5 (Fedora 19.1.5-1.fc41)

Fedora 41
	Kernel: Depends on container host
	Compiler: gcc 14.2.1 20240912 (Red Hat 14.2.1-3)

Ubuntu 20.04
	Kernel: Depends on container host
	Compiler: gcc (Ubuntu 9.4.0-1ubuntu1~20.04.2) 9.4.0

RHEL8
	Kernel: Depends on container host
	Compiler: gcc 8.5.0 20210514 (Red Hat 8.5.0-22)

Ubuntu 22.04
	Kernel: Depends on container host
	Compiler: gcc (Ubuntu 11.4.0-1ubuntu1~22.04) 11.4.0

RHEL9
	Kernel: Depends on container host
	Compiler: gcc 11.5.0 20240719 (Red Hat 11.5.0-2)

Ubuntu 24.04
	Kernel: Depends on container host
	Compiler: gcc (Ubuntu 13.3.0-6ubuntu2~24.04) 13.3.0

Alpine
	Kernel: Depends on container host
	Compiler: gcc (Alpine 14.2.0) 14.2.0

FreeBSD 13.5
	Kernel: 13.5-RELEASE
	Compiler: clang 19.1.7

Ubuntu 24.04 32 Bit Cross Compile
	Kernel: Depends on container host
	Compiler: gcc (Ubuntu 13.3.0-6ubuntu2~24.04) 13.3.0

FreeBSD 14.2
	Kernel: 14.2-RELEASE
	Compiler: clang 18.1.6

openSUSE Leap 15
	Kernel: Depends on container host
	Compiler: gcc (SUSE Linux) 7.5.0

Fedora 40
	Kernel: Depends on container host
	Compiler: gcc 14.2.1 20240912 (Red Hat 14.2.1-3)

Windows Server 2022
	Kernel: 10.0.20348.2031
	Compiler: clang 15.0.7, gcc 14.1.0 (MinGW), and MSVC VS 19.39.33521

To view detailed results, visit:
https://lab.dpdk.org/results/dashboard/patchsets/33000/

UNH-IOL DPDK Community Lab

To manage your email subscriptions, visit: 
https://lab.dpdk.org/results/dashboard/preferences/subscriptions/


More information about the test-report mailing list