|WARNING| [GIT MASTER] 4401486b5e30d43a134f80f9802f60b5f43e74a8

dpdklab at iol.unh.edu dpdklab at iol.unh.edu
Thu Apr 17 09:57:06 CEST 2025


_Testing issues_

Branch: tags/v22.11

4401486b5e30d43a134f80f9802f60b5f43e74a8 --> testing issues

Upstream job id: Generic-Unit-Test-DPDK#331723

Test environment and result as below:

+-----------------------------+--------------+------------------------------+---------------------------+----------------+
|         Environment         | lpm_autotest | cryptodev_sw_snow3g_autotest | cryptodev_sw_zuc_autotest | dpdk_unit_test |
+=============================+==============+==============================+===========================+================+
| Ubuntu 20.04 ARM SVE        | FAIL         | SKIPPED                      | SKIPPED                   | SKIPPED        |
+-----------------------------+--------------+------------------------------+---------------------------+----------------+
| Debian 12 (arm)             | SKIPPED      | PASS                         | PASS                      | SKIPPED        |
+-----------------------------+--------------+------------------------------+---------------------------+----------------+
| 32-bit Ubuntu 22.04.4 (ARM) | SKIPPED      | SKIPPED                      | SKIPPED                   | PASS           |
+-----------------------------+--------------+------------------------------+---------------------------+----------------+

==== 20 line log output for Ubuntu 20.04 ARM SVE (lpm_autotest): ====
[671/690] Compiling C object 'app/test/3062f5d@@dpdk-test at exe/test_threads.c.o'.
[672/690] Compiling C object 'app/test/3062f5d@@dpdk-test at exe/test_thash_perf.c.o'.
[673/690] Compiling C object 'app/test/3062f5d@@dpdk-test at exe/test_timer_perf.c.o'.
[674/690] Compiling C object 'app/test/3062f5d@@dpdk-test at exe/test_thash.c.o'.
[675/690] Compiling C object 'app/test/3062f5d@@dpdk-test at exe/test_timer.c.o'.
[676/690] Compiling C object 'app/test/3062f5d@@dpdk-test at exe/test_timer_racecond.c.o'.
[677/690] Compiling C object 'app/test/3062f5d@@dpdk-test at exe/test_ticketlock.c.o'.
[678/690] Compiling C object 'app/test/3062f5d@@dpdk-test at exe/test_timer_secondary.c.o'.
[679/690] Compiling C object 'app/test/3062f5d@@dpdk-test at exe/test_ring.c.o'.
[680/690] Compiling C object 'app/test/3062f5d@@dpdk-test at exe/test_trace.c.o'.
[681/690] Compiling C object 'app/test/3062f5d@@dpdk-test at exe/test_trace_register.c.o'.
[682/690] Compiling C object 'app/test/3062f5d@@dpdk-test at exe/test_version.c.o'.
[683/690] Compiling C object 'app/test/3062f5d@@dpdk-test at exe/test_telemetry_data.c.o'.
[684/690] Compiling C object 'app/test/3062f5d@@dpdk-test at exe/test_telemetry_json.c.o'.
[685/690] Compiling C object 'app/test/3062f5d@@dpdk-test at exe/test_pcapng.c.o'.
[686/690] Compiling C object 'app/test/3062f5d@@dpdk-test at exe/virtual_pmd.c.o'.
[687/690] Compiling C object 'app/test/3062f5d@@dpdk-test at exe/test_bpf.c.o'.
[688/690] Compiling C object 'app/test/3062f5d@@dpdk-test at exe/test_trace_perf.c.o'.
[689/690] Compiling C object 'app/test/3062f5d@@dpdk-test at exe/test_compressdev.c.o'.
[690/690] Linking target app/test/dpdk-test.
==== End log output ====

Ubuntu 20.04 ARM SVE
	Kernel: Depends on container host
	Compiler: gcc (Ubuntu 10.5.0-1ubuntu1~20.04) 10.5.0

Debian 12 (arm)
	Kernel: Depends on container host
	Compiler: gcc (Debian 12.2.0-14) 12.2.0

32-bit Ubuntu 22.04.4 (ARM)
	Kernel: 5.15.83+ aarch64
	Compiler: gcc (Ubuntu 11.4.0-1ubuntu1~22.04) 11.4.0

To view detailed results, visit:
https://lab.dpdk.org/results/dashboard/tarballs/33284/

UNH-IOL DPDK Community Lab

To manage your email subscriptions, visit: 
https://lab.dpdk.org/results/dashboard/preferences/subscriptions/


More information about the test-report mailing list