|FAILURE| pw153051-153055 [PATCH] [v8,5/5] test/graph_feature_arc: a

dpdklab at iol.unh.edu dpdklab at iol.unh.edu
Sat Apr 19 13:58:08 CEST 2025


Test-Label: iol-unit-amd64-testing
Test-Status: FAILURE
http://dpdk.org/patch/153055

_Testing issues_

Submitter: Nitin Saxena <nsaxena at marvell.com>
Date: Saturday, April 19 2025 10:11:22 
DPDK git baseline: Repo:dpdk
  Branch: master
  CommitID:ca1690ebd224f148268285b15b97441ccdbdd07e

153051-153055 --> testing issues

Upstream job id: Generic-Unit-Test-DPDK#332209

Test environment and result as below:

+---------------------+----------------+
|     Environment     | dpdk_unit_test |
+=====================+================+
| CentOS Stream 9     | WARN           |
+---------------------+----------------+
| CentOS Stream 10    | PASS           |
+---------------------+----------------+
| Fedora 40 (Clang)   | PASS           |
+---------------------+----------------+
| Fedora 40           | PASS           |
+---------------------+----------------+
| Debian 12           | PASS           |
+---------------------+----------------+
| Ubuntu 20.04        | FAIL           |
+---------------------+----------------+
| Fedora 41           | PASS           |
+---------------------+----------------+
| Fedora 41 (Clang)   | PASS           |
+---------------------+----------------+
| RHEL8               | WARN           |
+---------------------+----------------+
| Ubuntu 22.04        | WARN           |
+---------------------+----------------+
| Ubuntu 24.04        | PASS           |
+---------------------+----------------+
| RHEL9               | WARN           |
+---------------------+----------------+
| Windows Server 2022 | PASS           |
+---------------------+----------------+

==== 20 line log output for RHEL9 (dpdk_unit_test): ====
ccache cc -Iapp/dpdk-graph.p -Iapp -I../app -Ilib/graph -I../lib/graph -Ilib/eal/common -I../lib/eal/common -I. -I.. -Iconfig -I../config -Ilib/eal/include -I../lib/eal/include -Ilib/eal/linux/include -I../lib/eal/linux/include -Ilib/eal/x86/include -I../lib/eal/x86/include -I../kernel/linux -Ilib/eal -I../lib/eal -Ilib/kvargs -I../lib/kvargs -Ilib/log -I../lib/log -Ilib/metrics -I../lib/metrics -Ilib/telemetry -I../lib/telemetry -Ilib/pcapng -I../lib/pcapng -Ilib/ethdev -I../lib/ethdev -Ilib/net -I../lib/net -Ilib/mbuf -I../lib/mbuf -Ilib/mempool -I../lib/mempool -Ilib/ring -I../lib/ring -Ilib/meter -I../lib/meter -Ilib/rcu -I../lib/rcu -Ilib/lpm -I../lib/lpm -Ilib/hash -I../lib/hash -Ilib/node -I../lib/node -Ilib/cryptodev -I../lib/cryptodev -Ilib/ip_frag -I../lib/ip_frag -Ilib/cmdline -I../lib/cmdline -Iapp/graph -fdiagnostics-color=always -pipe -D_FILE_OFFSET_BITS=64 -Wall -Winvalid-pch -Wextra -Werror -std=c11 -O3 -include rte_config.h -Wvla -Wcast-qual -Wdeprecated -Wformat -Wf
 ormat-nonliteral -Wformat-security -Wmissing-declarations -Wmissing-prototypes -Wnested-externs -Wold-style-definition -Wpointer-arith -Wsign-compare -Wstrict-prototypes -Wundef -Wwrite-strings -Wno-packed-not-aligned -Wno-missing-field-initializers -D_GNU_SOURCE -march=native -mrtm -DALLOW_EXPERIMENTAL_API -MD -MQ app/dpdk-graph.p/graph_ip4_output_hook.c.o -MF app/dpdk-graph.p/graph_ip4_output_hook.c.o.d -o app/dpdk-graph.p/graph_ip4_output_hook.c.o -c ../app/graph/ip4_output_hook.c
../app/graph/ip4_output_hook.c: In function 'app_graph_ip4_output_hook_node1_process':
../app/graph/ip4_output_hook.c:91:48: error: 'next' may be used uninitialized in this function [-Werror=maybe-uninitialized]
91 |         OUTPUT_HOOK_LAST_NEXT_INDEX(node->ctx) = next;
|                                                ^
../app/graph/ip4_output_hook.c:53:18: note: 'next' was declared here
53 |         uint16_t next;
|                  ^~~~
../app/graph/ip4_output_hook.c: In function 'app_graph_ip4_output_hook_node2_process':
../app/graph/ip4_output_hook.c:91:48: error: 'next' may be used uninitialized in this function [-Werror=maybe-uninitialized]
91 |         OUTPUT_HOOK_LAST_NEXT_INDEX(node->ctx) = next;
|                                                ^
../app/graph/ip4_output_hook.c:53:18: note: 'next' was declared here
53 |         uint16_t next;
|                  ^~~~
cc1: all warnings being treated as errors
[3179/3491] Compiling C object app/dpdk-proc-info.p/proc-info_main.c.o
[3180/3491] Compiling C object app/dpdk-test-acl.p/test-acl_main.c.o
[3181/3491] Linking target app/dpdk-pdump
ninja: build stopped: subcommand failed.
==== End log output ====

CentOS Stream 9
	Kernel: Depends on container host
	Compiler: gcc 11.5.0 20240719 (Red Hat 11.5.0-2)

CentOS Stream 10
	Kernel: Depends on container host
	Compiler: gcc 14.2.1 20241104 (Red Hat 14.2.1-6)

Fedora 40 (Clang)
	Kernel: Depends on container host
	Compiler: clang 18.1.8 (Fedora 18.1.8-1.fc40)

Fedora 40
	Kernel: Depends on container host
	Compiler: gcc 14.2.1 20240912 (Red Hat 14.2.1-3)

Debian 12
	Kernel: Depends on container host
	Compiler: gcc (Debian 12.2.0-14) 12.2.0

Ubuntu 20.04
	Kernel: Depends on container host
	Compiler: gcc (Ubuntu 9.4.0-1ubuntu1~20.04.2) 9.4.0

Fedora 41
	Kernel: Depends on container host
	Compiler: gcc 14.2.1 20240912 (Red Hat 14.2.1-3)

Fedora 41 (Clang)
	Kernel: Depends on container host
	Compiler: clang 19.1.5 (Fedora 19.1.5-1.fc41)

RHEL8
	Kernel: Depends on container host
	Compiler: gcc 8.5.0 20210514 (Red Hat 8.5.0-22)

Ubuntu 22.04
	Kernel: Depends on container host
	Compiler: gcc (Ubuntu 11.4.0-1ubuntu1~22.04) 11.4.0

Ubuntu 24.04
	Kernel: Depends on container host
	Compiler: gcc (Ubuntu 13.3.0-6ubuntu2~24.04) 13.3.0

RHEL9
	Kernel: Depends on container host
	Compiler: gcc 11.5.0 20240719 (Red Hat 11.5.0-2)

Windows Server 2022
	Kernel: 10.0.20348.2031
	Compiler: clang 15.0.7, gcc 14.1.0 (MinGW), and MSVC VS 19.39.33521

To view detailed results, visit:
https://lab.dpdk.org/results/dashboard/patchsets/33039/

UNH-IOL DPDK Community Lab

To manage your email subscriptions, visit: 
https://lab.dpdk.org/results/dashboard/preferences/subscriptions/


More information about the test-report mailing list