|WARNING| [GIT MASTER] 4401486b5e30d43a134f80f9802f60b5f43e74a8

dpdklab at iol.unh.edu dpdklab at iol.unh.edu
Thu Apr 24 09:33:44 CEST 2025


_Testing issues_

Branch: tags/v22.11

4401486b5e30d43a134f80f9802f60b5f43e74a8 --> testing issues

Upstream job id: Generic-DPDK-Compile-ABI#124288

Test environment and result as below:

+-------------------+----------+
|    Environment    | abi_test |
+===================+==========+
| Debian 12         | PASS     |
+-------------------+----------+
| Fedora 41 (Clang) | PASS     |
+-------------------+----------+
| Fedora 40         | FAIL     |
+-------------------+----------+
| Fedora 40 (Clang) | FAIL     |
+-------------------+----------+
| Fedora 41         | PASS     |
+-------------------+----------+
| CentOS Stream 9   | FAIL     |
+-------------------+----------+
| CentOS Stream 10  | PASS     |
+-------------------+----------+
| openSUSE Leap 15  | PASS     |
+-------------------+----------+
| RHEL8             | PASS     |
+-------------------+----------+
| Ubuntu 24.04      | PASS     |
+-------------------+----------+
| RHEL9             | FAIL     |
+-------------------+----------+
| Ubuntu 22.04      | FAIL     |
+-------------------+----------+

==== 20 line log output for Ubuntu 22.04 (abi_test): ====
Installing /root/workspace/Generic-DPDK-Compile-ABI/dpdk/drivers/raw/cnxk_bphy/rte_pmd_bphy.h to /root/workspace/Generic-DPDK-Compile-ABI/build_install/usr/local/include
Installing /root/workspace/Generic-DPDK-Compile-ABI/dpdk/drivers/raw/cnxk_gpio/rte_pmd_cnxk_gpio.h to /root/workspace/Generic-DPDK-Compile-ABI/build_install/usr/local/include
Installing /root/workspace/Generic-DPDK-Compile-ABI/dpdk/drivers/raw/dpaa2_cmdif/rte_pmd_dpaa2_cmdif.h to /root/workspace/Generic-DPDK-Compile-ABI/build_install/usr/local/include
Installing /root/workspace/Generic-DPDK-Compile-ABI/dpdk/drivers/raw/ntb/rte_pmd_ntb.h to /root/workspace/Generic-DPDK-Compile-ABI/build_install/usr/local/include
Installing /root/workspace/Generic-DPDK-Compile-ABI/dpdk/drivers/crypto/scheduler/rte_cryptodev_scheduler.h to /root/workspace/Generic-DPDK-Compile-ABI/build_install/usr/local/include
Installing /root/workspace/Generic-DPDK-Compile-ABI/dpdk/drivers/crypto/scheduler/rte_cryptodev_scheduler_operations.h to /root/workspace/Generic-DPDK-Compile-ABI/build_install/usr/local/include
Installing /root/workspace/Generic-DPDK-Compile-ABI/dpdk/drivers/event/dlb2/rte_pmd_dlb2.h to /root/workspace/Generic-DPDK-Compile-ABI/build_install/usr/local/include
Installing /root/workspace/Generic-DPDK-Compile-ABI/dpdk/drivers/baseband/acc/rte_acc_cfg.h to /root/workspace/Generic-DPDK-Compile-ABI/build_install/usr/local/include
Installing /root/workspace/Generic-DPDK-Compile-ABI/dpdk/drivers/baseband/fpga_5gnr_fec/rte_pmd_fpga_5gnr_fec.h to /root/workspace/Generic-DPDK-Compile-ABI/build_install/usr/local/include
Installing /root/workspace/Generic-DPDK-Compile-ABI/dpdk/usertools/dpdk-devbind.py to /root/workspace/Generic-DPDK-Compile-ABI/build_install/usr/local/bin
Installing /root/workspace/Generic-DPDK-Compile-ABI/dpdk/usertools/dpdk-pmdinfo.py to /root/workspace/Generic-DPDK-Compile-ABI/build_install/usr/local/bin
Installing /root/workspace/Generic-DPDK-Compile-ABI/dpdk/usertools/dpdk-telemetry.py to /root/workspace/Generic-DPDK-Compile-ABI/build_install/usr/local/bin
Installing /root/workspace/Generic-DPDK-Compile-ABI/dpdk/usertools/dpdk-hugepages.py to /root/workspace/Generic-DPDK-Compile-ABI/build_install/usr/local/bin
Installing /root/workspace/Generic-DPDK-Compile-ABI/dpdk/doc/guides/custom.css to /root/workspace/Generic-DPDK-Compile-ABI/build_install/usr/local/share/doc/dpdk/_static/css
Installing /root/workspace/Generic-DPDK-Compile-ABI/dpdk/build/rte_build_config.h to /root/workspace/Generic-DPDK-Compile-ABI/build_install/usr/local/include
Installing /root/workspace/Generic-DPDK-Compile-ABI/dpdk/build/meson-private/libdpdk-libs.pc to /root/workspace/Generic-DPDK-Compile-ABI/build_install/usr/local/lib/x86_64-linux-gnu/pkgconfig
Installing /root/workspace/Generic-DPDK-Compile-ABI/dpdk/build/meson-private/libdpdk.pc to /root/workspace/Generic-DPDK-Compile-ABI/build_install/usr/local/lib/x86_64-linux-gnu/pkgconfig
Running custom install script '/bin/sh /root/workspace/Generic-DPDK-Compile-ABI/dpdk/config/../buildtools/symlink-drivers-solibs.sh lib/x86_64-linux-gnu dpdk/pmds-23.0'
==== Compiled DPDK with debugoptimized
bash: /scripts/generate_abi.sh: No such file or directory
==== End log output ====

Debian 12
	Kernel: Depends on container host
	Compiler: gcc (Debian 12.2.0-14) 12.2.0

Fedora 41 (Clang)
	Kernel: Depends on container host
	Compiler: clang 19.1.5 (Fedora 19.1.5-1.fc41)

Fedora 40
	Kernel: Depends on container host
	Compiler: gcc 14.2.1 20240912 (Red Hat 14.2.1-3)

Fedora 40 (Clang)
	Kernel: Depends on container host
	Compiler: clang 18.1.8 (Fedora 18.1.8-1.fc40)

Fedora 41
	Kernel: Depends on container host
	Compiler: gcc 14.2.1 20240912 (Red Hat 14.2.1-3)

CentOS Stream 9
	Kernel: Depends on container host
	Compiler: gcc 11.5.0 20240719 (Red Hat 11.5.0-2)

CentOS Stream 10
	Kernel: Depends on container host
	Compiler: gcc 14.2.1 20241104 (Red Hat 14.2.1-6)

openSUSE Leap 15
	Kernel: Depends on container host
	Compiler: gcc (SUSE Linux) 7.5.0

RHEL8
	Kernel: Depends on container host
	Compiler: gcc 8.5.0 20210514 (Red Hat 8.5.0-22)

Ubuntu 24.04
	Kernel: Depends on container host
	Compiler: gcc (Ubuntu 13.3.0-6ubuntu2~24.04) 13.3.0

RHEL9
	Kernel: Depends on container host
	Compiler: gcc 11.5.0 20240719 (Red Hat 11.5.0-2)

Ubuntu 22.04
	Kernel: Depends on container host
	Compiler: gcc (Ubuntu 11.4.0-1ubuntu1~22.04) 11.4.0

To view detailed results, visit:
https://lab.dpdk.org/results/dashboard/tarballs/33345/

UNH-IOL DPDK Community Lab

To manage your email subscriptions, visit: 
https://lab.dpdk.org/results/dashboard/preferences/subscriptions/


More information about the test-report mailing list