|WARNING| [GIT MASTER] 4401486b5e30d43a134f80f9802f60b5f43e74a8

dpdklab at iol.unh.edu dpdklab at iol.unh.edu
Sun Apr 27 07:27:03 CEST 2025


_Testing issues_

Branch: tags/v22.11

4401486b5e30d43a134f80f9802f60b5f43e74a8 --> testing issues

Upstream job id: Generic-VM-DPDK-Compile-Meson#34938

Test environment and result as below:

+---------------------+--------------------+-------------------------+
|     Environment     | dpdk_meson_compile | dpdk_llvm_clang_compile |
+=====================+====================+=========================+
| FreeBSD 13.5        | PASS               | SKIPPED                 |
+---------------------+--------------------+-------------------------+
| Ubuntu 20.04        | PASS               | SKIPPED                 |
+---------------------+--------------------+-------------------------+
| FreeBSD 14.2        | PEND               | SKIPPED                 |
+---------------------+--------------------+-------------------------+
| Windows Server 2022 | SKIPPED            | FAIL                    |
+---------------------+--------------------+-------------------------+

==== 20 line log output for Windows Server 2022 (dpdk_llvm_clang_compile): ====
..\lib\eal\include/rte_common.h:850:32: note: expanded from macro 'RTE_FMT_TAIL'
#define RTE_FMT_TAIL(fmt, ...) __VA_ARGS__
^~~~~~~~~~~
..\lib\eal\include/rte_common.h:848:39: note: expanded from macro 'RTE_FMT'
#define RTE_FMT(fmt, ...) fmt "%.0s", __VA_ARGS__ ""
^~~~~~~~~~~
../drivers/crypto/mlx5/mlx5_crypto.c:463:18: note: forward declaration of 'struct mlx5_err_cqe'
volatile struct mlx5_err_cqe *cqe = (volatile struct mlx5_err_cqe *)
^
3 errors generated.
[619/788] Compiling C object drivers/libtmp_rte_crypto_mlx5.a.p/crypto_mlx5_mlx5_crypto_dek.c.obj
[620/788] Compiling C object drivers/libtmp_rte_net_vmxnet3.a.p/net_vmxnet3_vmxnet3_ethdev.c.obj
[621/788] Compiling C object app/dpdk-testpmd.exe.p/test-pmd_cmdline_mtr.c.obj
[622/788] Generating rte_net_octeon_ep.pmd.c with a custom command (wrapped by meson to set PATH)
[623/788] Compiling C object app/dpdk-testpmd.exe.p/test-pmd_cmdline.c.obj
[624/788] Compiling C object app/dpdk-testpmd.exe.p/test-pmd_csumonly.c.obj
[625/788] Compiling C object drivers/libtmp_rte_net_mlx5.a.p/net_mlx5_mlx5_tx_nompw.c.obj
[626/788] Compiling C object drivers/libtmp_rte_net_mlx5.a.p/net_mlx5_mlx5_tx_empw.c.obj
[627/788] Compiling C object drivers/libtmp_rte_net_mlx5.a.p/net_mlx5_mlx5_tx_txpp.c.obj
ninja: build stopped: subcommand failed.
==== End log output ====

FreeBSD 13.5
	Kernel: 13.5-RELEASE
	Compiler: clang 19.1.7

Ubuntu 20.04
	Kernel: 4.19.325-0419325-generic
	Compiler: gcc (Ubuntu 9.4.0-1ubuntu1~20.04.2) 9.4.0

FreeBSD 14.2
	Kernel: 14.2-RELEASE
	Compiler: clang 18.1.6

Windows Server 2022
	Kernel: 10.0.20348.2031
	Compiler: clang 15.0.7, gcc 14.1.0 (MinGW), and MSVC VS 19.39.33521

To view detailed results, visit:
https://lab.dpdk.org/results/dashboard/tarballs/33368/

UNH-IOL DPDK Community Lab

To manage your email subscriptions, visit: 
https://lab.dpdk.org/results/dashboard/preferences/subscriptions/


More information about the test-report mailing list