|WARNING| [GIT MASTER] 4401486b5e30d43a134f80f9802f60b5f43e74a8

dpdklab at iol.unh.edu dpdklab at iol.unh.edu
Mon Apr 28 07:23:47 CEST 2025


_Testing issues_

Branch: tags/v22.11

4401486b5e30d43a134f80f9802f60b5f43e74a8 --> testing issues

Upstream job id: Generic-DPDK-Compile-ABI#124613

Test environment and result as below:

+-------------------+----------+
|    Environment    | abi_test |
+===================+==========+
| CentOS Stream 9   | FAIL     |
+-------------------+----------+
| Debian 12         | FAIL     |
+-------------------+----------+
| CentOS Stream 10  | PEND     |
+-------------------+----------+
| Fedora 41         | PEND     |
+-------------------+----------+
| Fedora 40 (Clang) | FAIL     |
+-------------------+----------+
| Fedora 40         | PEND     |
+-------------------+----------+
| Fedora 41 (Clang) | FAIL     |
+-------------------+----------+
| openSUSE Leap 15  | PASS     |
+-------------------+----------+
| RHEL8             | PEND     |
+-------------------+----------+
| RHEL9             | PEND     |
+-------------------+----------+
| Ubuntu 24.04      | PEND     |
+-------------------+----------+
| Ubuntu 22.04      | PEND     |
+-------------------+----------+

==== 20 line log output for Fedora 41 (Clang) (abi_test): ====
'./librte_regex_cn9k.so.23.0' -> 'dpdk/pmds-23.0/librte_regex_cn9k.so.23.0'
'./librte_regex_mlx5.so' -> 'dpdk/pmds-23.0/librte_regex_mlx5.so'
'./librte_regex_mlx5.so.23' -> 'dpdk/pmds-23.0/librte_regex_mlx5.so.23'
'./librte_regex_mlx5.so.23.0' -> 'dpdk/pmds-23.0/librte_regex_mlx5.so.23.0'
'./librte_vdpa_ifc.so' -> 'dpdk/pmds-23.0/librte_vdpa_ifc.so'
'./librte_vdpa_ifc.so.23' -> 'dpdk/pmds-23.0/librte_vdpa_ifc.so.23'
'./librte_vdpa_ifc.so.23.0' -> 'dpdk/pmds-23.0/librte_vdpa_ifc.so.23.0'
'./librte_vdpa_mlx5.so' -> 'dpdk/pmds-23.0/librte_vdpa_mlx5.so'
'./librte_vdpa_mlx5.so.23' -> 'dpdk/pmds-23.0/librte_vdpa_mlx5.so.23'
'./librte_vdpa_mlx5.so.23.0' -> 'dpdk/pmds-23.0/librte_vdpa_mlx5.so.23.0'
'./librte_vdpa_sfc.so' -> 'dpdk/pmds-23.0/librte_vdpa_sfc.so'
'./librte_vdpa_sfc.so.23' -> 'dpdk/pmds-23.0/librte_vdpa_sfc.so.23'
'./librte_vdpa_sfc.so.23.0' -> 'dpdk/pmds-23.0/librte_vdpa_sfc.so.23.0'
Installing /root/workspace/Generic-DPDK-Compile-ABI at 4/dpdk/usertools/dpdk-hugepages.py to /root/workspace/Generic-DPDK-Compile-ABI at 4/build_install/usr/local/bin
Installing /root/workspace/Generic-DPDK-Compile-ABI at 4/dpdk/build/rte_build_config.h to /root/workspace/Generic-DPDK-Compile-ABI at 4/build_install/usr/local/include
Installing /root/workspace/Generic-DPDK-Compile-ABI at 4/dpdk/build/meson-private/libdpdk-libs.pc to /root/workspace/Generic-DPDK-Compile-ABI at 4/build_install/usr/local/lib64/pkgconfig
Installing /root/workspace/Generic-DPDK-Compile-ABI at 4/dpdk/build/meson-private/libdpdk.pc to /root/workspace/Generic-DPDK-Compile-ABI at 4/build_install/usr/local/lib64/pkgconfig
Running custom install script '/bin/sh /root/workspace/Generic-DPDK-Compile-ABI at 4/dpdk/config/../buildtools/symlink-drivers-solibs.sh lib64 dpdk/pmds-23.0'
==== Compiled DPDK with debugoptimized
bash: /scripts/generate_abi.sh: No such file or directory
==== End log output ====

CentOS Stream 9
	Kernel: Depends on container host
	Compiler: gcc 11.5.0 20240719 (Red Hat 11.5.0-2)

Debian 12
	Kernel: Depends on container host
	Compiler: gcc (Debian 12.2.0-14) 12.2.0

CentOS Stream 10
	Kernel: Depends on container host
	Compiler: gcc 14.2.1 20241104 (Red Hat 14.2.1-6)

Fedora 41
	Kernel: Depends on container host
	Compiler: gcc 14.2.1 20240912 (Red Hat 14.2.1-3)

Fedora 40 (Clang)
	Kernel: Depends on container host
	Compiler: clang 18.1.8 (Fedora 18.1.8-1.fc40)

Fedora 40
	Kernel: Depends on container host
	Compiler: gcc 14.2.1 20240912 (Red Hat 14.2.1-3)

Fedora 41 (Clang)
	Kernel: Depends on container host
	Compiler: clang 19.1.5 (Fedora 19.1.5-1.fc41)

openSUSE Leap 15
	Kernel: Depends on container host
	Compiler: gcc (SUSE Linux) 7.5.0

RHEL8
	Kernel: Depends on container host
	Compiler: gcc 8.5.0 20210514 (Red Hat 8.5.0-22)

RHEL9
	Kernel: Depends on container host
	Compiler: gcc 11.5.0 20240719 (Red Hat 11.5.0-2)

Ubuntu 24.04
	Kernel: Depends on container host
	Compiler: gcc (Ubuntu 13.3.0-6ubuntu2~24.04) 13.3.0

Ubuntu 22.04
	Kernel: Depends on container host
	Compiler: gcc (Ubuntu 11.4.0-1ubuntu1~22.04) 11.4.0

To view detailed results, visit:
https://lab.dpdk.org/results/dashboard/tarballs/33374/

UNH-IOL DPDK Community Lab

To manage your email subscriptions, visit: 
https://lab.dpdk.org/results/dashboard/preferences/subscriptions/


More information about the test-report mailing list