|FAILURE| [GIT MASTER] 7ce7d3341d7e21c2a81f2fea8e451681d7306d77
dpdklab at iol.unh.edu
dpdklab at iol.unh.edu
Thu Jan 30 10:18:54 CET 2025
_Testing issues_
Branch: tags/v22.11
7ce7d3341d7e21c2a81f2fea8e451681d7306d77 --> testing issues
Upstream job id: Generic-Unit-Test-DPDK#310342
Test environment and result as below:
+---------------------+----------------+
| Environment | dpdk_unit_test |
+=====================+================+
| Fedora 40 (Clang) | FAIL |
+---------------------+----------------+
| Debian Bullseye | FAIL |
+---------------------+----------------+
| Fedora 40 | FAIL |
+---------------------+----------------+
| Fedora 41 | FAIL |
+---------------------+----------------+
| RHEL9 | FAIL |
+---------------------+----------------+
| Ubuntu 20.04 | FAIL |
+---------------------+----------------+
| Fedora 41 (Clang) | FAIL |
+---------------------+----------------+
| CentOS Stream 9 | FAIL |
+---------------------+----------------+
| Ubuntu 24.04 | FAIL |
+---------------------+----------------+
| RHEL8 | FAIL |
+---------------------+----------------+
| Debian 12 | FAIL |
+---------------------+----------------+
| Ubuntu 22.04 | FAIL |
+---------------------+----------------+
| Windows Server 2022 | FAIL |
+---------------------+----------------+
==== Unit test summary for Windows Server 2022 (dpdk_unit_test): ====
Failed to get the unit test results.
Displaying the unit test results is not supported for some environments,
such as our aarch32 testing, where meson is not used to run the tests.
Download the logs available on our CI site.
==== End log output ====
Fedora 40 (Clang)
Kernel: Depends on container host
Compiler: clang 18.1.8 (Fedora 18.1.8-1.fc40)
Debian Bullseye
Kernel: Depends on container host
Compiler: gcc (Debian 10.2.1-6) 10.2.1 20210110
Fedora 40
Kernel: Depends on container host
Compiler: gcc 14.2.1 20240912 (Red Hat 14.2.1-3)
Fedora 41
Kernel: Depends on container host
Compiler: gcc 14.2.1 20240912 (Red Hat 14.2.1-3)
RHEL9
Kernel: Depends on container host
Compiler: gcc 11.5.0 20240719 (Red Hat 11.5.0-2)
Ubuntu 20.04
Kernel: Depends on container host
Compiler: gcc (Ubuntu 9.4.0-1ubuntu1~20.04.2) 9.4.0
Fedora 41 (Clang)
Kernel: Depends on container host
Compiler: clang 19.1.5 (Fedora 19.1.5-1.fc41)
CentOS Stream 9
Kernel: Depends on container host
Compiler: gcc 11.5.0 20240719 (Red Hat 11.5.0-2)
Ubuntu 24.04
Kernel: Depends on container host
Compiler: gcc (Ubuntu 13.3.0-6ubuntu2~24.04) 13.3.0
RHEL8
Kernel: Depends on container host
Compiler: gcc 8.5.0 20210514 (Red Hat 8.5.0-22)
Debian 12
Kernel: Depends on container host
Compiler: gcc (Debian 12.2.0-14) 12.2.0
Ubuntu 22.04
Kernel: Depends on container host
Compiler: gcc (Ubuntu 11.4.0-1ubuntu1~22.04) 11.4.0
Windows Server 2022
Kernel: 10.0.20348.2031
Compiler: clang 15.0.7, gcc 14.1.0 (MinGW), and MSVC VS 19.39.33521
To view detailed results, visit:
https://lab.dpdk.org/results/dashboard/tarballs/32389/
UNH-IOL DPDK Community Lab
To manage your email subscriptions, visit:
https://lab.dpdk.org/results/dashboard/preferences/subscriptions/
More information about the test-report
mailing list