[dpdk-test-report] |FAILURE| pw63703 [PATCH] [v1] net/axgbe: Add a HW quirk for register definitions
dpdklab at iol.unh.edu
dpdklab at iol.unh.edu
Tue Dec 10 11:44:22 CET 2019
Test-Label: iol-testing
Test-Status: FAILURE
http://dpdk.org/patch/63703
_Testing issues_
Submitter: Selwin Sebastian <selwin.sebastian at amd.com>
Date: Tuesday, December 10 2019 15:29:15
DPDK git baseline: Repo:dpdk
Branch: master
CommitID:aef1d0733179afb56916e95058a4f1398b81af04
63703 --> testing fail
Test environment and result as below:
+--------------+--------------------+--------------+----------------+-------------------+------------------+
| Environment | dpdk_meson_compile | dpdk_compile | dpdk_unit_test | dpdk_compile_spdk | dpdk_compile_ovs |
+==============+====================+==============+================+===================+==================+
| Ubuntu 18.04 | FAIL | PASS | FAIL | PASS | PASS |
+--------------+--------------------+--------------+----------------+-------------------+------------------+
| CentOS 8 | FAIL | PASS | SKIPPED | SKIPPED | PASS |
+--------------+--------------------+--------------+----------------+-------------------+------------------+
| FreeBSD 11.2 | PASS | PASS | SKIPPED | PASS | SKIPPED |
+--------------+--------------------+--------------+----------------+-------------------+------------------+
Ubuntu 18.04
Kernel: 4.15.0-generic
GCC: 7.4
CentOS 8
Kernel: 4.18.0.el8_0
GCC: 8.2
FreeBSD 11.2
Kernel: 11.2
GCC: 8.3
https://lab.dpdk.org/results/dashboard/patchsets/8847/
UNH-IOL DPDK Community Lab
To manage your email subscriptions visit:
https://lab.dpdk.org/results/dashboard/preferences/subscriptions/
More information about the test-report
mailing list