[dpdk-test-report] |FAILURE| pw63972-63973 [PATCH] [v4, 1/2] eal: add API to check if its interrupt context
dpdklab at iol.unh.edu
dpdklab at iol.unh.edu
Tue Dec 17 18:29:46 CET 2019
Test-Label: iol-testing
Test-Status: FAILURE
http://dpdk.org/patch/63972
_Testing issues_
Submitter: Sunil Kumar Kori <skori at marvell.com>
Date: Tuesday, December 17 2019 16:53:03
DPDK git baseline: Repo:dpdk
Branch: master
CommitID:c3e89f69facbbfe131b6a6723665d48801ac943d
63972-63973 --> testing fail
Test environment and result as below:
+--------------+----------------+------------------+-------------------+--------------------+--------------+
| Environment | dpdk_unit_test | dpdk_compile_ovs | dpdk_compile_spdk | dpdk_meson_compile | dpdk_compile |
+==============+================+==================+===================+====================+==============+
| Ubuntu 18.04 | FAIL | PASS | PASS | FAIL | PASS |
+--------------+----------------+------------------+-------------------+--------------------+--------------+
| CentOS 8 | SKIPPED | PASS | SKIPPED | FAIL | PASS |
+--------------+----------------+------------------+-------------------+--------------------+--------------+
| FreeBSD 11.2 | SKIPPED | SKIPPED | PASS | FAIL | PASS |
+--------------+----------------+------------------+-------------------+--------------------+--------------+
Ubuntu 18.04
Kernel: 4.15.0-generic
GCC: 7.4
CentOS 8
Kernel: 4.18.0.el8_0
GCC: 8.2
FreeBSD 11.2
Kernel: 11.2
GCC: 8.3
https://lab.dpdk.org/results/dashboard/patchsets/8955/
UNH-IOL DPDK Community Lab
To manage your email subscriptions visit:
https://lab.dpdk.org/results/dashboard/preferences/subscriptions/
More information about the test-report
mailing list