[dpdk-test-report] |FAILURE| [GIT MASTER] b5b4f851c11f8f71caa3a4c24027c6013b737d59
dpdklab at iol.unh.edu
dpdklab at iol.unh.edu
Sat Dec 21 21:33:41 CET 2019
_Testing issues_
Branch: dpdk-next-net-brcm
b5b4f851c11f8f71caa3a4c24027c6013b737d59 --> testing fail
Test environment and result as below:
+--------------+--------------+-------------------+--------------------+------------------+
| Environment | dpdk_compile | dpdk_compile_spdk | dpdk_meson_compile | dpdk_compile_ovs |
+==============+==============+===================+====================+==================+
| FreeBSD 11.2 | PASS | PASS | PASS | SKIPPED |
+--------------+--------------+-------------------+--------------------+------------------+
| Ubuntu 18.04 | PASS | FAIL | FAIL | FAIL |
+--------------+--------------+-------------------+--------------------+------------------+
| Fedora 31 | PASS | SKIPPED | PASS | PASS |
+--------------+--------------+-------------------+--------------------+------------------+
| CentOS 8 | PASS | SKIPPED | PASS | PASS |
+--------------+--------------+-------------------+--------------------+------------------+
FreeBSD 11.2
Kernel: 11.2
GCC: 8.3
Ubuntu 18.04
Kernel: 4.15.0-generic
GCC: 7.4
Fedora 31
Kernel: 5.3.16
GCC: 9.2.1
CentOS 8
Kernel: 4.18.0.el8_0
GCC: 8.2
https://lab.dpdk.org/results/dashboard/tarballs/7572/
UNH-IOL DPDK Community Lab
To manage your email subscriptions visit:
https://lab.dpdk.org/results/dashboard/preferences/subscriptions/
More information about the test-report
mailing list