[dpdk-test-report] |FAILURE| [GIT MASTER] 7b94d4e69d4f33cfa633ea61528c6391b425cf71
dpdklab at iol.unh.edu
dpdklab at iol.unh.edu
Sat Nov 9 21:27:15 CET 2019
_Compilie Testing issues_
Branch: dpdk-next-net-brcm
7b94d4e69d4f33cfa633ea61528c6391b425cf71 --> compile testing fail
Test environment and result as below:
+--------------+-------------------+------------------+--------------+
| Environment | dpdk_compile_spdk | dpdk_compile_ovs | dpdk_compile |
+==============+===================+==================+==============+
| Ubuntu 18.04 | PASS | PASS | PASS |
+--------------+-------------------+------------------+--------------+
| FreeBSD 11.2 | PASS | | PASS |
+--------------+-------------------+------------------+--------------+
| CentOS 8 | | FAIL | FAIL |
+--------------+-------------------+------------------+--------------+
Ubuntu 18.04
Kernel: 4.15.0-generic
GCC: 7.4
FreeBSD 11.2
Kernel: 11.2
GCC: 8.3
CentOS 8
Kernel: 4.18.0.el8_0
GCC: 8.2
https://lab.dpdk.org/results/dashboard/tarballs/7028/
UNH-IOL DPDK Performance Test Lab
To manage your email subscriptions visit:
https://lab.dpdk.org/results/dashboard/preferences/subscriptions/
More information about the test-report
mailing list