[dpdk-test-report] |FAILURE| [GIT MASTER] da4d18556b03e2da81f8959dd6f59677d3d78afe
dpdklab at iol.unh.edu
dpdklab at iol.unh.edu
Tue Nov 12 01:28:59 CET 2019
_Compilie Testing issues_
Branch: dpdk-next-net-intel
da4d18556b03e2da81f8959dd6f59677d3d78afe --> compile testing fail
Test environment and result as below:
+--------------+--------------+------------------+-------------------+
| Environment | dpdk_compile | dpdk_compile_ovs | dpdk_compile_spdk |
+==============+==============+==================+===================+
| FreeBSD 11.2 | PASS | | PASS |
+--------------+--------------+------------------+-------------------+
| Ubuntu 18.04 | PASS | PASS | PASS |
+--------------+--------------+------------------+-------------------+
| CentOS 8 | FAIL | FAIL | |
+--------------+--------------+------------------+-------------------+
FreeBSD 11.2
Kernel: 11.2
GCC: 8.3
Ubuntu 18.04
Kernel: 4.15.0-generic
GCC: 7.4
CentOS 8
Kernel: 4.18.0.el8_0
GCC: 8.2
https://lab.dpdk.org/results/dashboard/tarballs/7053/
UNH-IOL DPDK Performance Test Lab
To manage your email subscriptions visit:
https://lab.dpdk.org/results/dashboard/preferences/subscriptions/
More information about the test-report
mailing list