[dpdk-test-report] |FAILURE| pw63306 [PATCH] vhost-blk: delete the unused return value
dpdklab at iol.unh.edu
dpdklab at iol.unh.edu
Tue Nov 26 13:09:35 CET 2019
Test-Label: iol-compilation
Test-Status: FAILURE
http://dpdk.org/patch/63306
_Compilie Testing issues_
Submitter: Jin Yu <jin.yu at intel.com>
Date: Tuesday, November 26 2019 15:37:16
DPDK git baseline: Repo:dpdk
Branch: master
CommitID:39a19ae03d8fe6210f3e7919b29378bd3223621c
63306 --> compile testing fail
Test environment and result as below:
+--------------+----------------+---------------+--------------+---------------+
| Environment | dpdk_compile_o | dpdk_compile_ | dpdk_compile | dpdk_meson_co |
| | vs | spdk | | mpile |
+==============+================+===============+==============+===============+
| Ubuntu 18.04 | PASS | PASS | PASS | FAIL |
+--------------+----------------+---------------+--------------+---------------+
| CentOS 8 | PASS | SKIPPED | PASS | FAIL |
+--------------+----------------+---------------+--------------+---------------+
| FreeBSD 11.2 | SKIPPED | PASS | PASS | FAIL |
+--------------+----------------+---------------+--------------+---------------+
Ubuntu 18.04
Kernel: 4.15.0-generic
GCC: 7.4
CentOS 8
Kernel: 4.18.0.el8_0
GCC: 8.2
FreeBSD 11.2
Kernel: 11.2
GCC: 8.3
https://lab.dpdk.org/results/dashboard/patchsets/8711/
UNH-IOL DPDK Performance Test Lab
To manage your email subscriptions visit:
https://lab.dpdk.org/results/dashboard/preferences/subscriptions/
More information about the test-report
mailing list