[dpdk-test-report] |FAILURE| pw63304 [PATCH] vhost: fix insecure temporary file
dpdklab at iol.unh.edu
dpdklab at iol.unh.edu
Tue Nov 26 14:47:50 CET 2019
Test-Label: iol-compilation
Test-Status: FAILURE
http://dpdk.org/patch/63304
_Compilie Testing issues_
Submitter: Jin Yu <jin.yu at intel.com>
Date: Tuesday, November 26 2019 15:19:00
DPDK git baseline: Repo:dpdk
Branch: master
CommitID:39a19ae03d8fe6210f3e7919b29378bd3223621c
63304 --> compile testing fail
Test environment and result as below:
+--------------+--------------+----------------+---------------+---------------+
| Environment | dpdk_compile | dpdk_compile_o | dpdk_compile_ | dpdk_meson_co |
| | | vs | spdk | mpile |
+==============+==============+================+===============+===============+
| Ubuntu 18.04 | PASS | PASS | PASS | FAIL |
+--------------+--------------+----------------+---------------+---------------+
| FreeBSD 11.2 | PASS | SKIPPED | PASS | FAIL |
+--------------+--------------+----------------+---------------+---------------+
| CentOS 8 | PASS | PASS | SKIPPED | FAIL |
+--------------+--------------+----------------+---------------+---------------+
Ubuntu 18.04
Kernel: 4.15.0-generic
GCC: 7.4
FreeBSD 11.2
Kernel: 11.2
GCC: 8.3
CentOS 8
Kernel: 4.18.0.el8_0
GCC: 8.2
https://lab.dpdk.org/results/dashboard/patchsets/8709/
UNH-IOL DPDK Performance Test Lab
To manage your email subscriptions visit:
https://lab.dpdk.org/results/dashboard/preferences/subscriptions/
More information about the test-report
mailing list