[dpdk-test-report] |FAILURE| pw63344 [PATCH] net/mlx5: fix legacy non-inline multi-packet performance
dpdklab at iol.unh.edu
dpdklab at iol.unh.edu
Wed Nov 27 14:21:49 CET 2019
Test-Label: iol-compilation
Test-Status: FAILURE
http://dpdk.org/patch/63344
_Compilie Testing issues_
Submitter: Viacheslav Ovsiienko <viacheslavo at mellanox.com>
Date: Wednesday, November 27 2019 12:33:12
DPDK git baseline: Repo:dpdk
Branch: master
CommitID:ebf9c7b1db2fbc09f87eed4cf8486239786fcad1
63344 --> compile testing fail
Test environment and result as below:
+--------------+------------------+--------------+-------------------+
| Environment | dpdk_compile_ovs | dpdk_compile | dpdk_compile_spdk |
+==============+==================+==============+===================+
| Ubuntu 18.04 | FAIL | FAIL | FAIL |
+--------------+------------------+--------------+-------------------+
| CentOS 8 | FAIL | FAIL | SKIPPED |
+--------------+------------------+--------------+-------------------+
| FreeBSD 11.2 | SKIPPED | PASS | PASS |
+--------------+------------------+--------------+-------------------+
Ubuntu 18.04
Kernel: 4.15.0-generic
GCC: 7.4
CentOS 8
Kernel: 4.18.0.el8_0
GCC: 8.2
FreeBSD 11.2
Kernel: 11.2
GCC: 8.3
https://lab.dpdk.org/results/dashboard/patchsets/8742/
UNH-IOL DPDK Performance Test Lab
To manage your email subscriptions visit:
https://lab.dpdk.org/results/dashboard/preferences/subscriptions/
More information about the test-report
mailing list