[dpdk-test-report] |WARNING| pw60373 [PATCH] vhost: add support to large linear mbufs
dpdklab at iol.unh.edu
dpdklab at iol.unh.edu
Wed Oct 2 00:50:10 CEST 2019
Test-Label: iol-compilation
Test-Status: WARNING
http://dpdk.org/patch/60373
_Compilie Testing issues_
Submitter: Flavio Leitner <fbl at sysclose.org>
Date: Tuesday, October 01 2019 22:19:35
DPDK git baseline: Repo:dpdk
Branch: master
CommitID:bd253daa7717835f88bbc58b09a94d0060380396
60373 --> compile testing fail
Test environment and result as below:
+--------------+------------------+-------------------+--------------+
| Environment | dpdk_compile_ovs | dpdk_compile_spdk | dpdk_compile |
+==============+==================+===================+==============+
| Ubuntu 18.04 | FAIL | PASS | PASS |
+--------------+------------------+-------------------+--------------+
| FreeBSD 11.2 | | PASS | PASS |
+--------------+------------------+-------------------+--------------+
Ubuntu 18.04
Kernel: 4.15.0-generic
GCC: 7.4
FreeBSD 11.2
Kernel: 11.2
GCC: 8.3
https://lab.dpdk.org/results/dashboard/patchsets/7752/
UNH-IOL DPDK Performance Test Lab
To manage your email subscriptions visit:
https://lab.dpdk.org/results/dashboard/preferences/subscriptions/
More information about the test-report
mailing list