[dpdk-test-report] |FAILURE| pw61914-61915 [PATCH] [v2, 1/2] eal/freebsd: add support for base virtaddr option
dpdklab at iol.unh.edu
dpdklab at iol.unh.edu
Thu Oct 24 22:34:20 CEST 2019
Test-Label: iol-compilation
Test-Status: FAILURE
http://dpdk.org/patch/61914
_Compilie Testing issues_
Submitter: Burakov, Anatoly <anatoly.burakov at intel.com>
Date: Thursday, October 24 2019 15:17:56
DPDK git baseline: Repo:dpdk
Branch: master
CommitID:ae783b42c4935d013ccec3f4625c51ec9ed234be
61914-61915 --> compile testing fail
Test environment and result as below:
+--------------+--------------+-------------------+------------------+
| Environment | dpdk_compile | dpdk_compile_spdk | dpdk_compile_ovs |
+==============+==============+===================+==================+
| FreeBSD 11.2 | FAIL | FAIL | |
+--------------+--------------+-------------------+------------------+
| Ubuntu 18.04 | PASS | PASS | PASS |
+--------------+--------------+-------------------+------------------+
| CentOS 8 | PASS | | PASS |
+--------------+--------------+-------------------+------------------+
FreeBSD 11.2
Kernel: 11.2
GCC: 8.3
Ubuntu 18.04
Kernel: 4.15.0-generic
GCC: 7.4
CentOS 8
Kernel: 4.18.0.el8_0
GCC: 8.2
https://lab.dpdk.org/results/dashboard/patchsets/8140/
UNH-IOL DPDK Performance Test Lab
To manage your email subscriptions visit:
https://lab.dpdk.org/results/dashboard/preferences/subscriptions/
More information about the test-report
mailing list