[dpdk-test-report] |FAILURE| pw68237 [PATCH] [v1] eal: add VFIO-PCI SR-IOV support
dpdklab at iol.unh.edu
dpdklab at iol.unh.edu
Mon Apr 13 06:07:17 CEST 2020
Test-Label: iol-testing
Test-Status: FAILURE
http://dpdk.org/patch/68237
_Testing issues_
Submitter: Haiyue Wang <haiyue.wang at intel.com>
Date: Monday, April 13 2020 02:31:15
DPDK git baseline: Repo:dpdk
Branch: master
CommitID:2a41db7589cb27dc491963f8c09b8dd452a8296d
68237 --> testing fail
Test environment and result as below:
+---------------------+-------------------+--------------+--------------------+------------------+----------------+
| Environment | dpdk_compile_spdk | dpdk_compile | dpdk_meson_compile | dpdk_compile_ovs | dpdk_unit_test |
+=====================+===================+==============+====================+==================+================+
| FreeBSD 11.2 | FAIL | FAIL | FAIL | SKIPPED | SKIPPED |
+---------------------+-------------------+--------------+--------------------+------------------+----------------+
| CentOS 8 | PASS | PASS | PASS | PASS | SKIPPED |
+---------------------+-------------------+--------------+--------------------+------------------+----------------+
| Ubuntu 18.04 | PASS | PASS | PASS | PASS | PASS |
+---------------------+-------------------+--------------+--------------------+------------------+----------------+
| openSUSE Leap 15 | PASS | PASS | PASS | PASS | SKIPPED |
+---------------------+-------------------+--------------+--------------------+------------------+----------------+
| Fedora 31 | PASS | PASS | PASS | PASS | SKIPPED |
+---------------------+-------------------+--------------+--------------------+------------------+----------------+
| Arch Linux | SKIPPED | PASS | PASS | PASS | SKIPPED |
+---------------------+-------------------+--------------+--------------------+------------------+----------------+
| Windows Server 2019 | SKIPPED | SKIPPED | PASS | SKIPPED | SKIPPED |
+---------------------+-------------------+--------------+--------------------+------------------+----------------+
FreeBSD 11.2
Kernel: 11.2
Compiler: gcc 8.3
CentOS 8
Kernel: 4.18.0.el8_0
Compiler: gcc 8.3.1
Ubuntu 18.04
Kernel: 4.15.0-generic
Compiler: gcc 7.4
openSUSE Leap 15
Kernel: 4.12.14
Compiler: gcc 7.4.1
Fedora 31
Kernel: 5.3.16
Compiler: gcc 9.2.1
Arch Linux
Kernel: latest
Compiler: gcc latest
Windows Server 2019
Kernel: 10.0
Compiler: clang 9.0
To view detailed results, visit:
https://lab.dpdk.org/results/dashboard/patchsets/10382/
UNH-IOL DPDK Community Lab
To manage your email subscriptions, visit:
https://lab.dpdk.org/results/dashboard/preferences/subscriptions/
More information about the test-report
mailing list