[dpdk-test-report] |FAILURE| pw68970 [PATCH] app: fix usage help of options separated by dashes
dpdklab at iol.unh.edu
dpdklab at iol.unh.edu
Tue Apr 21 03:59:36 CEST 2020
Test-Label: iol-testing
Test-Status: FAILURE
http://dpdk.org/patch/68970
_Testing issues_
Submitter: Thomas Monjalon <thomas at monjalon.net>
Date: Monday, April 20 2020 23:25:31
DPDK git baseline: Repo:dpdk
Branch: master
CommitID:4e648fb70c9de2597a6987c88f0a5aa16a28a2d1
68970 --> testing fail
Test environment and result as below:
+---------------------+--------------------+--------------+------------------+----------------+-------------------+
| Environment | dpdk_meson_compile | dpdk_compile | dpdk_compile_ovs | dpdk_unit_test | dpdk_compile_spdk |
+=====================+====================+==============+==================+================+===================+
| Windows Server 2019 | FAIL | SKIPPED | SKIPPED | SKIPPED | SKIPPED |
+---------------------+--------------------+--------------+------------------+----------------+-------------------+
| Ubuntu 18.04 | PASS | PASS | PASS | PASS | PASS |
+---------------------+--------------------+--------------+------------------+----------------+-------------------+
| openSUSE Leap 15 | PASS | PASS | PASS | SKIPPED | PASS |
+---------------------+--------------------+--------------+------------------+----------------+-------------------+
| CentOS 8 | PASS | PASS | PASS | SKIPPED | PASS |
+---------------------+--------------------+--------------+------------------+----------------+-------------------+
| FreeBSD 11.2 | PASS | PASS | SKIPPED | SKIPPED | PASS |
+---------------------+--------------------+--------------+------------------+----------------+-------------------+
| Arch Linux | PASS | PASS | PASS | SKIPPED | SKIPPED |
+---------------------+--------------------+--------------+------------------+----------------+-------------------+
Windows Server 2019
Kernel: 10.0
Compiler: clang 9.0
Ubuntu 18.04
Kernel: 4.15.0-generic
Compiler: gcc 7.4
openSUSE Leap 15
Kernel: 4.12.14
Compiler: gcc 7.4.1
CentOS 8
Kernel: 4.18.0.el8_0
Compiler: gcc 8.3.1
FreeBSD 11.2
Kernel: 11.2
Compiler: gcc 8.3
Arch Linux
Kernel: latest
Compiler: gcc latest
To view detailed results, visit:
https://lab.dpdk.org/results/dashboard/patchsets/10577/
UNH-IOL DPDK Community Lab
To manage your email subscriptions, visit:
https://lab.dpdk.org/results/dashboard/preferences/subscriptions/
More information about the test-report
mailing list