[dpdk-test-report] |FAILURE| pw69069 [PATCH] net/ice: fix flow redirector issue
dpdklab at iol.unh.edu
dpdklab at iol.unh.edu
Wed Apr 22 17:53:56 CEST 2020
Test-Label: iol-testing
Test-Status: FAILURE
http://dpdk.org/patch/69069
_Testing issues_
Submitter: Beilei Xing <beilei.xing at intel.com>
Date: Wednesday, April 22 2020 12:22:44
DPDK git baseline: Repo:dpdk-next-net-intel
Branch: master
CommitID:c0d27a4655c0163fd7ef2d1e4b4fb2f8785d960a
69069 --> testing fail
Test environment and result as below:
+---------------------+--------------+--------------------+-------------------+----------------+------------------+
| Environment | dpdk_compile | dpdk_meson_compile | dpdk_compile_spdk | dpdk_unit_test | dpdk_compile_ovs |
+=====================+==============+====================+===================+================+==================+
| FreeBSD 11.2 | FAIL | FAIL | FAIL | SKIPPED | SKIPPED |
+---------------------+--------------+--------------------+-------------------+----------------+------------------+
| CentOS 8 | PASS | PASS | PASS | SKIPPED | PASS |
+---------------------+--------------+--------------------+-------------------+----------------+------------------+
| Ubuntu 18.04 | PASS | PASS | PASS | PASS | PASS |
+---------------------+--------------+--------------------+-------------------+----------------+------------------+
| Arch Linux | PASS | PASS | SKIPPED | SKIPPED | PASS |
+---------------------+--------------+--------------------+-------------------+----------------+------------------+
| Fedora 31 | PASS | PASS | PASS | SKIPPED | PASS |
+---------------------+--------------+--------------------+-------------------+----------------+------------------+
| openSUSE Leap 15 | PASS | PASS | PASS | SKIPPED | PASS |
+---------------------+--------------+--------------------+-------------------+----------------+------------------+
| Windows Server 2019 | SKIPPED | FAIL | SKIPPED | SKIPPED | SKIPPED |
+---------------------+--------------+--------------------+-------------------+----------------+------------------+
FreeBSD 11.2
Kernel: 11.2
Compiler: gcc 8.3
CentOS 8
Kernel: 4.18.0.el8_0
Compiler: gcc 8.3.1
Ubuntu 18.04
Kernel: 4.15.0-generic
Compiler: gcc 7.4
Arch Linux
Kernel: latest
Compiler: gcc latest
Fedora 31
Kernel: 5.3.16
Compiler: gcc 9.2.1
openSUSE Leap 15
Kernel: 4.12.14
Compiler: gcc 7.4.1
Windows Server 2019
Kernel: 10.0
Compiler: clang 9.0
To view detailed results, visit:
https://lab.dpdk.org/results/dashboard/patchsets/10615/
UNH-IOL DPDK Community Lab
To manage your email subscriptions, visit:
https://lab.dpdk.org/results/dashboard/preferences/subscriptions/
More information about the test-report
mailing list