[dpdk-test-report] |FAILURE| pw69112 [PATCH] [v4, 1/1] eal: add internal ABI mark support
dpdklab at iol.unh.edu
dpdklab at iol.unh.edu
Thu Apr 23 01:29:02 CEST 2020
Test-Label: iol-testing
Test-Status: FAILURE
http://dpdk.org/patch/69112
_Testing issues_
Submitter: Wang, Haiyue <haiyue.wang at intel.com>
Date: Wednesday, April 22 2020 16:37:56
DPDK git baseline: Repo:dpdk
Branch: master
CommitID:d6298844da7e3e83034f1af196bdfddf388f979e
69112 --> testing fail
Test environment and result as below:
+---------------------+--------------------+-------------------+------------------+--------------+----------------+
| Environment | dpdk_meson_compile | dpdk_compile_spdk | dpdk_compile_ovs | dpdk_compile | dpdk_unit_test |
+=====================+====================+===================+==================+==============+================+
| Windows Server 2019 | FAIL | SKIPPED | SKIPPED | SKIPPED | SKIPPED |
+---------------------+--------------------+-------------------+------------------+--------------+----------------+
| Fedora 31 | PASS | PASS | PASS | PASS | SKIPPED |
+---------------------+--------------------+-------------------+------------------+--------------+----------------+
| CentOS 8 | PASS | PASS | PASS | PASS | SKIPPED |
+---------------------+--------------------+-------------------+------------------+--------------+----------------+
| Ubuntu 18.04 | PASS | PASS | PASS | PASS | PASS |
+---------------------+--------------------+-------------------+------------------+--------------+----------------+
| openSUSE Leap 15 | PASS | PASS | PASS | PASS | SKIPPED |
+---------------------+--------------------+-------------------+------------------+--------------+----------------+
| Arch Linux | PASS | SKIPPED | PASS | PASS | SKIPPED |
+---------------------+--------------------+-------------------+------------------+--------------+----------------+
| FreeBSD 11.2 | SKIPPED | PASS | SKIPPED | PASS | SKIPPED |
+---------------------+--------------------+-------------------+------------------+--------------+----------------+
Windows Server 2019
Kernel: 10.0
Compiler: clang 9.0
Fedora 31
Kernel: 5.3.16
Compiler: gcc 9.2.1
CentOS 8
Kernel: 4.18.0.el8_0
Compiler: gcc 8.3.1
Ubuntu 18.04
Kernel: 4.15.0-generic
Compiler: gcc 7.4
openSUSE Leap 15
Kernel: 4.12.14
Compiler: gcc 7.4.1
Arch Linux
Kernel: latest
Compiler: gcc latest
FreeBSD 11.2
Kernel: 11.2
Compiler: gcc 8.3
To view detailed results, visit:
https://lab.dpdk.org/results/dashboard/patchsets/10629/
UNH-IOL DPDK Community Lab
To manage your email subscriptions, visit:
https://lab.dpdk.org/results/dashboard/preferences/subscriptions/
More information about the test-report
mailing list