[dpdk-test-report] |FAILURE| pw85768-85769 [PATCH] [v5,	2/2] examples/vhost: refactor vhost data path
    dpdklab at iol.unh.edu 
    dpdklab at iol.unh.edu
       
    Tue Dec 29 17:56:09 CET 2020
    
    
  
Test-Label: iol-testing
Test-Status: FAILURE
http://dpdk.org/patch/85769
_Testing issues_
Submitter: Jiang, Cheng1 <Cheng1.jiang at intel.com>
Date: Monday, December 28 2020 07:16:10 
DPDK git baseline: Repo:dpdk
  Branch: master
  CommitID:9d620630ea30386d7fc2ff192656a9051b6dc6b5
85768-85769 --> testing fail
Test environment and result as below:
+---------------------+----------------------+--------------------+----------------+-------------------+
|     Environment     | dpdk_mingw64_compile | dpdk_meson_compile | dpdk_unit_test | dpdk_compile_spdk |
+=====================+======================+====================+================+===================+
| Windows Server 2019 | PASS                 | PASS               | SKIPPED        | SKIPPED           |
+---------------------+----------------------+--------------------+----------------+-------------------+
| FreeBSD 11.2        | SKIPPED              | PASS               | SKIPPED        | SKIPPED           |
+---------------------+----------------------+--------------------+----------------+-------------------+
| CentOS 8            | SKIPPED              | FAIL               | SKIPPED        | SKIPPED           |
+---------------------+----------------------+--------------------+----------------+-------------------+
| Fedora 31           | SKIPPED              | FAIL               | SKIPPED        | FAIL              |
+---------------------+----------------------+--------------------+----------------+-------------------+
| openSUSE Leap 15    | SKIPPED              | FAIL               | SKIPPED        | SKIPPED           |
+---------------------+----------------------+--------------------+----------------+-------------------+
| Arch Linux          | SKIPPED              | FAIL               | SKIPPED        | SKIPPED           |
+---------------------+----------------------+--------------------+----------------+-------------------+
| Ubuntu 18.04        | SKIPPED              | FAIL               | FAIL           | FAIL              |
+---------------------+----------------------+--------------------+----------------+-------------------+
Windows Server 2019
	Kernel: 10.0
	Compiler: clang 9.0
FreeBSD 11.2
	Kernel: 11.2
	Compiler: gcc 8.3
CentOS 8
	Kernel: 4.18.0.el8_0
	Compiler: gcc 8.3.1
Fedora 31
	Kernel: 5.3.16
	Compiler: gcc 9.2.1
openSUSE Leap 15
	Kernel: 4.12.14
	Compiler: gcc 7.4.1
Arch Linux
	Kernel: latest
	Compiler: gcc latest
Ubuntu 18.04
	Kernel: 4.15.0-generic
	Compiler: gcc 7.5
To view detailed results, visit:
https://lab.dpdk.org/results/dashboard/patchsets/14961/
UNH-IOL DPDK Community Lab
To manage your email subscriptions, visit: 
https://lab.dpdk.org/results/dashboard/preferences/subscriptions/
    
    
More information about the test-report
mailing list