[dpdk-test-report] |FAILURE| pw66051 [PATCH] net/i40e: fix X722 performance drop
dpdklab at iol.unh.edu
dpdklab at iol.unh.edu
Wed Feb 26 12:18:55 CET 2020
Test-Label: iol-testing
Test-Status: FAILURE
http://dpdk.org/patch/66051
_Testing issues_
Submitter: Qiming Yang <qiming.yang at intel.com>
Date: Wednesday, February 26 2020 09:22:21
DPDK git baseline: Repo:dpdk
Branch: master
CommitID:d7142fbae16f185e11bfa44be061399afc40a1be
66051 --> testing fail
Test environment and result as below:
+---------------------+------------------+-------------------+--------------+--------------------+----------------+
| Environment | dpdk_compile_ovs | dpdk_compile_spdk | dpdk_compile | dpdk_meson_compile | dpdk_unit_test |
+=====================+==================+===================+==============+====================+================+
| openSUSE Leap 15 | FAIL | FAIL | FAIL | FAIL | SKIPPED |
+---------------------+------------------+-------------------+--------------+--------------------+----------------+
| CentOS 8 | PASS | PASS | PASS | PASS | SKIPPED |
+---------------------+------------------+-------------------+--------------+--------------------+----------------+
| Ubuntu 18.04 | PASS | PASS | PASS | PASS | PASS |
+---------------------+------------------+-------------------+--------------+--------------------+----------------+
| Fedora 31 | PASS | PASS | PASS | PASS | SKIPPED |
+---------------------+------------------+-------------------+--------------+--------------------+----------------+
| Arch Linux | PASS | SKIPPED | PASS | PASS | SKIPPED |
+---------------------+------------------+-------------------+--------------+--------------------+----------------+
| FreeBSD 11.2 | SKIPPED | PASS | PASS | PASS | SKIPPED |
+---------------------+------------------+-------------------+--------------+--------------------+----------------+
| Windows Server 2019 | SKIPPED | SKIPPED | SKIPPED | PASS | SKIPPED |
+---------------------+------------------+-------------------+--------------+--------------------+----------------+
openSUSE Leap 15
Kernel: 4.12.14
Compiler: gcc 7.4.1
CentOS 8
Kernel: 4.18.0.el8_0
Compiler: gcc 8.3.1
Ubuntu 18.04
Kernel: 4.15.0-generic
Compiler: gcc 7.4
Fedora 31
Kernel: 5.3.16
Compiler: gcc 9.2.1
Arch Linux
Kernel: latest
Compiler: gcc latest
FreeBSD 11.2
Kernel: 11.2
Compiler: gcc 8.3
Windows Server 2019
Kernel: 10.0
Compiler: clang 9.0
To view detailed results, visit:
https://lab.dpdk.org/results/dashboard/patchsets/9757/
UNH-IOL DPDK Community Lab
To manage your email subscriptions, visit:
https://lab.dpdk.org/results/dashboard/preferences/subscriptions/
More information about the test-report
mailing list