[dpdk-test-report] |WARNING| pw64693 [PATCH] [v2] net/ixgbe: fix blocking system events
dpdklab at iol.unh.edu
dpdklab at iol.unh.edu
Thu Jan 16 02:28:18 CET 2020
Test-Label: iol-testing
Test-Status: WARNING
http://dpdk.org/patch/64693
_Testing issues_
Submitter: Zhu, TaoX <taox.zhu at intel.com>
Date: Wednesday, January 15 2020 19:38:48
DPDK git baseline: Repo:dpdk-next-net-intel
Branch: master
CommitID:95edbfebfa116dffd3db7fac9a1776317acd7dd9
64693 --> testing fail
Test environment and result as below:
+------------------+-------------------+------------------+----------------+--------------+--------------------+
| Environment | dpdk_compile_spdk | dpdk_compile_ovs | dpdk_unit_test | dpdk_compile | dpdk_meson_compile |
+==================+===================+==================+================+==============+====================+
| Ubuntu 18.04 | PASS | PASS | PASS | PASS | PASS |
+------------------+-------------------+------------------+----------------+--------------+--------------------+
| FreeBSD 11.2 | PASS | SKIPPED | SKIPPED | PASS | PASS |
+------------------+-------------------+------------------+----------------+--------------+--------------------+
| openSUSE Leap 15 | SKIPPED | PASS | SKIPPED | PASS | PASS |
+------------------+-------------------+------------------+----------------+--------------+--------------------+
| CentOS 8 | SKIPPED | FAIL | SKIPPED | PASS | PASS |
+------------------+-------------------+------------------+----------------+--------------+--------------------+
| Arch Linux | SKIPPED | PASS | SKIPPED | PASS | PASS |
+------------------+-------------------+------------------+----------------+--------------+--------------------+
| Fedora 31 | SKIPPED | PASS | SKIPPED | PASS | PASS |
+------------------+-------------------+------------------+----------------+--------------+--------------------+
Ubuntu 18.04
Kernel: 4.15.0-generic
GCC: 7.4
FreeBSD 11.2
Kernel: 11.2
GCC: 8.3
openSUSE Leap 15
Kernel: 4.12.14
GCC: 7.4.1
CentOS 8
Kernel: 4.18.0.el8_0
GCC: 8.2
Arch Linux
Kernel: latest
GCC: latest
Fedora 31
Kernel: 5.3.16
GCC: 9.2.1
To view detailed results, visit:
https://lab.dpdk.org/results/dashboard/patchsets/9206/
UNH-IOL DPDK Community Lab
To manage your email subscriptions, visit:
https://lab.dpdk.org/results/dashboard/preferences/subscriptions/
More information about the test-report
mailing list