[dpdk-test-report] |FAILURE| pw64852 [PATCH] [v2] net/mlx5: fix metadata item endianness conversion
dpdklab at iol.unh.edu
dpdklab at iol.unh.edu
Fri Jan 17 19:31:23 CET 2020
Test-Label: iol-testing
Test-Status: FAILURE
http://dpdk.org/patch/64852
_Testing issues_
Submitter: Slava Ovsiienko <viacheslavo at mellanox.com>
Date: Friday, January 17 2020 14:59:32
DPDK git baseline: Repo:dpdk
Branch: master
CommitID:b88632f9fdd0a8782918bb2ba07478cdae6aa010
64852 --> testing fail
Test environment and result as below:
+------------------+-------------------+--------------------+------------------+----------------+--------------+
| Environment | dpdk_compile_spdk | dpdk_meson_compile | dpdk_compile_ovs | dpdk_unit_test | dpdk_compile |
+==================+===================+====================+==================+================+==============+
| Ubuntu 18.04 | PASS | PASS | PASS | FAIL | PASS |
+------------------+-------------------+--------------------+------------------+----------------+--------------+
| FreeBSD 11.2 | PASS | PASS | SKIPPED | SKIPPED | PASS |
+------------------+-------------------+--------------------+------------------+----------------+--------------+
| Arch Linux | SKIPPED | PASS | PASS | SKIPPED | PASS |
+------------------+-------------------+--------------------+------------------+----------------+--------------+
| openSUSE Leap 15 | SKIPPED | PASS | PASS | SKIPPED | PASS |
+------------------+-------------------+--------------------+------------------+----------------+--------------+
| Fedora 31 | SKIPPED | PASS | PASS | SKIPPED | PASS |
+------------------+-------------------+--------------------+------------------+----------------+--------------+
| CentOS 8 | SKIPPED | PASS | PASS | SKIPPED | PASS |
+------------------+-------------------+--------------------+------------------+----------------+--------------+
Ubuntu 18.04
Kernel: 4.15.0-generic
GCC: 7.4
FreeBSD 11.2
Kernel: 11.2
GCC: 8.3
Arch Linux
Kernel: latest
GCC: latest
openSUSE Leap 15
Kernel: 4.12.14
GCC: 7.4.1
Fedora 31
Kernel: 5.3.16
GCC: 9.2.1
CentOS 8
Kernel: 4.18.0.el8_0
GCC: 8.3.1
To view detailed results, visit:
https://lab.dpdk.org/results/dashboard/patchsets/9269/
UNH-IOL DPDK Community Lab
To manage your email subscriptions, visit:
https://lab.dpdk.org/results/dashboard/preferences/subscriptions/
More information about the test-report
mailing list