[dpdk-test-report] |FAILURE| pw65344 [PATCH] build: remove function versioning from meson files
dpdklab at iol.unh.edu
dpdklab at iol.unh.edu
Wed Jan 29 19:39:38 CET 2020
Test-Label: iol-testing
Test-Status: FAILURE
http://dpdk.org/patch/65344
_Testing issues_
Submitter: Andrzej Ostruszka <aostruszka at marvell.com>
Date: Wednesday, January 29 2020 16:23:46
DPDK git baseline: Repo:dpdk
Branch: master
CommitID:c465e6b94be343303303f26b95f3c2ae4969063e
65344 --> testing fail
Test environment and result as below:
+------------------+----------------+-------------------+--------------------+--------------+------------------+
| Environment | dpdk_unit_test | dpdk_compile_spdk | dpdk_meson_compile | dpdk_compile | dpdk_compile_ovs |
+==================+================+===================+====================+==============+==================+
| Ubuntu 18.04 | FAIL | PASS | FAIL | PASS | PASS |
+------------------+----------------+-------------------+--------------------+--------------+------------------+
| FreeBSD 11.2 | SKIPPED | PASS | FAIL | PASS | SKIPPED |
+------------------+----------------+-------------------+--------------------+--------------+------------------+
| openSUSE Leap 15 | SKIPPED | SKIPPED | FAIL | PASS | PASS |
+------------------+----------------+-------------------+--------------------+--------------+------------------+
| Arch Linux | SKIPPED | SKIPPED | FAIL | PASS | PASS |
+------------------+----------------+-------------------+--------------------+--------------+------------------+
| CentOS 8 | SKIPPED | SKIPPED | FAIL | PASS | PASS |
+------------------+----------------+-------------------+--------------------+--------------+------------------+
Ubuntu 18.04
Kernel: 4.15.0-generic
GCC: 7.4
FreeBSD 11.2
Kernel: 11.2
GCC: 8.3
openSUSE Leap 15
Kernel: 4.12.14
GCC: 7.4.1
Arch Linux
Kernel: latest
GCC: latest
CentOS 8
Kernel: 4.18.0.el8_0
GCC: 8.3.1
To view detailed results, visit:
https://lab.dpdk.org/results/dashboard/patchsets/9412/
UNH-IOL DPDK Community Lab
To manage your email subscriptions, visit:
https://lab.dpdk.org/results/dashboard/preferences/subscriptions/
More information about the test-report
mailing list