[dpdk-test-report] |FAILURE| pw73531-73535 [PATCH] [1/5] net/mlx5: add flow validation of eCPRI header
dpdklab at iol.unh.edu
dpdklab at iol.unh.edu
Thu Jul 9 09:24:01 CEST 2020
Test-Label: iol-testing
Test-Status: FAILURE
http://dpdk.org/patch/73531
_Testing issues_
Submitter: Bing Zhao <bingz at mellanox.com>
Date: Wednesday, July 08 2020 14:43:03
DPDK git baseline: Repo:dpdk
Branch: master
CommitID:a8550b773184c202cee408aee8621d682ccb21dc
73531-73535 --> testing fail
Test environment and result as below:
+---------------------+--------------------+----------------+------------------+-------------------+--------------+
| Environment | dpdk_meson_compile | dpdk_unit_test | dpdk_compile_ovs | dpdk_compile_spdk | dpdk_compile |
+=====================+====================+================+==================+===================+==============+
| Windows Server 2019 | PASS | SKIPPED | SKIPPED | SKIPPED | SKIPPED |
+---------------------+--------------------+----------------+------------------+-------------------+--------------+
| Ubuntu 18.04 | FAIL | FAIL | FAIL | FAIL | FAIL |
+---------------------+--------------------+----------------+------------------+-------------------+--------------+
| CentOS 8 | FAIL | SKIPPED | FAIL | FAIL | FAIL |
+---------------------+--------------------+----------------+------------------+-------------------+--------------+
| Fedora 31 | FAIL | SKIPPED | FAIL | FAIL | FAIL |
+---------------------+--------------------+----------------+------------------+-------------------+--------------+
| FreeBSD 11.2 | PASS | SKIPPED | SKIPPED | PASS | PASS |
+---------------------+--------------------+----------------+------------------+-------------------+--------------+
| openSUSE Leap 15 | FAIL | SKIPPED | FAIL | FAIL | FAIL |
+---------------------+--------------------+----------------+------------------+-------------------+--------------+
| Arch Linux | FAIL | SKIPPED | FAIL | SKIPPED | FAIL |
+---------------------+--------------------+----------------+------------------+-------------------+--------------+
Windows Server 2019
Kernel: 10.0
Compiler: clang 9.0
Ubuntu 18.04
Kernel: 4.15.0-generic
Compiler: gcc 7.4
CentOS 8
Kernel: 4.18.0.el8_0
Compiler: gcc 8.3.1
Fedora 31
Kernel: 5.3.16
Compiler: gcc 9.2.1
FreeBSD 11.2
Kernel: 11.2
Compiler: gcc 8.3
openSUSE Leap 15
Kernel: 4.12.14
Compiler: gcc 7.4.1
Arch Linux
Kernel: latest
Compiler: gcc latest
To view detailed results, visit:
https://lab.dpdk.org/results/dashboard/patchsets/11941/
UNH-IOL DPDK Community Lab
To manage your email subscriptions, visit:
https://lab.dpdk.org/results/dashboard/preferences/subscriptions/
More information about the test-report
mailing list