[dpdk-test-report] |FAILURE| pw74035-74041 [PATCH] [1/7] common/mlx5: add mlx5 memory management functions
dpdklab at iol.unh.edu
dpdklab at iol.unh.edu
Wed Jul 15 21:16:03 CEST 2020
Test-Label: iol-testing
Test-Status: FAILURE
http://dpdk.org/patch/74035
_Testing issues_
Submitter: Suanming Mou <suanmingm at mellanox.com>
Date: Wednesday, July 15 2020 03:59:57
DPDK git baseline: Repo:dpdk
Branch: master
CommitID:466032ef8012a7fddd8dda986c5977e9341e3c35
74035-74041 --> testing fail
Test environment and result as below:
+---------------------+--------------------+------------------+-------------------+--------------+----------------+
| Environment | dpdk_meson_compile | dpdk_compile_ovs | dpdk_compile_spdk | dpdk_compile | dpdk_unit_test |
+=====================+====================+==================+===================+==============+================+
| Windows Server 2019 | PASS | SKIPPED | SKIPPED | SKIPPED | SKIPPED |
+---------------------+--------------------+------------------+-------------------+--------------+----------------+
| openSUSE Leap 15 | FAIL | FAIL | FAIL | FAIL | SKIPPED |
+---------------------+--------------------+------------------+-------------------+--------------+----------------+
| CentOS 8 | FAIL | FAIL | FAIL | FAIL | SKIPPED |
+---------------------+--------------------+------------------+-------------------+--------------+----------------+
| Arch Linux | PASS | PASS | SKIPPED | PASS | SKIPPED |
+---------------------+--------------------+------------------+-------------------+--------------+----------------+
| FreeBSD 11.2 | PASS | SKIPPED | PASS | PASS | SKIPPED |
+---------------------+--------------------+------------------+-------------------+--------------+----------------+
| Ubuntu 18.04 | PASS | PASS | PASS | PASS | PASS |
+---------------------+--------------------+------------------+-------------------+--------------+----------------+
| Fedora 31 | PASS | PASS | PASS | PASS | SKIPPED |
+---------------------+--------------------+------------------+-------------------+--------------+----------------+
Windows Server 2019
Kernel: 10.0
Compiler: clang 9.0
openSUSE Leap 15
Kernel: 4.12.14
Compiler: gcc 7.4.1
CentOS 8
Kernel: 4.18.0.el8_0
Compiler: gcc 8.3.1
Arch Linux
Kernel: latest
Compiler: gcc latest
FreeBSD 11.2
Kernel: 11.2
Compiler: gcc 8.3
Ubuntu 18.04
Kernel: 4.15.0-generic
Compiler: gcc 7.4
Fedora 31
Kernel: 5.3.16
Compiler: gcc 9.2.1
To view detailed results, visit:
https://lab.dpdk.org/results/dashboard/patchsets/12078/
UNH-IOL DPDK Community Lab
To manage your email subscriptions, visit:
https://lab.dpdk.org/results/dashboard/preferences/subscriptions/
More information about the test-report
mailing list