[dpdk-test-report] |WARNING| pw70925 [PATCH] node: add pkt classifier node
dpdklab at iol.unh.edu
dpdklab at iol.unh.edu
Sun Jun 7 20:30:14 CEST 2020
Test-Label: iol-testing
Test-Status: WARNING
http://dpdk.org/patch/70925
_Testing issues_
Submitter: Nithin Dabilpuram <ndabilpuram at marvell.com>
Date: Sunday, June 07 2020 16:40:42
DPDK git baseline: Repo:dpdk
Branch: master
CommitID:60814f955cfdebeb1d7bb3c8c5ae6c566b15f572
70925 --> testing fail
Test environment and result as below:
+---------------------+--------------------+-------------------+--------------+----------------+------------------+
| Environment | dpdk_meson_compile | dpdk_compile_spdk | dpdk_compile | dpdk_unit_test | dpdk_compile_ovs |
+=====================+====================+===================+==============+================+==================+
| Windows Server 2019 | PASS | SKIPPED | SKIPPED | SKIPPED | SKIPPED |
+---------------------+--------------------+-------------------+--------------+----------------+------------------+
| Ubuntu 18.04 | PASS | FAIL | PASS | PASS | PASS |
+---------------------+--------------------+-------------------+--------------+----------------+------------------+
| Fedora 31 | PASS | FAIL | PASS | SKIPPED | PASS |
+---------------------+--------------------+-------------------+--------------+----------------+------------------+
| CentOS 8 | PASS | FAIL | PASS | SKIPPED | PASS |
+---------------------+--------------------+-------------------+--------------+----------------+------------------+
| openSUSE Leap 15 | PASS | PASS | PASS | SKIPPED | PASS |
+---------------------+--------------------+-------------------+--------------+----------------+------------------+
| Arch Linux | PASS | SKIPPED | PASS | SKIPPED | PASS |
+---------------------+--------------------+-------------------+--------------+----------------+------------------+
| FreeBSD 11.2 | PASS | PASS | PASS | SKIPPED | SKIPPED |
+---------------------+--------------------+-------------------+--------------+----------------+------------------+
Windows Server 2019
Kernel: 10.0
Compiler: clang 9.0
Ubuntu 18.04
Kernel: 4.15.0-generic
Compiler: gcc 7.4
Fedora 31
Kernel: 5.3.16
Compiler: gcc 9.2.1
CentOS 8
Kernel: 4.18.0.el8_0
Compiler: gcc 8.3.1
openSUSE Leap 15
Kernel: 4.12.14
Compiler: gcc 7.4.1
Arch Linux
Kernel: latest
Compiler: gcc latest
FreeBSD 11.2
Kernel: 11.2
Compiler: gcc 8.3
To view detailed results, visit:
https://lab.dpdk.org/results/dashboard/patchsets/11386/
UNH-IOL DPDK Community Lab
To manage your email subscriptions, visit:
https://lab.dpdk.org/results/dashboard/preferences/subscriptions/
More information about the test-report
mailing list